{"id":48485,"date":"2026-09-06T10:49:56","date_gmt":"2026-09-06T10:49:56","guid":{"rendered":"https:\/\/contemporary-arts.de\/?post_type=galerie&#038;p=48485"},"modified":"2026-09-06T12:35:28","modified_gmt":"2026-09-06T12:35:28","slug":"galerie-artiz","status":"publish","type":"galerie","link":"https:\/\/contemporary-arts.de\/index.php\/galerie\/galerie-artiz\/","title":{"rendered":"Galerie Artiz"},"content":{"rendered":"<p>Gezeigt wird bei Galerie Artiz in Pr\u00eales \u00fcberwiegend Malerei und Zeichnung. Das Programm umfasst 5 Positionen. Zum Gesch\u00e4ft geh\u00f6rt auch der Handel mit Arbeiten aus zweiter Hand, was den Betrieb vom reinen Ausstellungsbetrieb unterscheidet.<\/p>\n","protected":false},"excerpt":{"rendered":"<p>Gezeigt wird bei Galerie Artiz in Pr\u00eales \u00fcberwiegend Malerei und Zeichnung. Das Programm umfasst 5 Positionen. Zum Gesch\u00e4ft geh\u00f6rt auch der Handel mit Arbeiten aus zweiter Hand, was den Betrieb vom reinen Ausstellungsbetrieb unterscheidet.<\/p>\n","protected":false},"author":1,"featured_media":0,"template":"","meta":{"_acf_changed":false,"galerie_place_id":"ChIJP-iUlrYbjkcR2_a_OprwX68","galerie_address":"Cr\u00eat de Fourmis 1","galerie_city":"Pr\u00eales","galerie_zip":"2515","galerie_country":"CH","galerie_latitude":"47.0992545","galerie_longitude":"7.1326775","galerie_phone":"","galerie_url":"https:\/\/galerie-artiz.ch\/","galerie_domain":"galerie-artiz.ch","galerie_rating_value":"5","galerie_rating_count":"2","galerie_galerist":"","galerie_gruendung":"","galerie_artists_url":"https:\/\/galerie-artiz.ch\/kuenstlerinnen\/","galerie_about_url":"","galerie_quelle_stadt":"Biel\/Bienne","galerie_werk_typ":"","galerie_online_shop":"","galerie_werk_signale":"","galerie_ranking_score":"0","galerie_ranking_rang":"879","galerie_claimed_by":""},"kuenstler":[1416,1417,1415,1413,1414],"galerie_stadt":[1386],"galerie_typ":[],"galerie_land":[671],"class_list":["post-48485","galerie","type-galerie","status-publish","hentry","kuenstler-alle-resultate-anzeigen","kuenstler-hier-ansehen","kuenstler-nachlass-tritten","kuenstler-ueber-uns","kuenstler-unsere-kleine-welt","galerie_stadt-preles","galerie_land-ch"],"acf":[],"_links":{"self":[{"href":"https:\/\/contemporary-arts.de\/index.php\/wp-json\/wp\/v2\/galerie\/48485","targetHints":{"allow":["GET"]}}],"collection":[{"href":"https:\/\/contemporary-arts.de\/index.php\/wp-json\/wp\/v2\/galerie"}],"about":[{"href":"https:\/\/contemporary-arts.de\/index.php\/wp-json\/wp\/v2\/types\/galerie"}],"author":[{"embeddable":true,"href":"https:\/\/contemporary-arts.de\/index.php\/wp-json\/wp\/v2\/users\/1"}],"wp:attachment":[{"href":"https:\/\/contemporary-arts.de\/index.php\/wp-json\/wp\/v2\/media?parent=48485"}],"wp:term":[{"taxonomy":"kuenstler","embeddable":true,"href":"https:\/\/contemporary-arts.de\/index.php\/wp-json\/wp\/v2\/kuenstler?post=48485"},{"taxonomy":"galerie_stadt","embeddable":true,"href":"https:\/\/contemporary-arts.de\/index.php\/wp-json\/wp\/v2\/galerie_stadt?post=48485"},{"taxonomy":"galerie_typ","embeddable":true,"href":"https:\/\/contemporary-arts.de\/index.php\/wp-json\/wp\/v2\/galerie_typ?post=48485"},{"taxonomy":"galerie_land","embeddable":true,"href":"https:\/\/contemporary-arts.de\/index.php\/wp-json\/wp\/v2\/galerie_land?post=48485"}],"curies":[{"name":"wp","href":"https:\/\/api.w.org\/{rel}","templated":true}]}}

<p>Gezeigt wird bei Galerie Artiz in Prêles überwiegend Malerei und Zeichnung. Das Programm umfasst 5 Positionen. Zum Geschäft gehört auch der Handel mit Arbeiten aus zweiter Hand, was den Betrieb vom reinen Ausstellungsbetrieb unterscheidet.</p>

Crêt de Fourmis 1

Prêles
