{"id":48475,"date":"2026-09-06T10:49:58","date_gmt":"2026-09-06T10:49:58","guid":{"rendered":"https:\/\/contemporary-arts.de\/?post_type=galerie&#038;p=48475"},"modified":"2026-09-06T12:34:52","modified_gmt":"2026-09-06T12:34:52","slug":"serene-gallery","status":"publish","type":"galerie","link":"https:\/\/contemporary-arts.de\/index.php\/galerie\/serene-gallery\/","title":{"rendered":"Serene Gallery"},"content":{"rendered":"<p>Serene Gallery ist eine Galerie in Lugano. Bestehend seit 2022, umfasst das Programm inzwischen 30 K\u00fcnstlerinnen und K\u00fcnstler. Der Blick geht dabei eher auf j\u00fcngere Positionen als auf etablierte Namen.<\/p>\n","protected":false},"excerpt":{"rendered":"<p>Serene Gallery ist eine Galerie in Lugano. Bestehend seit 2022, umfasst das Programm inzwischen 30 K\u00fcnstlerinnen und K\u00fcnstler. Der Blick geht dabei eher auf j\u00fcngere Positionen als auf etablierte Namen.<\/p>\n","protected":false},"author":1,"featured_media":0,"template":"","meta":{"_acf_changed":false,"galerie_place_id":"ChIJnc9b_WcthEcRLD605hEOoYo","galerie_address":"Viale Carlo Cattaneo 17","galerie_city":"Lugano","galerie_zip":"6900","galerie_country":"CH","galerie_latitude":"46.0058659","galerie_longitude":"8.9585611","galerie_phone":"+41919229797","galerie_url":"http:\/\/www.serenegallery.ch\/","galerie_domain":"www.serenegallery.ch","galerie_rating_value":"5","galerie_rating_count":"6","galerie_galerist":"","galerie_gruendung":"2022","galerie_artists_url":"http:\/\/www.serenegallery.ch\/artists\/","galerie_about_url":"http:\/\/www.serenegallery.ch\/about\/","galerie_quelle_stadt":"Lugano","galerie_werk_typ":"","galerie_online_shop":"","galerie_werk_signale":"","galerie_ranking_score":"0","galerie_ranking_rang":"918","galerie_claimed_by":""},"kuenstler":[1693,1687,1508,1692,1558,1704,1690,1694,1688,1683,1685,1703,1553,1702,1696,1697,1684,1557,1691,1700,1559,1698,1682,1699,1554,1506,1689,1686,1701,1695],"galerie_stadt":[1358],"galerie_typ":[],"galerie_land":[671],"class_list":["post-48475","galerie","type-galerie","status-publish","hentry","kuenstler-aleksandr-gordeev","kuenstler-alessio-boni","kuenstler-art-fairs","kuenstler-byron-gago","kuenstler-cookie-preferences","kuenstler-daniil-vasiliev","kuenstler-dmitriy-cockloft","kuenstler-filip-koludrovic","kuenstler-francois-bonjour","kuenstler-gayane-avetisyan","kuenstler-giovanni-leonardo-bassan","kuenstler-irene-tabanelli","kuenstler-manage-cookies","kuenstler-marco-scorti","kuenstler-martin-kovalenko","kuenstler-misha-nikatin","kuenstler-olya-avstreyh","kuenstler-reject-non-essential","kuenstler-ricardo-fumanal","kuenstler-sandro-pianetti","kuenstler-save-preferences","kuenstler-sebastien-notre","kuenstler-serene-gallery","kuenstler-simone-pellegrini","kuenstler-site-by-artlogic","kuenstler-skip-to-main-content","kuenstler-stefano-cagol","kuenstler-susanna-baumgartner","kuenstler-thilo-reich","kuenstler-victoria-kosheleva","galerie_stadt-lugano","galerie_land-ch"],"acf":[],"_links":{"self":[{"href":"https:\/\/contemporary-arts.de\/index.php\/wp-json\/wp\/v2\/galerie\/48475","targetHints":{"allow":["GET"]}}],"collection":[{"href":"https:\/\/contemporary-arts.de\/index.php\/wp-json\/wp\/v2\/galerie"}],"about":[{"href":"https:\/\/contemporary-arts.de\/index.php\/wp-json\/wp\/v2\/types\/galerie"}],"author":[{"embeddable":true,"href":"https:\/\/contemporary-arts.de\/index.php\/wp-json\/wp\/v2\/users\/1"}],"wp:attachment":[{"href":"https:\/\/contemporary-arts.de\/index.php\/wp-json\/wp\/v2\/media?parent=48475"}],"wp:term":[{"taxonomy":"kuenstler","embeddable":true,"href":"https:\/\/contemporary-arts.de\/index.php\/wp-json\/wp\/v2\/kuenstler?post=48475"},{"taxonomy":"galerie_stadt","embeddable":true,"href":"https:\/\/contemporary-arts.de\/index.php\/wp-json\/wp\/v2\/galerie_stadt?post=48475"},{"taxonomy":"galerie_typ","embeddable":true,"href":"https:\/\/contemporary-arts.de\/index.php\/wp-json\/wp\/v2\/galerie_typ?post=48475"},{"taxonomy":"galerie_land","embeddable":true,"href":"https:\/\/contemporary-arts.de\/index.php\/wp-json\/wp\/v2\/galerie_land?post=48475"}],"curies":[{"name":"wp","href":"https:\/\/api.w.org\/{rel}","templated":true}]}}

<p>Serene Gallery ist eine Galerie in Lugano. Bestehend seit 2022, umfasst das Programm inzwischen 30 Künstlerinnen und Künstler. Der Blick geht dabei eher auf jüngere Positionen als auf etablierte Namen.</p>
