{"id":48253,"date":"2026-09-06T10:50:03","date_gmt":"2026-09-06T10:50:03","guid":{"rendered":"https:\/\/contemporary-arts.de\/?post_type=galerie&#038;p=48253"},"modified":"2026-09-06T12:34:34","modified_gmt":"2026-09-06T12:34:34","slug":"loewengalerie-luzern","status":"publish","type":"galerie","link":"https:\/\/contemporary-arts.de\/index.php\/galerie\/loewengalerie-luzern\/","title":{"rendered":"L\u00f6wengalerie Luzern"},"content":{"rendered":"<p>Gezeigt wird bei L\u00f6wengalerie Luzern in Lucerne \u00fcberwiegend Malerei, Druckgrafik und Skulptur. Gezeigt werden Arbeiten von 47 K\u00fcnstlerinnen und K\u00fcnstlern.<\/p>\n","protected":false},"excerpt":{"rendered":"<p>Gezeigt wird bei L\u00f6wengalerie Luzern in Lucerne \u00fcberwiegend Malerei, Druckgrafik und Skulptur. Gezeigt werden Arbeiten von 47 K\u00fcnstlerinnen und K\u00fcnstlern.<\/p>\n","protected":false},"author":1,"featured_media":0,"template":"","meta":{"_acf_changed":false,"galerie_place_id":"ChIJYzSfr_H7j0cRN2eXSAIdmuM","galerie_address":"L\u00f6wenpl. 6","galerie_city":"Lucerne","galerie_zip":"6004","galerie_country":"CH","galerie_latitude":"47.0574883","galerie_longitude":"8.3115388","galerie_phone":"+41787973765","galerie_url":"https:\/\/loewengalerie.ch\/","galerie_domain":"loewengalerie.ch","galerie_rating_value":"4.9","galerie_rating_count":"11","galerie_galerist":"","galerie_gruendung":"","galerie_artists_url":"https:\/\/loewengalerie.ch\/kuenstler.php","galerie_about_url":"","galerie_quelle_stadt":"Luzern","galerie_werk_typ":"","galerie_online_shop":"","galerie_werk_signale":"","galerie_ranking_score":"0","galerie_ranking_rang":"1092","galerie_claimed_by":""},"kuenstler":[2141,2142,2143,2144,2145,2146,2147,2148,2149,2150,2151,2152,2153,2154,2155,2156,2157,2140,2158,2159,2160,2161,2162,2163,2164,2165,2166,2167,2168,2169,2170,2171,2172,2173,2174,2175,2176,2177,2178,2179,1413,2180,2181,2182,2183,2184,2185],"galerie_stadt":[1325],"galerie_typ":[],"galerie_land":[671],"class_list":["post-48253","galerie","type-galerie","status-publish","hentry","kuenstler-abel-massot","kuenstler-achim-schroeteler","kuenstler-alfredo-mendoza-bullain","kuenstler-anabel-herrera-cuesta","kuenstler-arian-irsula","kuenstler-ariel-broche","kuenstler-arnaud-bauville","kuenstler-crispin-sarra","kuenstler-daniela-filippelli","kuenstler-daniela-theiler","kuenstler-humberto-ocana","kuenstler-irina-cepero","kuenstler-jorly-gonzalez","kuenstler-jose-angel-nazabal","kuenstler-jose-luis-diaz-ramirez","kuenstler-kadir-lopez","kuenstler-kiki-borell","kuenstler-kuenstler-uebersicht","kuenstler-laurina-faessler","kuenstler-leandro-manuel-fernandez-cuevas","kuenstler-lianet-martinez-pino","kuenstler-lilian-loos","kuenstler-line-rime","kuenstler-maczel-lang","kuenstler-marina-lutz","kuenstler-matthias-fattinger","kuenstler-mor-talla-thiam","kuenstler-nicolai-kern","kuenstler-niels-reyes","kuenstler-oliver-wueest","kuenstler-pascale-ettlin","kuenstler-pedro-gonzalez-pulido","kuenstler-philippe-maag","kuenstler-raylven-friman","kuenstler-reno-hedinger","kuenstler-reynier-borell","kuenstler-roberto-noguel","kuenstler-rodrick-dixon","kuenstler-romuald-etter","kuenstler-simon-escobar","kuenstler-ueber-uns","kuenstler-wilfredo-gonzalez","kuenstler-yendi-tomas-estrada","kuenstler-yoanis-rigo","kuenstler-yulion-cesar-lasalle-rodriguez","kuenstler-yuniel-delgado","kuenstler-zaida-del-rio","galerie_stadt-lucerne","galerie_land-ch"],"acf":[],"_links":{"self":[{"href":"https:\/\/contemporary-arts.de\/index.php\/wp-json\/wp\/v2\/galerie\/48253","targetHints":{"allow":["GET"]}}],"collection":[{"href":"https:\/\/contemporary-arts.de\/index.php\/wp-json\/wp\/v2\/galerie"}],"about":[{"href":"https:\/\/contemporary-arts.de\/index.php\/wp-json\/wp\/v2\/types\/galerie"}],"author":[{"embeddable":true,"href":"https:\/\/contemporary-arts.de\/index.php\/wp-json\/wp\/v2\/users\/1"}],"wp:attachment":[{"href":"https:\/\/contemporary-arts.de\/index.php\/wp-json\/wp\/v2\/media?parent=48253"}],"wp:term":[{"taxonomy":"kuenstler","embeddable":true,"href":"https:\/\/contemporary-arts.de\/index.php\/wp-json\/wp\/v2\/kuenstler?post=48253"},{"taxonomy":"galerie_stadt","embeddable":true,"href":"https:\/\/contemporary-arts.de\/index.php\/wp-json\/wp\/v2\/galerie_stadt?post=48253"},{"taxonomy":"galerie_typ","embeddable":true,"href":"https:\/\/contemporary-arts.de\/index.php\/wp-json\/wp\/v2\/galerie_typ?post=48253"},{"taxonomy":"galerie_land","embeddable":true,"href":"https:\/\/contemporary-arts.de\/index.php\/wp-json\/wp\/v2\/galerie_land?post=48253"}],"curies":[{"name":"wp","href":"https:\/\/api.w.org\/{rel}","templated":true}]}}

Löwengalerie Luzern

<p>Gezeigt wird bei Löwengalerie Luzern in Lucerne überwiegend Malerei, Druckgrafik und Skulptur. Gezeigt werden Arbeiten von 47 Künstlerinnen und Künstlern.</p>

Löwenpl. 6
