{"id":48203,"date":"2026-09-06T10:50:05","date_gmt":"2026-09-06T10:50:05","guid":{"rendered":"https:\/\/contemporary-arts.de\/?post_type=galerie&#038;p=48203"},"modified":"2026-09-06T12:35:28","modified_gmt":"2026-09-06T12:35:28","slug":"galerie-im-alten-gemeindehaus-kleinandelfingen","status":"publish","type":"galerie","link":"https:\/\/contemporary-arts.de\/index.php\/galerie\/galerie-im-alten-gemeindehaus-kleinandelfingen\/","title":{"rendered":"Galerie im alten Gemeindehaus Kleinandelfingen"},"content":{"rendered":"<p>In Kleinandelfingen zeigt Galerie im alten Gemeindehaus Kleinandelfingen \u00fcberwiegend Malerei und Skulptur. Zum Programm geh\u00f6ren 7 K\u00fcnstlerinnen und K\u00fcnstler.<\/p>\n","protected":false},"excerpt":{"rendered":"<p>In Kleinandelfingen zeigt Galerie im alten Gemeindehaus Kleinandelfingen \u00fcberwiegend Malerei und Skulptur. Zum Programm geh\u00f6ren 7 K\u00fcnstlerinnen und K\u00fcnstler.<\/p>\n","protected":false},"author":1,"featured_media":0,"template":"","meta":{"_acf_changed":false,"galerie_place_id":"ChIJVVXlcDaDmkcRM5xj5e8-nAo","galerie_address":"Schaffhauserstrasse 11","galerie_city":"Kleinandelfingen","galerie_zip":"8451","galerie_country":"CH","galerie_latitude":"47.5985537","galerie_longitude":"8.6821155","galerie_phone":"+41523171846","galerie_url":"https:\/\/weinlandgalerie.ch\/","galerie_domain":"weinlandgalerie.ch","galerie_rating_value":"5","galerie_rating_count":"2","galerie_galerist":"","galerie_gruendung":"","galerie_artists_url":"https:\/\/weinlandgalerie.ch\/kuenstler\/","galerie_about_url":"","galerie_quelle_stadt":"Winterthur","galerie_werk_typ":"","galerie_online_shop":"","galerie_werk_signale":"","galerie_ranking_score":"0","galerie_ranking_rang":"1174","galerie_claimed_by":""},"kuenstler":[2271,2275,2269,2270,2273,2272,2274],"galerie_stadt":[1322],"galerie_typ":[],"galerie_land":[671],"class_list":["post-48203","galerie","type-galerie","status-publish","hentry","kuenstler-fuer-kuenstler","kuenstler-grundriss-der-galerie","kuenstler-link-zu-facebook","kuenstler-link-zu-instagram","kuenstler-menue-menue","kuenstler-ohlala-ihr-event","kuenstler-pdf-fuer-den-onlineversand","galerie_stadt-kleinandelfingen","galerie_land-ch"],"acf":[],"_links":{"self":[{"href":"https:\/\/contemporary-arts.de\/index.php\/wp-json\/wp\/v2\/galerie\/48203","targetHints":{"allow":["GET"]}}],"collection":[{"href":"https:\/\/contemporary-arts.de\/index.php\/wp-json\/wp\/v2\/galerie"}],"about":[{"href":"https:\/\/contemporary-arts.de\/index.php\/wp-json\/wp\/v2\/types\/galerie"}],"author":[{"embeddable":true,"href":"https:\/\/contemporary-arts.de\/index.php\/wp-json\/wp\/v2\/users\/1"}],"wp:attachment":[{"href":"https:\/\/contemporary-arts.de\/index.php\/wp-json\/wp\/v2\/media?parent=48203"}],"wp:term":[{"taxonomy":"kuenstler","embeddable":true,"href":"https:\/\/contemporary-arts.de\/index.php\/wp-json\/wp\/v2\/kuenstler?post=48203"},{"taxonomy":"galerie_stadt","embeddable":true,"href":"https:\/\/contemporary-arts.de\/index.php\/wp-json\/wp\/v2\/galerie_stadt?post=48203"},{"taxonomy":"galerie_typ","embeddable":true,"href":"https:\/\/contemporary-arts.de\/index.php\/wp-json\/wp\/v2\/galerie_typ?post=48203"},{"taxonomy":"galerie_land","embeddable":true,"href":"https:\/\/contemporary-arts.de\/index.php\/wp-json\/wp\/v2\/galerie_land?post=48203"}],"curies":[{"name":"wp","href":"https:\/\/api.w.org\/{rel}","templated":true}]}}

<p>In Kleinandelfingen zeigt Galerie im alten Gemeindehaus Kleinandelfingen überwiegend Malerei und Skulptur. Zum Programm gehören 7 Künstlerinnen und Künstler.</p>
