{"id":48105,"date":"2026-09-06T10:50:07","date_gmt":"2026-09-06T10:50:07","guid":{"rendered":"https:\/\/contemporary-arts.de\/?post_type=galerie&#038;p=48105"},"modified":"2026-09-06T12:34:48","modified_gmt":"2026-09-06T12:34:48","slug":"galerie-glaab","status":"publish","type":"galerie","link":"https:\/\/contemporary-arts.de\/index.php\/galerie\/galerie-glaab\/","title":{"rendered":"Galerie Glaab"},"content":{"rendered":"<p>Galerie Glaab ist eine Galerie in Bern. Zum Programm geh\u00f6ren 37 K\u00fcnstlerinnen und K\u00fcnstler.<\/p>\n","protected":false},"excerpt":{"rendered":"<p>Galerie Glaab ist eine Galerie in Bern. Zum Programm geh\u00f6ren 37 K\u00fcnstlerinnen und K\u00fcnstler.<\/p>\n","protected":false},"author":1,"featured_media":0,"template":"","meta":{"_acf_changed":false,"galerie_place_id":"ChIJGfuPMs05jkcRpfXO9fxrQPU","galerie_address":"Waisenhauspl. 30","galerie_city":"Bern","galerie_zip":"3011","galerie_country":"CH","galerie_latitude":"46.9499906","galerie_longitude":"7.4438729","galerie_phone":"+41795020153","galerie_url":"https:\/\/www.galerieglaab.com\/","galerie_domain":"www.galerieglaab.com","galerie_rating_value":"4.4","galerie_rating_count":"7","galerie_galerist":"","galerie_gruendung":"","galerie_artists_url":"https:\/\/www.galerieglaab.com\/artists","galerie_about_url":"https:\/\/www.galerieglaab.com\/exhibitions\/female-artists-since-1700","galerie_quelle_stadt":"Bern","galerie_werk_typ":"","galerie_online_shop":"","galerie_werk_signale":"","galerie_ranking_score":"0","galerie_ranking_rang":"1243","galerie_claimed_by":""},"kuenstler":[2426,2414,2403,2415,2406,2410,2431,2400,2413,2433,2405,2430,2402,2411,2419,2401,2407,2421,2425,2422,2065,2428,2412,2420,1425,2427,2429,2408,2424,2404,2417,2409,2423,2418,2432,2416,2060],"galerie_stadt":[1284],"galerie_typ":[],"galerie_land":[671],"class_list":["post-48105","galerie","type-galerie","status-publish","hentry","kuenstler-anna-peters","kuenstler-anne-imhof","kuenstler-arvida-bystroem","kuenstler-ayako-kita","kuenstler-barbara-regina-dietzsch","kuenstler-berta-fischer","kuenstler-bertha-zuericher","kuenstler-galerie-glaab","kuenstler-guerrilla-girls","kuenstler-hulda-zwingli","kuenstler-imogen-cunningham","kuenstler-lill-tschudi","kuenstler-louise-bourgeois","kuenstler-marguerite-frey-surbek","kuenstler-maria-sibylla-merian","kuenstler-marina-abramovic","kuenstler-marlene-dumas","kuenstler-maya-minder","kuenstler-meret-oppenheim","kuenstler-milo-moire","kuenstler-miriam-cahn","kuenstler-nadya-tolokonnikova","kuenstler-nan-goldin","kuenstler-naomi-middelmann","kuenstler-niki-de-saint-phalle","kuenstler-pipilotti-rist","kuenstler-rosemarie-trockel","kuenstler-saeko-ehara","kuenstler-sarah-morris","kuenstler-sophie-calle","kuenstler-tamara-de-lempicka","kuenstler-tracey-emin","kuenstler-vera-molnar","kuenstler-verena-loewensberg","kuenstler-xiao-hui-wang","kuenstler-yayoi-kusama","kuenstler-zum-inhalt-springen","galerie_stadt-bern","galerie_land-ch"],"acf":[],"_links":{"self":[{"href":"https:\/\/contemporary-arts.de\/index.php\/wp-json\/wp\/v2\/galerie\/48105","targetHints":{"allow":["GET"]}}],"collection":[{"href":"https:\/\/contemporary-arts.de\/index.php\/wp-json\/wp\/v2\/galerie"}],"about":[{"href":"https:\/\/contemporary-arts.de\/index.php\/wp-json\/wp\/v2\/types\/galerie"}],"author":[{"embeddable":true,"href":"https:\/\/contemporary-arts.de\/index.php\/wp-json\/wp\/v2\/users\/1"}],"wp:attachment":[{"href":"https:\/\/contemporary-arts.de\/index.php\/wp-json\/wp\/v2\/media?parent=48105"}],"wp:term":[{"taxonomy":"kuenstler","embeddable":true,"href":"https:\/\/contemporary-arts.de\/index.php\/wp-json\/wp\/v2\/kuenstler?post=48105"},{"taxonomy":"galerie_stadt","embeddable":true,"href":"https:\/\/contemporary-arts.de\/index.php\/wp-json\/wp\/v2\/galerie_stadt?post=48105"},{"taxonomy":"galerie_typ","embeddable":true,"href":"https:\/\/contemporary-arts.de\/index.php\/wp-json\/wp\/v2\/galerie_typ?post=48105"},{"taxonomy":"galerie_land","embeddable":true,"href":"https:\/\/contemporary-arts.de\/index.php\/wp-json\/wp\/v2\/galerie_land?post=48105"}],"curies":[{"name":"wp","href":"https:\/\/api.w.org\/{rel}","templated":true}]}}

<p>Galerie Glaab ist eine Galerie in Bern. Zum Programm gehören 37 Künstlerinnen und Künstler.</p>
