{"id":47891,"date":"2026-09-06T10:50:20","date_gmt":"2026-09-06T10:50:20","guid":{"rendered":"https:\/\/contemporary-arts.de\/?post_type=galerie&#038;p=47891"},"modified":"2026-09-06T12:34:39","modified_gmt":"2026-09-06T12:34:39","slug":"rart-galerie","status":"publish","type":"galerie","link":"https:\/\/contemporary-arts.de\/index.php\/galerie\/rart-galerie\/","title":{"rendered":"RART Galerie"},"content":{"rendered":"<p>In \u00c9vian-les-Bains zeigt RART Galerie \u00fcberwiegend Fotografie. Vertreten werden 81 K\u00fcnstlerinnen und K\u00fcnstler.<\/p>\n","protected":false},"excerpt":{"rendered":"<p>In \u00c9vian-les-Bains zeigt RART Galerie \u00fcberwiegend Fotografie. Vertreten werden 81 K\u00fcnstlerinnen und K\u00fcnstler.<\/p>\n","protected":false},"author":1,"featured_media":0,"template":"","meta":{"_acf_changed":false,"galerie_place_id":"ChIJY9eV3z89jEcR8Znuk5y7PI8","galerie_address":"51 Av. Anna de Noailles","galerie_city":"\u00c9vian-les-Bains","galerie_zip":"74500","galerie_country":"FR","galerie_latitude":"46.3977474","galerie_longitude":"6.571159","galerie_phone":"+33450802584","galerie_url":"https:\/\/www.rart-galerie.com\/","galerie_domain":"www.rart-galerie.com","galerie_rating_value":"5","galerie_rating_count":"9","galerie_galerist":"","galerie_gruendung":"","galerie_artists_url":"https:\/\/www.rart-galerie.com\/pages\/artistes","galerie_about_url":"https:\/\/www.rart-galerie.com\/pages\/la-galerie","galerie_quelle_stadt":"Lausanne","galerie_werk_typ":"","galerie_online_shop":"","galerie_werk_signale":"","galerie_ranking_score":"0","galerie_ranking_rang":"1483","galerie_claimed_by":""},"kuenstler":[3260,3261,3262,3234,3263,3264,3265,3228,3266,3298,3256,3259,3267,3268,3269,3270,3302,3271,3273,3272,3274,3258,3240,3233,3275,3276,3277,3230,1769,3231,3278,3253,3297,3280,3281,3232,3279,3223,3282,3283,3238,3237,3236,3226,3229,3284,3285,2746,3301,3250,3255,3299,3242,3245,3247,3248,3246,3241,3243,3244,3249,3286,3287,2732,3235,3288,3257,3254,3227,3289,3290,3252,3291,3292,3239,3251,3300,3293,3294,3295,3296],"galerie_stadt":[1253],"galerie_typ":[],"galerie_land":[520],"class_list":["post-47891","galerie","type-galerie","status-publish","hentry","kuenstler-aleksandar-bezinovic","kuenstler-amelie-patry","kuenstler-bea-aiguabella","kuenstler-bienvenue-chez-karine","kuenstler-camille-tan","kuenstler-caroline-beauzon","kuenstler-caroline-cutaia","kuenstler-carte-cadeau","kuenstler-cengiz-hartmann","kuenstler-conditions-generales-de-ventes","kuenstler-connexion-emotionnelle","kuenstler-creer-un-compte","kuenstler-elisa-uberti","kuenstler-eloi-schultz","kuenstler-eska-marsh","kuenstler-flora-castiglia","kuenstler-frais-de-port","kuenstler-glenn-dane","kuenstler-gregory-morizeau","kuenstler-guylene-galantine","kuenstler-helen-booth","kuenstler-heureux-les-curieux","kuenstler-ils-parlent-de-nous","kuenstler-jamie-en-cuisine","kuenstler-jamie-gaunt","kuenstler-jorge-suarez-kilzi","kuenstler-julia-morganho","kuenstler-lart-chez-vous","kuenstler-la-galerie","kuenstler-laurence-au-chalet","kuenstler-laurence-briat","kuenstler-les-pepites-de-noel","kuenstler-livraison-et-retour","kuenstler-margaux-leycuras","kuenstler-maria-fiter","kuenstler-mathilde-dans-les-alpes","kuenstler-mathilde-labrouche","kuenstler-mentions-legales","kuenstler-nani-champy-schott","kuenstler-nathan-isaac","kuenstler-nos-services","kuenstler-notre-histoire","kuenstler-nous-en-quelques-mots","kuenstler-objet-darts","kuenstler-offrir-une-carte-cadeau","kuenstler-pascale-mestre","kuenstler-pascale-risbourg","kuenstler-politique-de-confidentialite","kuenstler-poursuivre-vos-achats","kuenstler-premier-vernissage","kuenstler-raconte-moi-une-histoire","kuenstler-rart-galerie","kuenstler-rencontre-avec-charlotte-culot","kuenstler-rencontre-avec-flora-castiglia","kuenstler-rencontre-avec-julia-morganho","kuenstler-rencontre-avec-margaux-leycuras","kuenstler-rencontre-avec-mathilde-labrouche","kuenstler-rencontre-avec-pascale-risbourg","kuenstler-rencontre-avec-umami","kuenstler-rencontre-avec-veronique-villaret","kuenstler-rencontre-avec-zuzana-hlivarova","kuenstler-romie-objetti","kuenstler-samantha-kerdine","kuenstler-se-connecter","kuenstler-slow-life","kuenstler-tabby-booth","kuenstler-terre-mere","kuenstler-totems-et-verticalite","kuenstler-toutes-les-oeuvres","kuenstler-veronique-villaret","kuenstler-vesna-vrdoljak","kuenstler-vibrations-chromatiques","kuenstler-victor-gianotta","kuenstler-virginie-hucher","kuenstler-voir-tous-les-articles","kuenstler-voir-toutes-les-actualites","kuenstler-votre-panier","kuenstler-willem-van-hooff","kuenstler-yasmin-bawa","kuenstler-yuko-nishikawa","kuenstler-zuzana-hlivarova","galerie_stadt-evian-les-bains","galerie_land-fr"],"acf":[],"_links":{"self":[{"href":"https:\/\/contemporary-arts.de\/index.php\/wp-json\/wp\/v2\/galerie\/47891","targetHints":{"allow":["GET"]}}],"collection":[{"href":"https:\/\/contemporary-arts.de\/index.php\/wp-json\/wp\/v2\/galerie"}],"about":[{"href":"https:\/\/contemporary-arts.de\/index.php\/wp-json\/wp\/v2\/types\/galerie"}],"author":[{"embeddable":true,"href":"https:\/\/contemporary-arts.de\/index.php\/wp-json\/wp\/v2\/users\/1"}],"wp:attachment":[{"href":"https:\/\/contemporary-arts.de\/index.php\/wp-json\/wp\/v2\/media?parent=47891"}],"wp:term":[{"taxonomy":"kuenstler","embeddable":true,"href":"https:\/\/contemporary-arts.de\/index.php\/wp-json\/wp\/v2\/kuenstler?post=47891"},{"taxonomy":"galerie_stadt","embeddable":true,"href":"https:\/\/contemporary-arts.de\/index.php\/wp-json\/wp\/v2\/galerie_stadt?post=47891"},{"taxonomy":"galerie_typ","embeddable":true,"href":"https:\/\/contemporary-arts.de\/index.php\/wp-json\/wp\/v2\/galerie_typ?post=47891"},{"taxonomy":"galerie_land","embeddable":true,"href":"https:\/\/contemporary-arts.de\/index.php\/wp-json\/wp\/v2\/galerie_land?post=47891"}],"curies":[{"name":"wp","href":"https:\/\/api.w.org\/{rel}","templated":true}]}}

<p>In Évian-les-Bains zeigt RART Galerie überwiegend Fotografie. Vertreten werden 81 Künstlerinnen und Künstler.</p>

Évian-les-Bains
