{"id":47810,"date":"2026-09-06T10:50:22","date_gmt":"2026-09-06T10:50:22","guid":{"rendered":"https:\/\/contemporary-arts.de\/?post_type=galerie&#038;p=47810"},"modified":"2026-09-06T12:34:48","modified_gmt":"2026-09-06T12:34:48","slug":"la-galerie-38-geneve","status":"publish","type":"galerie","link":"https:\/\/contemporary-arts.de\/index.php\/galerie\/la-galerie-38-geneve\/","title":{"rendered":"La Galerie 38 Gen\u00e8ve"},"content":{"rendered":"<p>La Galerie 38 Gen\u00e8ve ist eine Galerie in Geneva. Vertreten werden 35 K\u00fcnstlerinnen und K\u00fcnstler.<\/p>\n","protected":false},"excerpt":{"rendered":"<p>La Galerie 38 Gen\u00e8ve ist eine Galerie in Geneva. Vertreten werden 35 K\u00fcnstlerinnen und K\u00fcnstler.<\/p>\n","protected":false},"author":1,"featured_media":0,"template":"","meta":{"_acf_changed":false,"galerie_place_id":"ChIJz4T5ZsBljEcRrQbvRfqSiXI","galerie_address":"Rue des Bains 24","galerie_city":"Geneva","galerie_zip":"1205","galerie_country":"CH","galerie_latitude":"46.1984548","galerie_longitude":"6.1371483","galerie_phone":"","galerie_url":"https:\/\/www.lagalerie38.com\/","galerie_domain":"www.lagalerie38.com","galerie_rating_value":"4.4","galerie_rating_count":"7","galerie_galerist":"","galerie_gruendung":"","galerie_artists_url":"https:\/\/www.lagalerie38.com\/artistes\/","galerie_about_url":"","galerie_quelle_stadt":"Genf","galerie_werk_typ":"","galerie_online_shop":"","galerie_werk_signale":"","galerie_ranking_score":"0","galerie_ranking_rang":"1571","galerie_claimed_by":""},"kuenstler":[1523,3398,3399,2928,3400,3401,3402,3403,3404,3405,3406,3407,3408,3409,3410,3411,3412,3413,3414,3415,3416,3417,3418,3419,3420,3421,3422,3423,3424,3425,3426,3427,3428,3429,3430],"galerie_stadt":[1181],"galerie_typ":[],"galerie_land":[671],"class_list":["post-47810","galerie","type-galerie","status-publish","hentry","kuenstler-abdoulaye-konate","kuenstler-adjaratou-ouedraogo","kuenstler-aliou-diack","kuenstler-aller-en-haut","kuenstler-amparo-sard","kuenstler-barthelemy-toguo","kuenstler-carlos-salas","kuenstler-dominique-zinkpe","kuenstler-eli-jimenez-le-parc","kuenstler-fathiya-tahiri","kuenstler-fouad-maazouz","kuenstler-gerhard-hotter","kuenstler-ghizlane-agzenai","kuenstler-guido-baldessari","kuenstler-horacio-garcia-rossi","kuenstler-hugo-demarco","kuenstler-ines-noor-chaqroun","kuenstler-jems-koko-bi","kuenstler-joel-stein","kuenstler-kendell-geers","kuenstler-max-boufathal","kuenstler-maxime-lutun","kuenstler-meriam-benkirane","kuenstler-mohamed-hamidi","kuenstler-mohamed-lekleti","kuenstler-mohamed-thara","kuenstler-mustapha-hafid","kuenstler-philippe-dodard","kuenstler-sadikou-oukpedjo","kuenstler-siriki-ky","kuenstler-soly-cisse","kuenstler-vincenzo-marsiglia","kuenstler-yacout-hamdouch","kuenstler-younes-khourassani","kuenstler-youssef-douieb","galerie_stadt-geneva","galerie_land-ch"],"acf":[],"_links":{"self":[{"href":"https:\/\/contemporary-arts.de\/index.php\/wp-json\/wp\/v2\/galerie\/47810","targetHints":{"allow":["GET"]}}],"collection":[{"href":"https:\/\/contemporary-arts.de\/index.php\/wp-json\/wp\/v2\/galerie"}],"about":[{"href":"https:\/\/contemporary-arts.de\/index.php\/wp-json\/wp\/v2\/types\/galerie"}],"author":[{"embeddable":true,"href":"https:\/\/contemporary-arts.de\/index.php\/wp-json\/wp\/v2\/users\/1"}],"wp:attachment":[{"href":"https:\/\/contemporary-arts.de\/index.php\/wp-json\/wp\/v2\/media?parent=47810"}],"wp:term":[{"taxonomy":"kuenstler","embeddable":true,"href":"https:\/\/contemporary-arts.de\/index.php\/wp-json\/wp\/v2\/kuenstler?post=47810"},{"taxonomy":"galerie_stadt","embeddable":true,"href":"https:\/\/contemporary-arts.de\/index.php\/wp-json\/wp\/v2\/galerie_stadt?post=47810"},{"taxonomy":"galerie_typ","embeddable":true,"href":"https:\/\/contemporary-arts.de\/index.php\/wp-json\/wp\/v2\/galerie_typ?post=47810"},{"taxonomy":"galerie_land","embeddable":true,"href":"https:\/\/contemporary-arts.de\/index.php\/wp-json\/wp\/v2\/galerie_land?post=47810"}],"curies":[{"name":"wp","href":"https:\/\/api.w.org\/{rel}","templated":true}]}}

La Galerie 38 Genève

<p>La Galerie 38 Genève ist eine Galerie in Geneva. Vertreten werden 35 Künstlerinnen und Künstler.</p>
