{"id":47738,"date":"2026-09-06T10:50:23","date_gmt":"2026-09-06T10:50:23","guid":{"rendered":"https:\/\/contemporary-arts.de\/?post_type=galerie&#038;p=47738"},"modified":"2026-09-06T12:34:44","modified_gmt":"2026-09-06T12:34:44","slug":"galerie-xippas","status":"publish","type":"galerie","link":"https:\/\/contemporary-arts.de\/index.php\/galerie\/galerie-xippas\/","title":{"rendered":"Galerie Xippas"},"content":{"rendered":"<p>In Geneva findet sich mit Galerie Xippas eine Galerie. Zum Programm geh\u00f6ren 66 K\u00fcnstlerinnen und K\u00fcnstler.<\/p>\n","protected":false},"excerpt":{"rendered":"<p>In Geneva findet sich mit Galerie Xippas eine Galerie. Zum Programm geh\u00f6ren 66 K\u00fcnstlerinnen und K\u00fcnstler.<\/p>\n","protected":false},"author":1,"featured_media":0,"template":"","meta":{"_acf_changed":false,"galerie_place_id":"ChIJPTrvUtRkjEcRC7wq5qUF5kQ","galerie_address":"Rue des Sablons 6","galerie_city":"Geneva","galerie_zip":"1205","galerie_country":"CH","galerie_latitude":"46.2009507","galerie_longitude":"6.1371423","galerie_phone":"+41223219414","galerie_url":"http:\/\/www.xippas.com\/","galerie_domain":"www.xippas.com","galerie_rating_value":"4.6","galerie_rating_count":"7","galerie_galerist":"","galerie_gruendung":"","galerie_artists_url":"https:\/\/www.xippas.com\/artists\/","galerie_about_url":"","galerie_quelle_stadt":"Genf","galerie_werk_typ":"","galerie_online_shop":"","galerie_werk_signale":"","galerie_ranking_score":"0","galerie_ranking_rang":"1636","galerie_claimed_by":""},"kuenstler":[3756,3747,3751,3795,3754,3728,3777,3774,3758,3804,3752,3801,3789,3757,3803,3769,3753,3786,3778,3781,3799,3768,3802,3775,3759,3765,3794,3770,3771,3797,3788,3760,3772,3764,3790,3798,3779,3793,3800,3783,3699,3792,1767,3806,3791,3784,3773,3780,3763,3746,3767,3776,3766,3785,3782,3787,1645,3761,3807,3749,3748,3750,3762,3796,3755,3805],"galerie_stadt":[1181],"galerie_typ":[],"galerie_land":[671],"class_list":["post-47738","galerie","type-galerie","status-publish","hentry","kuenstler-alain-biltereyst","kuenstler-all-locations","kuenstler-artists-john-phillip-abbott","kuenstler-benjamin-sabatier","kuenstler-bertille-bak","kuenstler-blair-thurman","kuenstler-cao-guimaraes","kuenstler-carolina-fontana","kuenstler-celeste-boursier-mougenot","kuenstler-dani-umpi","kuenstler-darren-almond","kuenstler-david-brian-smith","kuenstler-dean-monogenis","kuenstler-dominique-blais","kuenstler-eduardo-stupia","kuenstler-emilie-ding","kuenstler-farah-atassi","kuenstler-fernando-lopez-lage","kuenstler-herbert-hamak","kuenstler-ignacio-iturria","kuenstler-james-siena","kuenstler-jeremy-dickinson","kuenstler-joel-sternfeld","kuenstler-jose-gamarra","kuenstler-jose-manuel-broto","kuenstler-karishma-dsouza","kuenstler-kevin-rouillard","kuenstler-leandro-erlich","kuenstler-lionel-esteve","kuenstler-lucas-samaras","kuenstler-marco-maggi","kuenstler-marie-jose-burki","kuenstler-marina-faust","kuenstler-mathieu-cherkit","kuenstler-matthew-porter","kuenstler-michael-scott","kuenstler-olaf-holzapfel","kuenstler-pablo-reinoso","kuenstler-pablo-siquier","kuenstler-panos-kokkinias","kuenstler-peter-halley","kuenstler-philippe-ramette","kuenstler-privacy-policy","kuenstler-punta-del-este","kuenstler-raha-raissnia","kuenstler-ricardo-lanzarini","kuenstler-rita-fischer","kuenstler-robert-irwin","kuenstler-saint-clair-cemin","kuenstler-show-filters","kuenstler-sigismond-de-vajay","kuenstler-stephan-goldrajch","kuenstler-stephane-dafflon","kuenstler-thomas-liu-le-lann","kuenstler-valerie-jouve","kuenstler-vera-lutter","kuenstler-vik-muniz","kuenstler-waltercio-caldas","kuenstler-website-by-virgile-janssen","kuenstler-xippas-geneva","kuenstler-xippas-paris","kuenstler-xippas-punta-del-este","kuenstler-yamandu-canosa","kuenstler-yvan-salomone","kuenstler-yves-belorgey","kuenstler-yves-zurstrassen","galerie_stadt-geneva","galerie_land-ch"],"acf":[],"_links":{"self":[{"href":"https:\/\/contemporary-arts.de\/index.php\/wp-json\/wp\/v2\/galerie\/47738","targetHints":{"allow":["GET"]}}],"collection":[{"href":"https:\/\/contemporary-arts.de\/index.php\/wp-json\/wp\/v2\/galerie"}],"about":[{"href":"https:\/\/contemporary-arts.de\/index.php\/wp-json\/wp\/v2\/types\/galerie"}],"author":[{"embeddable":true,"href":"https:\/\/contemporary-arts.de\/index.php\/wp-json\/wp\/v2\/users\/1"}],"wp:attachment":[{"href":"https:\/\/contemporary-arts.de\/index.php\/wp-json\/wp\/v2\/media?parent=47738"}],"wp:term":[{"taxonomy":"kuenstler","embeddable":true,"href":"https:\/\/contemporary-arts.de\/index.php\/wp-json\/wp\/v2\/kuenstler?post=47738"},{"taxonomy":"galerie_stadt","embeddable":true,"href":"https:\/\/contemporary-arts.de\/index.php\/wp-json\/wp\/v2\/galerie_stadt?post=47738"},{"taxonomy":"galerie_typ","embeddable":true,"href":"https:\/\/contemporary-arts.de\/index.php\/wp-json\/wp\/v2\/galerie_typ?post=47738"},{"taxonomy":"galerie_land","embeddable":true,"href":"https:\/\/contemporary-arts.de\/index.php\/wp-json\/wp\/v2\/galerie_land?post=47738"}],"curies":[{"name":"wp","href":"https:\/\/api.w.org\/{rel}","templated":true}]}}

<p>In Geneva findet sich mit Galerie Xippas eine Galerie. Zum Programm gehören 66 Künstlerinnen und Künstler.</p>
