{"id":47657,"date":"2026-09-06T10:50:26","date_gmt":"2026-09-06T10:50:26","guid":{"rendered":"https:\/\/contemporary-arts.de\/?post_type=galerie&#038;p=47657"},"modified":"2026-09-06T12:34:39","modified_gmt":"2026-09-06T12:34:39","slug":"jagal-maison-dart","status":"publish","type":"galerie","link":"https:\/\/contemporary-arts.de\/index.php\/galerie\/jagal-maison-dart\/","title":{"rendered":"JAGAL Maison d&#8217;Art"},"content":{"rendered":"<p>Die Galerie JAGAL Maison d&#8217;Art sitzt in Ch\u00eane-Bougeries. Zum Programm geh\u00f6ren 16 K\u00fcnstlerinnen und K\u00fcnstler.<\/p>\n","protected":false},"excerpt":{"rendered":"<p>Die Galerie JAGAL Maison d&#8217;Art sitzt in Ch\u00eane-Bougeries. Zum Programm geh\u00f6ren 16 K\u00fcnstlerinnen und K\u00fcnstler.<\/p>\n","protected":false},"author":1,"featured_media":0,"template":"","meta":{"_acf_changed":false,"galerie_place_id":"ChIJq1t-b5pvjEcRYgh45r0kPec","galerie_address":"Rue du Vieux-Ch\u00eane 2","galerie_city":"Ch\u00eane-Bougeries","galerie_zip":"1224","galerie_country":"CH","galerie_latitude":"46.1959021","galerie_longitude":"6.1907032","galerie_phone":"+41789131435","galerie_url":"https:\/\/jagal.swiss\/","galerie_domain":"jagal.swiss","galerie_rating_value":"4.2","galerie_rating_count":"9","galerie_galerist":"","galerie_gruendung":"","galerie_artists_url":"https:\/\/jagal.swiss\/artistes","galerie_about_url":"","galerie_quelle_stadt":"Genf","galerie_werk_typ":"","galerie_online_shop":"","galerie_werk_signale":"","galerie_ranking_score":"0","galerie_ranking_rang":"1737","galerie_claimed_by":""},"kuenstler":[4437,4438,4439,4440,4427,4441,4442,4436,4443,4444,3223,4445,4446,4447,4448,4449],"galerie_stadt":[1201],"galerie_typ":[],"galerie_land":[671],"class_list":["post-47657","galerie","type-galerie","status-publish","hentry","kuenstler-arnaud-puig","kuenstler-barthelemy-grossmann","kuenstler-fouad-ceet","kuenstler-gautier-hardy","kuenstler-hadrien-dussoix","kuenstler-hugues-chevallier","kuenstler-hugues-simon","kuenstler-le-salon","kuenstler-manon-steyaert","kuenstler-maurice-mboa","kuenstler-mentions-legales","kuenstler-nadib-bandi","kuenstler-nils-jendri","kuenstler-ricardo-passaporte","kuenstler-ruben-sanchez","kuenstler-simon-berger","galerie_stadt-chene-bougeries","galerie_land-ch"],"acf":[],"_links":{"self":[{"href":"https:\/\/contemporary-arts.de\/index.php\/wp-json\/wp\/v2\/galerie\/47657","targetHints":{"allow":["GET"]}}],"collection":[{"href":"https:\/\/contemporary-arts.de\/index.php\/wp-json\/wp\/v2\/galerie"}],"about":[{"href":"https:\/\/contemporary-arts.de\/index.php\/wp-json\/wp\/v2\/types\/galerie"}],"author":[{"embeddable":true,"href":"https:\/\/contemporary-arts.de\/index.php\/wp-json\/wp\/v2\/users\/1"}],"wp:attachment":[{"href":"https:\/\/contemporary-arts.de\/index.php\/wp-json\/wp\/v2\/media?parent=47657"}],"wp:term":[{"taxonomy":"kuenstler","embeddable":true,"href":"https:\/\/contemporary-arts.de\/index.php\/wp-json\/wp\/v2\/kuenstler?post=47657"},{"taxonomy":"galerie_stadt","embeddable":true,"href":"https:\/\/contemporary-arts.de\/index.php\/wp-json\/wp\/v2\/galerie_stadt?post=47657"},{"taxonomy":"galerie_typ","embeddable":true,"href":"https:\/\/contemporary-arts.de\/index.php\/wp-json\/wp\/v2\/galerie_typ?post=47657"},{"taxonomy":"galerie_land","embeddable":true,"href":"https:\/\/contemporary-arts.de\/index.php\/wp-json\/wp\/v2\/galerie_land?post=47657"}],"curies":[{"name":"wp","href":"https:\/\/api.w.org\/{rel}","templated":true}]}}

<p>Die Galerie JAGAL Maison d&#8217;Art sitzt in Chêne-Bougeries. Zum Programm gehören 16 Künstlerinnen und Künstler.</p>

Rue du Vieux-Chêne 2

Chêne-Bougeries
