{"id":47656,"date":"2026-09-06T10:50:26","date_gmt":"2026-09-06T10:50:26","guid":{"rendered":"https:\/\/contemporary-arts.de\/?post_type=galerie&#038;p=47656"},"modified":"2026-09-06T12:35:51","modified_gmt":"2026-09-06T12:35:51","slug":"galerie-lange-pult","status":"publish","type":"galerie","link":"https:\/\/contemporary-arts.de\/index.php\/galerie\/galerie-lange-pult\/","title":{"rendered":"galerie lange + pult"},"content":{"rendered":"<p>galerie lange + pult arbeitet als Galerie in Geneva. Zum Programm geh\u00f6ren 45 K\u00fcnstlerinnen und K\u00fcnstler.<\/p>\n","protected":false},"excerpt":{"rendered":"<p>galerie lange + pult arbeitet als Galerie in Geneva. Zum Programm geh\u00f6ren 45 K\u00fcnstlerinnen und K\u00fcnstler.<\/p>\n","protected":false},"author":1,"featured_media":0,"template":"","meta":{"_acf_changed":false,"galerie_place_id":"ChIJH7-ivvdljEcRpuaanJG8JOc","galerie_address":"Rue des Bains 22","galerie_city":"Geneva","galerie_zip":"1205","galerie_country":"CH","galerie_latitude":"46.1983278","galerie_longitude":"6.1370606","galerie_phone":"+41223452222","galerie_url":"https:\/\/langepult.com\/","galerie_domain":"langepult.com","galerie_rating_value":"5","galerie_rating_count":"1","galerie_galerist":"","galerie_gruendung":"","galerie_artists_url":"https:\/\/langepult.com\/artists","galerie_about_url":"","galerie_quelle_stadt":"Genf","galerie_werk_typ":"","galerie_online_shop":"","galerie_werk_signale":"","galerie_ranking_score":"0","galerie_ranking_rang":"1736","galerie_claimed_by":""},"kuenstler":[4426,4399,4412,4424,4421,3728,4408,4417,4416,4409,4402,4435,4410,4433,4413,4414,4429,4427,4407,1972,4404,4431,4401,4430,4418,4400,2243,4403,4397,4411,4406,1995,4425,4405,4432,4398,4434,1980,4428,4422,4415,4419,4423,4420,3979],"galerie_stadt":[1181],"galerie_typ":[],"galerie_land":[671],"class_list":["post-47656","galerie","type-galerie","status-publish","hentry","kuenstler-alan-belcher","kuenstler-alfredo-aceto","kuenstler-augusta-lardy-micheli","kuenstler-beat-zoderer","kuenstler-ben-vautier","kuenstler-blair-thurman","kuenstler-christian-herdeg","kuenstler-christian-robert-tissot","kuenstler-delphine-reist","kuenstler-didier-marcel","kuenstler-donato-amstutz","kuenstler-estate-of-italo-valenti","kuenstler-francisco-da-mata","kuenstler-gentaro-murakami","kuenstler-gerold-miller","kuenstler-gina-proenza","kuenstler-guenther-foerg","kuenstler-hadrien-dussoix","kuenstler-henrik-eiben","kuenstler-henry-codax","kuenstler-hugo-capron","kuenstler-jacob-kassay","kuenstler-jan-albers","kuenstler-john-aaron-frank","kuenstler-josef-staub","kuenstler-justin-adian","kuenstler-leopold-rabus","kuenstler-lilian-bourgeat","kuenstler-main-menu","kuenstler-mathieu-mercier","kuenstler-natacha-donze","kuenstler-olivier-mosset","kuenstler-other-artists","kuenstler-philippe-decrauzat","kuenstler-pietro-mattioli","kuenstler-represented-artists","kuenstler-sergio-sister","kuenstler-sylvie-fleury","kuenstler-thierry-feuz","kuenstler-thomas-wachholz","kuenstler-till-rabus","kuenstler-vincent-szarek","kuenstler-wendy-white","kuenstler-wolfram-ullrich","kuenstler-works-by","galerie_stadt-geneva","galerie_land-ch"],"acf":[],"_links":{"self":[{"href":"https:\/\/contemporary-arts.de\/index.php\/wp-json\/wp\/v2\/galerie\/47656","targetHints":{"allow":["GET"]}}],"collection":[{"href":"https:\/\/contemporary-arts.de\/index.php\/wp-json\/wp\/v2\/galerie"}],"about":[{"href":"https:\/\/contemporary-arts.de\/index.php\/wp-json\/wp\/v2\/types\/galerie"}],"author":[{"embeddable":true,"href":"https:\/\/contemporary-arts.de\/index.php\/wp-json\/wp\/v2\/users\/1"}],"wp:attachment":[{"href":"https:\/\/contemporary-arts.de\/index.php\/wp-json\/wp\/v2\/media?parent=47656"}],"wp:term":[{"taxonomy":"kuenstler","embeddable":true,"href":"https:\/\/contemporary-arts.de\/index.php\/wp-json\/wp\/v2\/kuenstler?post=47656"},{"taxonomy":"galerie_stadt","embeddable":true,"href":"https:\/\/contemporary-arts.de\/index.php\/wp-json\/wp\/v2\/galerie_stadt?post=47656"},{"taxonomy":"galerie_typ","embeddable":true,"href":"https:\/\/contemporary-arts.de\/index.php\/wp-json\/wp\/v2\/galerie_typ?post=47656"},{"taxonomy":"galerie_land","embeddable":true,"href":"https:\/\/contemporary-arts.de\/index.php\/wp-json\/wp\/v2\/galerie_land?post=47656"}],"curies":[{"name":"wp","href":"https:\/\/api.w.org\/{rel}","templated":true}]}}

<p>galerie lange + pult arbeitet als Galerie in Geneva. Zum Programm gehören 45 Künstlerinnen und Künstler.</p>
