{"id":47629,"date":"2026-09-06T10:50:27","date_gmt":"2026-09-06T10:50:27","guid":{"rendered":"https:\/\/contemporary-arts.de\/?post_type=galerie&#038;p=47629"},"modified":"2026-09-06T12:34:23","modified_gmt":"2026-09-06T12:34:23","slug":"artraction-vente-et-location-doeuvres-dart","status":"publish","type":"galerie","link":"https:\/\/contemporary-arts.de\/index.php\/galerie\/artraction-vente-et-location-doeuvres-dart\/","title":{"rendered":"Artraction &#8211; Vente et location d&#8217;\u0153uvres d&#8217;art"},"content":{"rendered":"<p>Gezeigt wird bei Artraction &#8211; Vente et location d&#8217;\u0153uvres d&#8217;art in Geneva \u00fcberwiegend Installation. Gezeigt werden Arbeiten von 69 K\u00fcnstlerinnen und K\u00fcnstlern.<\/p>\n","protected":false},"excerpt":{"rendered":"<p>Gezeigt wird bei Artraction &#8211; Vente et location d&#8217;\u0153uvres d&#8217;art in Geneva \u00fcberwiegend Installation. Gezeigt werden Arbeiten von 69 K\u00fcnstlerinnen und K\u00fcnstlern.<\/p>\n","protected":false},"author":1,"featured_media":0,"template":"","meta":{"_acf_changed":false,"galerie_place_id":"ChIJL9UIjMhkjEcRYbshXD3-f9M","galerie_address":"Av. Giuseppe-Motta 31\/33","galerie_city":"Geneva","galerie_zip":"1202","galerie_country":"CH","galerie_latitude":"46.2191859","galerie_longitude":"6.1340502","galerie_phone":"+41223393131","galerie_url":"https:\/\/artraction.ch\/","galerie_domain":"artraction.ch","galerie_rating_value":"4.3","galerie_rating_count":"15","galerie_galerist":"","galerie_gruendung":"","galerie_artists_url":"https:\/\/artraction.ch\/artistes\/","galerie_about_url":"","galerie_quelle_stadt":"Genf","galerie_werk_typ":"","galerie_online_shop":"","galerie_werk_signale":"","galerie_ranking_score":"0","galerie_ranking_rang":"1767","galerie_claimed_by":""},"kuenstler":[4710,4711,3809,4712,4713,4714,4715,3516,4716,4717,4718,4707,4719,4720,4721,4705,4722,4723,4724,4725,4760,4726,4727,4704,4728,4729,4730,4731,4732,4733,4708,4734,4735,4736,4759,4737,4702,4761,4762,4738,4739,4740,4741,4742,4743,4700,4706,4744,4745,4746,4747,4748,4749,4750,2746,2891,4751,4701,4752,4753,4754,4755,4756,4709,4757,4758,4763,4699,4703],"galerie_stadt":[1181],"galerie_typ":[],"galerie_land":[671],"class_list":["post-47629","galerie","type-galerie","status-publish","hentry","kuenstler-albin-christen","kuenstler-alexia-scalbert","kuenstler-aller-au-contenu","kuenstler-angela-andrade","kuenstler-anna-margaretha-kauss-zemp","kuenstler-bernadette-steffen","kuenstler-carole-christinat-venhard","kuenstler-catherine-kirchhoff","kuenstler-christophe-schimpf","kuenstler-clarissa-p-valaeys","kuenstler-claude-cieutat","kuenstler-claudie-muller","kuenstler-corinne-saucy","kuenstler-damien-schwander","kuenstler-david-lindemann","kuenstler-decouvrir-son-univers","kuenstler-emanuela-lucaci","kuenstler-eric-bossard","kuenstler-esther-martinet","kuenstler-fabrice-petruzzi","kuenstler-foire-aux-questions","kuenstler-frank-west","kuenstler-gaelle-mot","kuenstler-genevieve-juttens","kuenstler-gregoire-vorpe","kuenstler-helen-jenkinson-drew","kuenstler-hyper-super","kuenstler-jacqueline-bachmann","kuenstler-janick-valente","kuenstler-karl-girardet","kuenstler-kenneth-sandahl","kuenstler-kim-straehler","kuenstler-laura-bianchi","kuenstler-laurent-sciboz","kuenstler-logo-demarche-societe-cooperative","kuenstler-lucien-kolly","kuenstler-luis-marques","kuenstler-manage-options","kuenstler-manage-services","kuenstler-maurizio-giuliani","kuenstler-mona-henao","kuenstler-monica-grangier","kuenstler-nadia-merzoug","kuenstler-natacha-perrin","kuenstler-nicolas-wirth","kuenstler-nouveaux-artistes","kuenstler-olga-sokolova","kuenstler-olha-snydanko","kuenstler-patrick-piccinelli","kuenstler-petr-beranek","kuenstler-philippe-juttens","kuenstler-pierre-blatter","kuenstler-pierre-alain-morel","kuenstler-polina-demidova","kuenstler-politique-de-confidentialite","kuenstler-raffaella-bruzzi","kuenstler-renee-furrer","kuenstler-sarah-dejeux-lopes","kuenstler-severine-doret","kuenstler-silvia-ronco","kuenstler-simone-monney","kuenstler-stephane-rupp","kuenstler-thomas-dutilleul","kuenstler-tous-tes-les-artistes","kuenstler-veronique-balcerzak","kuenstler-vincent-gillieron","kuenstler-voir-les-preferences","kuenstler-voir-tous-tes-les-artistes","kuenstler-wilfried-prager","galerie_stadt-geneva","galerie_land-ch"],"acf":[],"_links":{"self":[{"href":"https:\/\/contemporary-arts.de\/index.php\/wp-json\/wp\/v2\/galerie\/47629","targetHints":{"allow":["GET"]}}],"collection":[{"href":"https:\/\/contemporary-arts.de\/index.php\/wp-json\/wp\/v2\/galerie"}],"about":[{"href":"https:\/\/contemporary-arts.de\/index.php\/wp-json\/wp\/v2\/types\/galerie"}],"author":[{"embeddable":true,"href":"https:\/\/contemporary-arts.de\/index.php\/wp-json\/wp\/v2\/users\/1"}],"wp:attachment":[{"href":"https:\/\/contemporary-arts.de\/index.php\/wp-json\/wp\/v2\/media?parent=47629"}],"wp:term":[{"taxonomy":"kuenstler","embeddable":true,"href":"https:\/\/contemporary-arts.de\/index.php\/wp-json\/wp\/v2\/kuenstler?post=47629"},{"taxonomy":"galerie_stadt","embeddable":true,"href":"https:\/\/contemporary-arts.de\/index.php\/wp-json\/wp\/v2\/galerie_stadt?post=47629"},{"taxonomy":"galerie_typ","embeddable":true,"href":"https:\/\/contemporary-arts.de\/index.php\/wp-json\/wp\/v2\/galerie_typ?post=47629"},{"taxonomy":"galerie_land","embeddable":true,"href":"https:\/\/contemporary-arts.de\/index.php\/wp-json\/wp\/v2\/galerie_land?post=47629"}],"curies":[{"name":"wp","href":"https:\/\/api.w.org\/{rel}","templated":true}]}}

Artraction &#8211; Vente et location d&#8217;œuvres d&#8217;art

<p>Gezeigt wird bei Artraction &#8211; Vente et location d&#8217;œuvres d&#8217;art in Geneva überwiegend Installation. Gezeigt werden Arbeiten von 69 Künstlerinnen und Künstlern.</p>
