{"id":47619,"date":"2026-09-06T10:50:27","date_gmt":"2026-09-06T10:50:27","guid":{"rendered":"https:\/\/contemporary-arts.de\/?post_type=galerie&#038;p=47619"},"modified":"2026-09-06T10:50:27","modified_gmt":"2026-09-06T10:50:27","slug":"ceysson-benetiere","status":"publish","type":"galerie","link":"https:\/\/contemporary-arts.de\/index.php\/galerie\/ceysson-benetiere\/","title":{"rendered":"Ceysson &amp; B\u00e9n\u00e9ti\u00e8re"},"content":{"rendered":"","protected":false},"excerpt":{"rendered":"","protected":false},"author":1,"featured_media":0,"template":"","meta":{"_acf_changed":false,"galerie_place_id":"ChIJT9mEHSNljEcRtyx_UudDW80","galerie_address":"Rue de Neuch\u00e2tel 8","galerie_city":"Geneva","galerie_zip":"1201","galerie_country":"CH","galerie_latitude":"46.2104912","galerie_longitude":"6.1456336","galerie_phone":"+33608070279","galerie_url":"https:\/\/www.ceyssonbenetiere.com\/en\/home\/","galerie_domain":"www.ceyssonbenetiere.com","galerie_rating_value":"","galerie_rating_count":"","galerie_galerist":"","galerie_gruendung":"","galerie_artists_url":"https:\/\/www.ceyssonbenetiere.com\/en\/artists","galerie_about_url":"https:\/\/www.ceyssonbenetiere.com\/en\/about\/gallery-history","galerie_quelle_stadt":"Genf","galerie_werk_typ":"","galerie_online_shop":"","galerie_werk_signale":"","galerie_ranking_score":"0","galerie_ranking_rang":"1757","galerie_claimed_by":""},"kuenstler":[4599,4619,4593,4641,4631,4608,4113,4628,4016,4638,4620,4616,4604,4601,4642,4605,1768,4635,4625,4598,2082,4643,4606,4615,4627,4639,4612,4630,4613,2676,4622,4633,4634,4600,4626,4624,4607,4617,4636,4644,4640,4603,4610,4597,1767,4623,4609,4596,2771,4595,4621,4611,4602,4618,4614,4637,4594,4632,4629,4592,3805],"galerie_stadt":[1181],"galerie_typ":[],"galerie_land":[671],"class_list":["post-47619","galerie","type-galerie","status-publish","hentry","kuenstler-alan-charlton","kuenstler-alexander-nolan","kuenstler-amina-benbouchta","kuenstler-andre-valensi","kuenstler-andre-pierre-arnal","kuenstler-antwan-horfee","kuenstler-aurelie-petrel","kuenstler-bao-vuong","kuenstler-bernar-venet","kuenstler-bernard-pages","kuenstler-bernard-piffaretti","kuenstler-champion-metadier","kuenstler-christian-floquet","kuenstler-claire-chesnier","kuenstler-claude-viallat","kuenstler-cledia-fourniau","kuenstler-cookie-policy","kuenstler-daniel-dezeuze","kuenstler-david-tremlett","kuenstler-franck-chalendard","kuenstler-frank-stella","kuenstler-gallery-history","kuenstler-gloria-friedmann","kuenstler-jean-messagier","kuenstler-jean-luc-verna","kuenstler-jean-pierre-pincemin","kuenstler-jeremy-liron","kuenstler-jesse-willenbring","kuenstler-lauren-luloff","kuenstler-legal-notice","kuenstler-lionel-sabatte","kuenstler-louis-cane","kuenstler-marc-devade","kuenstler-max-charvolen","kuenstler-mitja-tusek","kuenstler-nam-tchun-mo","kuenstler-nancy-graves","kuenstler-nicolas-momein","kuenstler-noel-dolla","kuenstler-our-team","kuenstler-patrick-saytour","kuenstler-philippe-favier","kuenstler-phillip-king","kuenstler-pierre-buraglio","kuenstler-privacy-policy","kuenstler-rachael-tarravechia","kuenstler-remy-jacquier","kuenstler-robert-brandy","kuenstler-robert-combas","kuenstler-roger-bissiere","kuenstler-roland-quetsch","kuenstler-sadie-laska","kuenstler-stephane-edith-conradie","kuenstler-tania-mouraud","kuenstler-tomona-matsukawa","kuenstler-toni-grand","kuenstler-trudy-benson","kuenstler-vincent-bioules","kuenstler-wallace-whitney","kuenstler-wilfrid-almendra","kuenstler-yves-zurstrassen","galerie_stadt-geneva","galerie_land-ch"],"acf":[],"_links":{"self":[{"href":"https:\/\/contemporary-arts.de\/index.php\/wp-json\/wp\/v2\/galerie\/47619","targetHints":{"allow":["GET"]}}],"collection":[{"href":"https:\/\/contemporary-arts.de\/index.php\/wp-json\/wp\/v2\/galerie"}],"about":[{"href":"https:\/\/contemporary-arts.de\/index.php\/wp-json\/wp\/v2\/types\/galerie"}],"author":[{"embeddable":true,"href":"https:\/\/contemporary-arts.de\/index.php\/wp-json\/wp\/v2\/users\/1"}],"wp:attachment":[{"href":"https:\/\/contemporary-arts.de\/index.php\/wp-json\/wp\/v2\/media?parent=47619"}],"wp:term":[{"taxonomy":"kuenstler","embeddable":true,"href":"https:\/\/contemporary-arts.de\/index.php\/wp-json\/wp\/v2\/kuenstler?post=47619"},{"taxonomy":"galerie_stadt","embeddable":true,"href":"https:\/\/contemporary-arts.de\/index.php\/wp-json\/wp\/v2\/galerie_stadt?post=47619"},{"taxonomy":"galerie_typ","embeddable":true,"href":"https:\/\/contemporary-arts.de\/index.php\/wp-json\/wp\/v2\/galerie_typ?post=47619"},{"taxonomy":"galerie_land","embeddable":true,"href":"https:\/\/contemporary-arts.de\/index.php\/wp-json\/wp\/v2\/galerie_land?post=47619"}],"curies":[{"name":"wp","href":"https:\/\/api.w.org\/{rel}","templated":true}]}}

Ceysson &amp; Bénétière

Rue de Neuchâtel 8
