{"id":47593,"date":"2026-09-06T10:50:28","date_gmt":"2026-09-06T10:50:28","guid":{"rendered":"https:\/\/contemporary-arts.de\/?post_type=galerie&#038;p=47593"},"modified":"2026-09-06T12:35:11","modified_gmt":"2026-09-06T12:35:11","slug":"kolly-gallery","status":"publish","type":"galerie","link":"https:\/\/contemporary-arts.de\/index.php\/galerie\/kolly-gallery\/","title":{"rendered":"Kolly Gallery"},"content":{"rendered":"<p>In Geneva findet sich mit Kolly Gallery eine Galerie. Zum Programm geh\u00f6ren 27 K\u00fcnstlerinnen und K\u00fcnstler. Der Blick geht dabei eher auf j\u00fcngere Positionen als auf etablierte Namen.<\/p>\n","protected":false},"excerpt":{"rendered":"<p>In Geneva findet sich mit Kolly Gallery eine Galerie. Zum Programm geh\u00f6ren 27 K\u00fcnstlerinnen und K\u00fcnstler. Der Blick geht dabei eher auf j\u00fcngere Positionen als auf etablierte Namen.<\/p>\n","protected":false},"author":1,"featured_media":0,"template":"","meta":{"_acf_changed":false,"galerie_place_id":"ChIJWz7XKAhljEcRcqYDs0BMVBI","galerie_address":"Rue des Bains 52","galerie_city":"Geneva","galerie_zip":"1204","galerie_country":"CH","galerie_latitude":"46.2009682","galerie_longitude":"6.1378651","galerie_phone":"+41793011137","galerie_url":"http:\/\/www.kollygallery.ch\/","galerie_domain":"www.kollygallery.ch","galerie_rating_value":"5","galerie_rating_count":"3","galerie_galerist":"","galerie_gruendung":"","galerie_artists_url":"https:\/\/www.kollygallery.ch\/artists\/","galerie_about_url":"https:\/\/www.kollygallery.ch\/kolly-gallery\/","galerie_quelle_stadt":"Genf","galerie_werk_typ":"","galerie_online_shop":"","galerie_werk_signale":"","galerie_ranking_score":"0","galerie_ranking_rang":"1790","galerie_claimed_by":""},"kuenstler":[4887,4888,4889,4890,4891,4892,4893,4894,4884,4885,4886,4895,4896,4761,4762,2273,4897,4898,4899,4900,4901,4902,4903,4904,4906,4905,4907],"galerie_stadt":[1181],"galerie_typ":[],"galerie_land":[671],"class_list":["post-47593","galerie","type-galerie","status-publish","hentry","kuenstler-ben-eine","kuenstler-buff-monster","kuenstler-david-bruce","kuenstler-felipe-pantone","kuenstler-flying-foertress","kuenstler-gaspard-louane","kuenstler-imon-boy","kuenstler-julien-colombier","kuenstler-link-to-facebook","kuenstler-link-to-instagram","kuenstler-link-to-mail","kuenstler-ludovilk-myers","kuenstler-maja-huerst","kuenstler-manage-options","kuenstler-manage-services","kuenstler-menue-menue","kuenstler-michel-fr","kuenstler-mina-mania","kuenstler-moritz-green","kuenstler-pavel-rtue","kuenstler-serge-lowrider","kuenstler-speedy-graphito","kuenstler-steph-cop","kuenstler-still-alive","kuenstler-take-an-appointment","kuenstler-thierry-furger","kuenstler-view-preferences","galerie_stadt-geneva","galerie_land-ch"],"acf":[],"_links":{"self":[{"href":"https:\/\/contemporary-arts.de\/index.php\/wp-json\/wp\/v2\/galerie\/47593","targetHints":{"allow":["GET"]}}],"collection":[{"href":"https:\/\/contemporary-arts.de\/index.php\/wp-json\/wp\/v2\/galerie"}],"about":[{"href":"https:\/\/contemporary-arts.de\/index.php\/wp-json\/wp\/v2\/types\/galerie"}],"author":[{"embeddable":true,"href":"https:\/\/contemporary-arts.de\/index.php\/wp-json\/wp\/v2\/users\/1"}],"wp:attachment":[{"href":"https:\/\/contemporary-arts.de\/index.php\/wp-json\/wp\/v2\/media?parent=47593"}],"wp:term":[{"taxonomy":"kuenstler","embeddable":true,"href":"https:\/\/contemporary-arts.de\/index.php\/wp-json\/wp\/v2\/kuenstler?post=47593"},{"taxonomy":"galerie_stadt","embeddable":true,"href":"https:\/\/contemporary-arts.de\/index.php\/wp-json\/wp\/v2\/galerie_stadt?post=47593"},{"taxonomy":"galerie_typ","embeddable":true,"href":"https:\/\/contemporary-arts.de\/index.php\/wp-json\/wp\/v2\/galerie_typ?post=47593"},{"taxonomy":"galerie_land","embeddable":true,"href":"https:\/\/contemporary-arts.de\/index.php\/wp-json\/wp\/v2\/galerie_land?post=47593"}],"curies":[{"name":"wp","href":"https:\/\/api.w.org\/{rel}","templated":true}]}}

<p>In Geneva findet sich mit Kolly Gallery eine Galerie. Zum Programm gehören 27 Künstlerinnen und Künstler. Der Blick geht dabei eher auf jüngere Positionen als auf etablierte Namen.</p>
