{"id":47587,"date":"2026-09-06T10:50:28","date_gmt":"2026-09-06T10:50:28","guid":{"rendered":"https:\/\/contemporary-arts.de\/?post_type=galerie&#038;p=47587"},"modified":"2026-09-06T12:34:43","modified_gmt":"2026-09-06T12:34:43","slug":"chong-gallery","status":"publish","type":"galerie","link":"https:\/\/contemporary-arts.de\/index.php\/galerie\/chong-gallery\/","title":{"rendered":"Chong Gallery"},"content":{"rendered":"<p>Die Galerie Chong Gallery sitzt in Geneva. Bestehend seit 2023, umfasst das Programm inzwischen 28 K\u00fcnstlerinnen und K\u00fcnstler. Neben Messebeteiligungen bleibt der Schwerpunkt bei j\u00fcngeren Positionen, die noch nicht am Markt etabliert sind.<\/p>\n","protected":false},"excerpt":{"rendered":"<p>Die Galerie Chong Gallery sitzt in Geneva. Bestehend seit 2023, umfasst das Programm inzwischen 28 K\u00fcnstlerinnen und K\u00fcnstler. Neben Messebeteiligungen bleibt der Schwerpunkt bei j\u00fcngeren Positionen, die noch nicht am Markt etabliert sind.<\/p>\n","protected":false},"author":1,"featured_media":0,"template":"","meta":{"_acf_changed":false,"galerie_place_id":"ChIJV48WY1pljEcR4LYpyWYGgrE","galerie_address":"Rue De-Grenus 7","galerie_city":"Geneva","galerie_zip":"1201","galerie_country":"CH","galerie_latitude":"46.2065104","galerie_longitude":"6.1421388","galerie_phone":"+41225036404","galerie_url":"http:\/\/www.chong-gallery.com\/","galerie_domain":"www.chong-gallery.com","galerie_rating_value":"5","galerie_rating_count":"8","galerie_galerist":"","galerie_gruendung":"2023","galerie_artists_url":"http:\/\/www.chong-gallery.com\/artists\/","galerie_about_url":"http:\/\/www.chong-gallery.com\/contact\/","galerie_quelle_stadt":"Genf","galerie_werk_typ":"","galerie_online_shop":"","galerie_werk_signale":"","galerie_ranking_score":"0","galerie_ranking_rang":"1784","galerie_claimed_by":""},"kuenstler":[4868,1508,4869,4867,1558,4870,4871,4872,4873,4874,1509,2701,1555,4883,4875,4876,1553,4877,4878,4879,4880,1767,1557,4881,1559,4882,1554,1506],"galerie_stadt":[1181],"galerie_typ":[],"galerie_land":[671],"class_list":["post-47587","galerie","type-galerie","status-publish","hentry","kuenstler-adam-tarif","kuenstler-art-fairs","kuenstler-cesar-goce","kuenstler-chong-gallery","kuenstler-cookie-preferences","kuenstler-elise-van-den-brand","kuenstler-elize-sokolova","kuenstler-eric-moraes","kuenstler-gabriel-coca","kuenstler-inigo-sesma","kuenstler-item-added-to-cart","kuenstler-join-our-mailing-list","kuenstler-join-the-mailing-list","kuenstler-jokin-sortwo","kuenstler-jorge-charrua","kuenstler-kelly-de-geer","kuenstler-manage-cookies","kuenstler-marcos-navarro","kuenstler-mark-drew","kuenstler-mikel-del-rio","kuenstler-mikel-remak","kuenstler-privacy-policy","kuenstler-reject-non-essential","kuenstler-rosario-sorrenti","kuenstler-save-preferences","kuenstler-sebas-velasco","kuenstler-site-by-artlogic","kuenstler-skip-to-main-content","galerie_stadt-geneva","galerie_land-ch"],"acf":[],"_links":{"self":[{"href":"https:\/\/contemporary-arts.de\/index.php\/wp-json\/wp\/v2\/galerie\/47587","targetHints":{"allow":["GET"]}}],"collection":[{"href":"https:\/\/contemporary-arts.de\/index.php\/wp-json\/wp\/v2\/galerie"}],"about":[{"href":"https:\/\/contemporary-arts.de\/index.php\/wp-json\/wp\/v2\/types\/galerie"}],"author":[{"embeddable":true,"href":"https:\/\/contemporary-arts.de\/index.php\/wp-json\/wp\/v2\/users\/1"}],"wp:attachment":[{"href":"https:\/\/contemporary-arts.de\/index.php\/wp-json\/wp\/v2\/media?parent=47587"}],"wp:term":[{"taxonomy":"kuenstler","embeddable":true,"href":"https:\/\/contemporary-arts.de\/index.php\/wp-json\/wp\/v2\/kuenstler?post=47587"},{"taxonomy":"galerie_stadt","embeddable":true,"href":"https:\/\/contemporary-arts.de\/index.php\/wp-json\/wp\/v2\/galerie_stadt?post=47587"},{"taxonomy":"galerie_typ","embeddable":true,"href":"https:\/\/contemporary-arts.de\/index.php\/wp-json\/wp\/v2\/galerie_typ?post=47587"},{"taxonomy":"galerie_land","embeddable":true,"href":"https:\/\/contemporary-arts.de\/index.php\/wp-json\/wp\/v2\/galerie_land?post=47587"}],"curies":[{"name":"wp","href":"https:\/\/api.w.org\/{rel}","templated":true}]}}

<p>Die Galerie Chong Gallery sitzt in Geneva. Bestehend seit 2023, umfasst das Programm inzwischen 28 Künstlerinnen und Künstler. Neben Messebeteiligungen bleibt der Schwerpunkt bei jüngeren Positionen, die noch nicht am Markt etabliert sind.</p>
