{"id":47586,"date":"2026-09-06T10:50:28","date_gmt":"2026-09-06T10:50:28","guid":{"rendered":"https:\/\/contemporary-arts.de\/?post_type=galerie&#038;p=47586"},"modified":"2026-09-06T12:35:55","modified_gmt":"2026-09-06T12:35:55","slug":"galerie-mezzanin","status":"publish","type":"galerie","link":"https:\/\/contemporary-arts.de\/index.php\/galerie\/galerie-mezzanin\/","title":{"rendered":"Galerie Mezzanin"},"content":{"rendered":"<p>Galerie Mezzanin arbeitet als Galerie in Geneva. Vertreten werden 16 K\u00fcnstlerinnen und K\u00fcnstler. Der Blick geht dabei eher auf j\u00fcngere Positionen als auf etablierte Namen.<\/p>\n","protected":false},"excerpt":{"rendered":"<p>Galerie Mezzanin arbeitet als Galerie in Geneva. Vertreten werden 16 K\u00fcnstlerinnen und K\u00fcnstler. Der Blick geht dabei eher auf j\u00fcngere Positionen als auf etablierte Namen.<\/p>\n","protected":false},"author":1,"featured_media":0,"template":"","meta":{"_acf_changed":false,"galerie_place_id":"ChIJ44KxFdRvqkER5H_UzfOAM7A","galerie_address":"Rue des Mara\u00eechers 63","galerie_city":"Geneva","galerie_zip":"1205","galerie_country":"CH","galerie_latitude":"46.1976103","galerie_longitude":"6.1382699","galerie_phone":"+41223283802","galerie_url":"http:\/\/galeriemezzanin.com\/contact\/","galerie_domain":"galeriemezzanin.com","galerie_rating_value":"5","galerie_rating_count":"1","galerie_galerist":"","galerie_gruendung":"","galerie_artists_url":"http:\/\/galeriemezzanin.com\/artists\/","galerie_about_url":"","galerie_quelle_stadt":"Genf","galerie_werk_typ":"","galerie_online_shop":"","galerie_werk_signale":"","galerie_ranking_score":"0","galerie_ranking_rang":"1783","galerie_claimed_by":""},"kuenstler":[4860,4854,4865,4866,4862,4857,4855,4852,4863,4861,4851,4858,4856,4859,4864,4853],"galerie_stadt":[1181],"galerie_typ":[],"galerie_land":[671],"class_list":["post-47586","galerie","type-galerie","status-publish","hentry","kuenstler-christian-kosmas-mayer","kuenstler-diego-cibelli","kuenstler-elfie-semotan","kuenstler-further-exhibited-artists","kuenstler-gianni-motti","kuenstler-gregor-hildebrandt","kuenstler-isabella-ducrot","kuenstler-karla-black","kuenstler-katrin-plavcak","kuenstler-lou-masduraud","kuenstler-markus-amm","kuenstler-maureen-kaegi","kuenstler-michel-francois","kuenstler-renee-levi","kuenstler-rudolf-polanszky","kuenstler-sunah-choi","galerie_stadt-geneva","galerie_land-ch"],"acf":[],"_links":{"self":[{"href":"https:\/\/contemporary-arts.de\/index.php\/wp-json\/wp\/v2\/galerie\/47586","targetHints":{"allow":["GET"]}}],"collection":[{"href":"https:\/\/contemporary-arts.de\/index.php\/wp-json\/wp\/v2\/galerie"}],"about":[{"href":"https:\/\/contemporary-arts.de\/index.php\/wp-json\/wp\/v2\/types\/galerie"}],"author":[{"embeddable":true,"href":"https:\/\/contemporary-arts.de\/index.php\/wp-json\/wp\/v2\/users\/1"}],"wp:attachment":[{"href":"https:\/\/contemporary-arts.de\/index.php\/wp-json\/wp\/v2\/media?parent=47586"}],"wp:term":[{"taxonomy":"kuenstler","embeddable":true,"href":"https:\/\/contemporary-arts.de\/index.php\/wp-json\/wp\/v2\/kuenstler?post=47586"},{"taxonomy":"galerie_stadt","embeddable":true,"href":"https:\/\/contemporary-arts.de\/index.php\/wp-json\/wp\/v2\/galerie_stadt?post=47586"},{"taxonomy":"galerie_typ","embeddable":true,"href":"https:\/\/contemporary-arts.de\/index.php\/wp-json\/wp\/v2\/galerie_typ?post=47586"},{"taxonomy":"galerie_land","embeddable":true,"href":"https:\/\/contemporary-arts.de\/index.php\/wp-json\/wp\/v2\/galerie_land?post=47586"}],"curies":[{"name":"wp","href":"https:\/\/api.w.org\/{rel}","templated":true}]}}

<p>Galerie Mezzanin arbeitet als Galerie in Geneva. Vertreten werden 16 Künstlerinnen und Künstler. Der Blick geht dabei eher auf jüngere Positionen als auf etablierte Namen.</p>

Rue des Maraîchers 63
