{"id":47530,"date":"2026-09-06T10:50:35","date_gmt":"2026-09-06T10:50:35","guid":{"rendered":"https:\/\/contemporary-arts.de\/?post_type=galerie&#038;p=47530"},"modified":"2026-09-06T12:34:59","modified_gmt":"2026-09-06T12:34:59","slug":"annemarie-verna-galerie","status":"publish","type":"galerie","link":"https:\/\/contemporary-arts.de\/index.php\/galerie\/annemarie-verna-galerie\/","title":{"rendered":"Annemarie Verna Galerie"},"content":{"rendered":"<p>Annemarie Verna Galerie arbeitet in Z\u00fcrich mit Positionen aus Malerei und Editionen. Zum Programm geh\u00f6ren 34 K\u00fcnstlerinnen und K\u00fcnstler. Editionen und Druckgrafik halten dabei einen festen Platz neben den Unikaten.<\/p>\n","protected":false},"excerpt":{"rendered":"<p>Annemarie Verna Galerie arbeitet in Z\u00fcrich mit Positionen aus Malerei und Editionen. Zum Programm geh\u00f6ren 34 K\u00fcnstlerinnen und K\u00fcnstler. Editionen und Druckgrafik halten dabei einen festen Platz neben den Unikaten.<\/p>\n","protected":false},"author":1,"featured_media":0,"template":"","meta":{"_acf_changed":false,"galerie_place_id":"ChIJ49ayIrOgmkcRGpolm7HnlIk","galerie_address":"Neptunstrasse 42","galerie_city":"Z\u00fcrich","galerie_zip":"8032","galerie_country":"CH","galerie_latitude":"47.3666445","galerie_longitude":"8.5562593","galerie_phone":"+41442623820","galerie_url":"http:\/\/www.annemarie-verna.ch\/","galerie_domain":"www.annemarie-verna.ch","galerie_rating_value":"5","galerie_rating_count":"5","galerie_galerist":"","galerie_gruendung":"","galerie_artists_url":"https:\/\/www.annemarie-verna.ch\/galerie\/kuenstler\/","galerie_about_url":"","galerie_quelle_stadt":"Z\u00fcrich","galerie_werk_typ":"","galerie_online_shop":"","galerie_werk_signale":"","galerie_ranking_score":"0","galerie_ranking_rang":"1843","galerie_claimed_by":""},"kuenstler":[2076,1477,5219,5218,1609,5235,5221,5229,2074,5231,5223,1587,5230,5234,5233,5220,5228,1641,5226,5238,5227,5237,5222,4381,5225,4350,5232,5236,1637,4349,5239,2418,5224,5240],"galerie_stadt":[1065],"galerie_typ":[],"galerie_land":[671],"class_list":["post-47530","galerie","type-galerie","status-publish","hentry","kuenstler-agnes-martin","kuenstler-alighiero-boetti","kuenstler-andreas-christen","kuenstler-annemarie-verna-galerie","kuenstler-antonio-calderara","kuenstler-autumn-leaves","kuenstler-dan-flavin","kuenstler-david-rabinowitch","kuenstler-donald-judd","kuenstler-fred-sandback","kuenstler-giorgio-griffa","kuenstler-giulio-paolini","kuenstler-glen-rubsamen","kuenstler-grids-and-structures","kuenstler-jerry-zeniuk","kuenstler-joseph-egan","kuenstler-manfred-pernice","kuenstler-mario-merz","kuenstler-marisa-merz","kuenstler-neue-publikationen","kuenstler-ree-morton","kuenstler-retrospektiv-iii","kuenstler-richard-francisco","kuenstler-richard-tuttle","kuenstler-rita-mcbride","kuenstler-robert-mangold","kuenstler-robert-wilson","kuenstler-salon-automne","kuenstler-sol-lewitt","kuenstler-sylvia-plimack-mangold","kuenstler-the-petrified-forest","kuenstler-verena-loewensberg","kuenstler-will-insley","kuenstler-yale-university-art-gallery","galerie_stadt-zuerich","galerie_land-ch"],"acf":[],"_links":{"self":[{"href":"https:\/\/contemporary-arts.de\/index.php\/wp-json\/wp\/v2\/galerie\/47530","targetHints":{"allow":["GET"]}}],"collection":[{"href":"https:\/\/contemporary-arts.de\/index.php\/wp-json\/wp\/v2\/galerie"}],"about":[{"href":"https:\/\/contemporary-arts.de\/index.php\/wp-json\/wp\/v2\/types\/galerie"}],"author":[{"embeddable":true,"href":"https:\/\/contemporary-arts.de\/index.php\/wp-json\/wp\/v2\/users\/1"}],"wp:attachment":[{"href":"https:\/\/contemporary-arts.de\/index.php\/wp-json\/wp\/v2\/media?parent=47530"}],"wp:term":[{"taxonomy":"kuenstler","embeddable":true,"href":"https:\/\/contemporary-arts.de\/index.php\/wp-json\/wp\/v2\/kuenstler?post=47530"},{"taxonomy":"galerie_stadt","embeddable":true,"href":"https:\/\/contemporary-arts.de\/index.php\/wp-json\/wp\/v2\/galerie_stadt?post=47530"},{"taxonomy":"galerie_typ","embeddable":true,"href":"https:\/\/contemporary-arts.de\/index.php\/wp-json\/wp\/v2\/galerie_typ?post=47530"},{"taxonomy":"galerie_land","embeddable":true,"href":"https:\/\/contemporary-arts.de\/index.php\/wp-json\/wp\/v2\/galerie_land?post=47530"}],"curies":[{"name":"wp","href":"https:\/\/api.w.org\/{rel}","templated":true}]}}

<p>Annemarie Verna Galerie arbeitet in Zürich mit Positionen aus Malerei und Editionen. Zum Programm gehören 34 Künstlerinnen und Künstler. Editionen und Druckgrafik halten dabei einen festen Platz neben den Unikaten.</p>

Zürich
