{"id":47522,"date":"2026-09-06T10:50:36","date_gmt":"2026-09-06T10:50:36","guid":{"rendered":"https:\/\/contemporary-arts.de\/?post_type=galerie&#038;p=47522"},"modified":"2026-09-06T12:35:28","modified_gmt":"2026-09-06T12:35:28","slug":"kunstraum15","status":"publish","type":"galerie","link":"https:\/\/contemporary-arts.de\/index.php\/galerie\/kunstraum15\/","title":{"rendered":"Kunstraum15"},"content":{"rendered":"<p>Die Galerie Kunstraum15 sitzt in Z\u00fcrich. Vertreten werden 3 K\u00fcnstlerinnen und K\u00fcnstler.<\/p>\n","protected":false},"excerpt":{"rendered":"<p>Die Galerie Kunstraum15 sitzt in Z\u00fcrich. Vertreten werden 3 K\u00fcnstlerinnen und K\u00fcnstler.<\/p>\n","protected":false},"author":1,"featured_media":0,"template":"","meta":{"_acf_changed":false,"galerie_place_id":"ChIJ37tPEo6hmkcRw4KM6DgGsIc","galerie_address":"Zeltweg 15","galerie_city":"Z\u00fcrich","galerie_zip":"8032","galerie_country":"CH","galerie_latitude":"47.3693007","galerie_longitude":"8.5502587","galerie_phone":"+41792307887","galerie_url":"https:\/\/www.kunstraum15.ch\/?utm_source=google&utm_medium=wix_google_business_profile&utm_campaign=18216694108973741531","galerie_domain":"www.kunstraum15.ch","galerie_rating_value":"5","galerie_rating_count":"2","galerie_galerist":"","galerie_gruendung":"","galerie_artists_url":"https:\/\/www.kunstraum15.ch\/events\/art-exhibition-from-young-artists-for-young-artists?utm_source=google&amp;utm_medium=wix_google_business_profile&amp;utm_campaign=18216694108973741531","galerie_about_url":"","galerie_quelle_stadt":"Z\u00fcrich","galerie_werk_typ":"","galerie_online_shop":"","galerie_werk_signale":"","galerie_ranking_score":"0","galerie_ranking_rang":"1870","galerie_claimed_by":""},"kuenstler":[5258,5257,5256],"galerie_stadt":[1065],"galerie_typ":[],"galerie_land":[671],"class_list":["post-47522","galerie","type-galerie","status-publish","hentry","kuenstler-share-this-event","kuenstler-ueber-die-veranstaltung","kuenstler-vergangene-events","galerie_stadt-zuerich","galerie_land-ch"],"acf":[],"_links":{"self":[{"href":"https:\/\/contemporary-arts.de\/index.php\/wp-json\/wp\/v2\/galerie\/47522","targetHints":{"allow":["GET"]}}],"collection":[{"href":"https:\/\/contemporary-arts.de\/index.php\/wp-json\/wp\/v2\/galerie"}],"about":[{"href":"https:\/\/contemporary-arts.de\/index.php\/wp-json\/wp\/v2\/types\/galerie"}],"author":[{"embeddable":true,"href":"https:\/\/contemporary-arts.de\/index.php\/wp-json\/wp\/v2\/users\/1"}],"wp:attachment":[{"href":"https:\/\/contemporary-arts.de\/index.php\/wp-json\/wp\/v2\/media?parent=47522"}],"wp:term":[{"taxonomy":"kuenstler","embeddable":true,"href":"https:\/\/contemporary-arts.de\/index.php\/wp-json\/wp\/v2\/kuenstler?post=47522"},{"taxonomy":"galerie_stadt","embeddable":true,"href":"https:\/\/contemporary-arts.de\/index.php\/wp-json\/wp\/v2\/galerie_stadt?post=47522"},{"taxonomy":"galerie_typ","embeddable":true,"href":"https:\/\/contemporary-arts.de\/index.php\/wp-json\/wp\/v2\/galerie_typ?post=47522"},{"taxonomy":"galerie_land","embeddable":true,"href":"https:\/\/contemporary-arts.de\/index.php\/wp-json\/wp\/v2\/galerie_land?post=47522"}],"curies":[{"name":"wp","href":"https:\/\/api.w.org\/{rel}","templated":true}]}}

<p>Die Galerie Kunstraum15 sitzt in Zürich. Vertreten werden 3 Künstlerinnen und Künstler.</p>

Zürich
