{"id":47420,"date":"2026-09-06T10:50:40","date_gmt":"2026-09-06T10:50:40","guid":{"rendered":"https:\/\/contemporary-arts.de\/?post_type=galerie&#038;p=47420"},"modified":"2026-09-06T12:34:23","modified_gmt":"2026-09-06T12:34:23","slug":"galerie-soon-zuerich","status":"publish","type":"galerie","link":"https:\/\/contemporary-arts.de\/index.php\/galerie\/galerie-soon-zuerich\/","title":{"rendered":"Galerie Soon Z\u00fcrich"},"content":{"rendered":"<p>Galerie Soon Z\u00fcrich hat sich in Z\u00fcrich auf Editionen ausgerichtet. Gezeigt werden Arbeiten von 43 K\u00fcnstlerinnen und K\u00fcnstlern.<\/p>\n","protected":false},"excerpt":{"rendered":"<p>Galerie Soon Z\u00fcrich hat sich in Z\u00fcrich auf Editionen ausgerichtet. Gezeigt werden Arbeiten von 43 K\u00fcnstlerinnen und K\u00fcnstlern.<\/p>\n","protected":false},"author":1,"featured_media":0,"template":"","meta":{"_acf_changed":false,"galerie_place_id":"ChIJ-0w-DvALkEcRMv4SwVPZmGY","galerie_address":"Ankerstrasse 24","galerie_city":"Z\u00fcrich","galerie_zip":"8004","galerie_country":"CH","galerie_latitude":"47.3733466","galerie_longitude":"8.5246208","galerie_phone":"","galerie_url":"http:\/\/www.galerie-soon.ch\/","galerie_domain":"www.galerie-soon.ch","galerie_rating_value":"4.4","galerie_rating_count":"14","galerie_galerist":"","galerie_gruendung":"","galerie_artists_url":"http:\/\/www.galerie-soon.ch\/artists\/","galerie_about_url":"","galerie_quelle_stadt":"Z\u00fcrich","galerie_werk_typ":"","galerie_online_shop":"","galerie_werk_signale":"","galerie_ranking_score":"0","galerie_ranking_rang":"1949","galerie_claimed_by":""},"kuenstler":[5709,5718,5705,5721,5724,5695,1558,5707,5719,5714,5726,5698,5711,5694,5716,5704,1509,5725,5713,2573,5717,5708,5720,2701,1555,5700,1553,5710,4648,5706,5697,5696,1557,5715,5699,5712,1559,5722,5703,1506,5723,5702,5701],"galerie_stadt":[1065],"galerie_typ":[],"galerie_land":[671],"class_list":["post-47420","galerie","type-galerie","status-publish","hentry","kuenstler-aleksey-dubinsky","kuenstler-andrea-muench","kuenstler-anja-ammann","kuenstler-beat-schweizer","kuenstler-clovis-wieske","kuenstler-collect-art-online","kuenstler-cookie-preferences","kuenstler-dimitra-charamandas","kuenstler-dragan-prgomelja","kuenstler-elmar-lause","kuenstler-email-senden","kuenstler-fabiola-gonzales","kuenstler-gabriele-galimberti","kuenstler-galerie-soon","kuenstler-gosia-machon","kuenstler-igor-taritas","kuenstler-item-added-to-cart","kuenstler-jamie-xue","kuenstler-jan-kalab","kuenstler-jared-muralt","kuenstler-jill-winnie-moser","kuenstler-johan-deckmann","kuenstler-johan-schaefer","kuenstler-join-our-mailing-list","kuenstler-join-the-mailing-list","kuenstler-kai-klahre","kuenstler-manage-cookies","kuenstler-miriam-elia","kuenstler-mr-brainwash","kuenstler-pablo-benzo","kuenstler-paola-ciarska","kuenstler-peter-baracchi","kuenstler-reject-non-essential","kuenstler-rob-lewis","kuenstler-roberto-greco","kuenstler-rodja-galli","kuenstler-save-preferences","kuenstler-sebastian-speckmann","kuenstler-serge-nyfeler","kuenstler-skip-to-main-content","kuenstler-tavar-zawacki","kuenstler-till-koenneker","kuenstler-wojtek-klimek","galerie_stadt-zuerich","galerie_land-ch"],"acf":[],"_links":{"self":[{"href":"https:\/\/contemporary-arts.de\/index.php\/wp-json\/wp\/v2\/galerie\/47420","targetHints":{"allow":["GET"]}}],"collection":[{"href":"https:\/\/contemporary-arts.de\/index.php\/wp-json\/wp\/v2\/galerie"}],"about":[{"href":"https:\/\/contemporary-arts.de\/index.php\/wp-json\/wp\/v2\/types\/galerie"}],"author":[{"embeddable":true,"href":"https:\/\/contemporary-arts.de\/index.php\/wp-json\/wp\/v2\/users\/1"}],"wp:attachment":[{"href":"https:\/\/contemporary-arts.de\/index.php\/wp-json\/wp\/v2\/media?parent=47420"}],"wp:term":[{"taxonomy":"kuenstler","embeddable":true,"href":"https:\/\/contemporary-arts.de\/index.php\/wp-json\/wp\/v2\/kuenstler?post=47420"},{"taxonomy":"galerie_stadt","embeddable":true,"href":"https:\/\/contemporary-arts.de\/index.php\/wp-json\/wp\/v2\/galerie_stadt?post=47420"},{"taxonomy":"galerie_typ","embeddable":true,"href":"https:\/\/contemporary-arts.de\/index.php\/wp-json\/wp\/v2\/galerie_typ?post=47420"},{"taxonomy":"galerie_land","embeddable":true,"href":"https:\/\/contemporary-arts.de\/index.php\/wp-json\/wp\/v2\/galerie_land?post=47420"}],"curies":[{"name":"wp","href":"https:\/\/api.w.org\/{rel}","templated":true}]}}

Galerie Soon Zürich

<p>Galerie Soon Zürich hat sich in Zürich auf Editionen ausgerichtet. Gezeigt werden Arbeiten von 43 Künstlerinnen und Künstlern.</p>

Zürich
