{"id":47363,"date":"2026-09-06T10:50:41","date_gmt":"2026-09-06T10:50:41","guid":{"rendered":"https:\/\/contemporary-arts.de\/?post_type=galerie&#038;p=47363"},"modified":"2026-09-06T12:34:43","modified_gmt":"2026-09-06T12:34:43","slug":"galerie-bruno-bischofberger","status":"publish","type":"galerie","link":"https:\/\/contemporary-arts.de\/index.php\/galerie\/galerie-bruno-bischofberger\/","title":{"rendered":"Galerie Bruno Bischofberger"},"content":{"rendered":"<p>In M\u00e4nnedorf zeigt Galerie Bruno Bischofberger \u00fcberwiegend Installation. Gegr\u00fcndet 1963, geh\u00f6ren heute 11 Positionen zum Programm.<\/p>\n","protected":false},"excerpt":{"rendered":"<p>In M\u00e4nnedorf zeigt Galerie Bruno Bischofberger \u00fcberwiegend Installation. Gegr\u00fcndet 1963, geh\u00f6ren heute 11 Positionen zum Programm.<\/p>\n","protected":false},"author":1,"featured_media":0,"template":"","meta":{"_acf_changed":false,"galerie_place_id":"ChIJ_02ndvSvmkcR1GJ_YbiWo04","galerie_address":"Weissenrainstrasse 1","galerie_city":"M\u00e4nnedorf","galerie_zip":"8708","galerie_country":"CH","galerie_latitude":"47.2619328","galerie_longitude":"8.6857589","galerie_phone":"+41442507777","galerie_url":"http:\/\/www.brunobischofberger.com\/","galerie_domain":"www.brunobischofberger.com","galerie_rating_value":"4.5","galerie_rating_count":"8","galerie_galerist":"","galerie_gruendung":"1963","galerie_artists_url":"https:\/\/www.brunobischofberger.com\/artists","galerie_about_url":"https:\/\/www.brunobischofberger.com\/history","galerie_quelle_stadt":"Z\u00fcrich","galerie_werk_typ":"","galerie_online_shop":"","galerie_werk_signale":"","galerie_ranking_score":"0","galerie_ranking_rang":"2024","galerie_claimed_by":""},"kuenstler":[1677,5872,5871,1615,2067,3820,4371,2676,5870,3699,1767],"galerie_stadt":[1087],"galerie_typ":[],"galerie_land":[671],"class_list":["post-47363","galerie","type-galerie","status-publish","hentry","kuenstler-andy-warhol","kuenstler-david-salle","kuenstler-enzo-cucchi","kuenstler-francesco-clemente","kuenstler-george-condo","kuenstler-jean-tinguely","kuenstler-julian-schnabel","kuenstler-legal-notice","kuenstler-mike-bidlo","kuenstler-peter-halley","kuenstler-privacy-policy","galerie_stadt-maennedorf","galerie_land-ch"],"acf":[],"_links":{"self":[{"href":"https:\/\/contemporary-arts.de\/index.php\/wp-json\/wp\/v2\/galerie\/47363","targetHints":{"allow":["GET"]}}],"collection":[{"href":"https:\/\/contemporary-arts.de\/index.php\/wp-json\/wp\/v2\/galerie"}],"about":[{"href":"https:\/\/contemporary-arts.de\/index.php\/wp-json\/wp\/v2\/types\/galerie"}],"author":[{"embeddable":true,"href":"https:\/\/contemporary-arts.de\/index.php\/wp-json\/wp\/v2\/users\/1"}],"wp:attachment":[{"href":"https:\/\/contemporary-arts.de\/index.php\/wp-json\/wp\/v2\/media?parent=47363"}],"wp:term":[{"taxonomy":"kuenstler","embeddable":true,"href":"https:\/\/contemporary-arts.de\/index.php\/wp-json\/wp\/v2\/kuenstler?post=47363"},{"taxonomy":"galerie_stadt","embeddable":true,"href":"https:\/\/contemporary-arts.de\/index.php\/wp-json\/wp\/v2\/galerie_stadt?post=47363"},{"taxonomy":"galerie_typ","embeddable":true,"href":"https:\/\/contemporary-arts.de\/index.php\/wp-json\/wp\/v2\/galerie_typ?post=47363"},{"taxonomy":"galerie_land","embeddable":true,"href":"https:\/\/contemporary-arts.de\/index.php\/wp-json\/wp\/v2\/galerie_land?post=47363"}],"curies":[{"name":"wp","href":"https:\/\/api.w.org\/{rel}","templated":true}]}}

<p>In Männedorf zeigt Galerie Bruno Bischofberger überwiegend Installation. Gegründet 1963, gehören heute 11 Positionen zum Programm.</p>

Männedorf

Zürich
