{"id":47336,"date":"2026-09-06T10:50:43","date_gmt":"2026-09-06T10:50:43","guid":{"rendered":"https:\/\/contemporary-arts.de\/?post_type=galerie&#038;p=47336"},"modified":"2026-09-06T12:35:11","modified_gmt":"2026-09-06T12:35:11","slug":"thalberg-galerie","status":"publish","type":"galerie","link":"https:\/\/contemporary-arts.de\/index.php\/galerie\/thalberg-galerie\/","title":{"rendered":"Thalberg Galerie"},"content":{"rendered":"<p>Thalberg Galerie arbeitet als Galerie in Z\u00fcrich. Zum Programm geh\u00f6ren 45 K\u00fcnstlerinnen und K\u00fcnstler.<\/p>\n","protected":false},"excerpt":{"rendered":"<p>Thalberg Galerie arbeitet als Galerie in Z\u00fcrich. Zum Programm geh\u00f6ren 45 K\u00fcnstlerinnen und K\u00fcnstler.<\/p>\n","protected":false},"author":1,"featured_media":0,"template":"","meta":{"_acf_changed":false,"galerie_place_id":"ChIJp2jqJqygmkcRyVKOr9q17UY","galerie_address":"R\u00e4mistrasse 38","galerie_city":"Z\u00fcrich","galerie_zip":"8001","galerie_country":"CH","galerie_latitude":"47.370707","galerie_longitude":"8.5497278","galerie_phone":"+41442510124","galerie_url":"http:\/\/galeriethalberg.ch\/","galerie_domain":"galeriethalberg.ch","galerie_rating_value":"5","galerie_rating_count":"3","galerie_galerist":"","galerie_gruendung":"","galerie_artists_url":"https:\/\/galeriethalberg.ch\/kuenstler\/","galerie_about_url":"","galerie_quelle_stadt":"Z\u00fcrich","galerie_werk_typ":"","galerie_online_shop":"","galerie_werk_signale":"","galerie_ranking_score":"0","galerie_ranking_rang":"2067","galerie_claimed_by":""},"kuenstler":[6133,6124,1677,6130,4421,6134,6135,6131,3819,6127,6137,6136,2768,6129,6132,3551,6138,3820,1642,6139,6140,3814,1612,6125,6141,6122,5891,3811,6121,6142,1425,6123,1497,6126,6143,6144,6145,3815,2075,2772,6128,1678,1413,1594,6146],"galerie_stadt":[1065],"galerie_typ":[],"galerie_land":[671],"class_list":["post-47336","galerie","type-galerie","status-publish","hentry","kuenstler-alan-davie","kuenstler-aldo-schmid","kuenstler-andy-warhol","kuenstler-antonio-franchini","kuenstler-ben-vautier","kuenstler-bernhard-luginbuehl","kuenstler-bora-iljovski","kuenstler-bruno-conte","kuenstler-daniel-spoerri","kuenstler-djordje-ivackovic","kuenstler-donald-sultan","kuenstler-dusan-dzamonja","kuenstler-francis-bacon","kuenstler-francois-morellet","kuenstler-gencay-kasapci","kuenstler-georges-braque","kuenstler-herbert-zangs","kuenstler-jean-tinguely","kuenstler-joan-miro","kuenstler-jose-mijares","kuenstler-joze-ciuha","kuenstler-le-corbusier","kuenstler-marc-chagall","kuenstler-marcia-hafif","kuenstler-marko-crnobrnja","kuenstler-marko-ladjusic","kuenstler-max-bill","kuenstler-mel-bochner","kuenstler-mira-brtka","kuenstler-mrdjan-bajic","kuenstler-niki-de-saint-phalle","kuenstler-nobuya-abe","kuenstler-pablo-picasso","kuenstler-paolo-patelli","kuenstler-petar-mirkovic","kuenstler-pierre-schwarzenbach","kuenstler-richard-deacon","kuenstler-richard-paul-lohse","kuenstler-roy-lichtenstein","kuenstler-sam-francis","kuenstler-shu-takahashi","kuenstler-tom-wesselmann","kuenstler-ueber-uns","kuenstler-victor-vasarely","kuenstler-vladimir-velickovic","galerie_stadt-zuerich","galerie_land-ch"],"acf":[],"_links":{"self":[{"href":"https:\/\/contemporary-arts.de\/index.php\/wp-json\/wp\/v2\/galerie\/47336","targetHints":{"allow":["GET"]}}],"collection":[{"href":"https:\/\/contemporary-arts.de\/index.php\/wp-json\/wp\/v2\/galerie"}],"about":[{"href":"https:\/\/contemporary-arts.de\/index.php\/wp-json\/wp\/v2\/types\/galerie"}],"author":[{"embeddable":true,"href":"https:\/\/contemporary-arts.de\/index.php\/wp-json\/wp\/v2\/users\/1"}],"wp:attachment":[{"href":"https:\/\/contemporary-arts.de\/index.php\/wp-json\/wp\/v2\/media?parent=47336"}],"wp:term":[{"taxonomy":"kuenstler","embeddable":true,"href":"https:\/\/contemporary-arts.de\/index.php\/wp-json\/wp\/v2\/kuenstler?post=47336"},{"taxonomy":"galerie_stadt","embeddable":true,"href":"https:\/\/contemporary-arts.de\/index.php\/wp-json\/wp\/v2\/galerie_stadt?post=47336"},{"taxonomy":"galerie_typ","embeddable":true,"href":"https:\/\/contemporary-arts.de\/index.php\/wp-json\/wp\/v2\/galerie_typ?post=47336"},{"taxonomy":"galerie_land","embeddable":true,"href":"https:\/\/contemporary-arts.de\/index.php\/wp-json\/wp\/v2\/galerie_land?post=47336"}],"curies":[{"name":"wp","href":"https:\/\/api.w.org\/{rel}","templated":true}]}}

<p>Thalberg Galerie arbeitet als Galerie in Zürich. Zum Programm gehören 45 Künstlerinnen und Künstler.</p>

Rämistrasse 38

Zürich
