{"id":47332,"date":"2026-09-06T10:50:43","date_gmt":"2026-09-06T10:50:43","guid":{"rendered":"https:\/\/contemporary-arts.de\/?post_type=galerie&#038;p=47332"},"modified":"2026-09-06T12:37:59","modified_gmt":"2026-09-06T12:37:59","slug":"galerie-philippe-david","status":"publish","type":"galerie","link":"https:\/\/contemporary-arts.de\/index.php\/galerie\/galerie-philippe-david\/","title":{"rendered":"GALERIE PHILIPPE DAVID"},"content":{"rendered":"<p>Die Galerie GALERIE PHILIPPE DAVID sitzt in Z\u00fcrich. Das Programm umfasst 12 Positionen. Zum Gesch\u00e4ft geh\u00f6rt auch der Handel mit Arbeiten aus zweiter Hand, was den Betrieb vom reinen Ausstellungsbetrieb unterscheidet.<\/p>\n","protected":false},"excerpt":{"rendered":"<p>Die Galerie GALERIE PHILIPPE DAVID sitzt in Z\u00fcrich. Das Programm umfasst 12 Positionen. Zum Gesch\u00e4ft geh\u00f6rt auch der Handel mit Arbeiten aus zweiter Hand, was den Betrieb vom reinen Ausstellungsbetrieb unterscheidet.<\/p>\n","protected":false},"author":1,"featured_media":0,"template":"","meta":{"_acf_changed":false,"galerie_place_id":"ChIJ5zvMzgEKkEcREe1zyvY0pUI","galerie_address":"Kinkelstrasse 36","galerie_city":"Z\u00fcrich","galerie_zip":"8006","galerie_country":"CH","galerie_latitude":"47.3873823","galerie_longitude":"8.5435471","galerie_phone":"","galerie_url":"https:\/\/www.philippedavid.ch\/","galerie_domain":"www.philippedavid.ch","galerie_rating_value":"5","galerie_rating_count":"1","galerie_galerist":"","galerie_gruendung":"","galerie_artists_url":"https:\/\/www.philippedavid.ch\/artists\/","galerie_about_url":"https:\/\/www.philippedavid.ch\/about-the-gallery\/","galerie_quelle_stadt":"Z\u00fcrich","galerie_werk_typ":"","galerie_online_shop":"","galerie_werk_signale":"","galerie_ranking_score":"0","galerie_ranking_rang":"2063","galerie_claimed_by":""},"kuenstler":[6093,4933,6094,6092,1486,4993,6095,6091,1655,6096,3061,1594],"galerie_stadt":[1065],"galerie_typ":[],"galerie_land":[671],"class_list":["post-47332","galerie","type-galerie","status-publish","hentry","kuenstler-dan-bina","kuenstler-emil-nolde","kuenstler-gotthard-graubner","kuenstler-jean-arp","kuenstler-lucio-fontana","kuenstler-museum-loans","kuenstler-paul-signac","kuenstler-post-war","kuenstler-serge-poliakoff","kuenstler-share-this-page","kuenstler-skip-to-content","kuenstler-victor-vasarely","galerie_stadt-zuerich","galerie_land-ch"],"acf":[],"_links":{"self":[{"href":"https:\/\/contemporary-arts.de\/index.php\/wp-json\/wp\/v2\/galerie\/47332","targetHints":{"allow":["GET"]}}],"collection":[{"href":"https:\/\/contemporary-arts.de\/index.php\/wp-json\/wp\/v2\/galerie"}],"about":[{"href":"https:\/\/contemporary-arts.de\/index.php\/wp-json\/wp\/v2\/types\/galerie"}],"author":[{"embeddable":true,"href":"https:\/\/contemporary-arts.de\/index.php\/wp-json\/wp\/v2\/users\/1"}],"wp:attachment":[{"href":"https:\/\/contemporary-arts.de\/index.php\/wp-json\/wp\/v2\/media?parent=47332"}],"wp:term":[{"taxonomy":"kuenstler","embeddable":true,"href":"https:\/\/contemporary-arts.de\/index.php\/wp-json\/wp\/v2\/kuenstler?post=47332"},{"taxonomy":"galerie_stadt","embeddable":true,"href":"https:\/\/contemporary-arts.de\/index.php\/wp-json\/wp\/v2\/galerie_stadt?post=47332"},{"taxonomy":"galerie_typ","embeddable":true,"href":"https:\/\/contemporary-arts.de\/index.php\/wp-json\/wp\/v2\/galerie_typ?post=47332"},{"taxonomy":"galerie_land","embeddable":true,"href":"https:\/\/contemporary-arts.de\/index.php\/wp-json\/wp\/v2\/galerie_land?post=47332"}],"curies":[{"name":"wp","href":"https:\/\/api.w.org\/{rel}","templated":true}]}}

<p>Die Galerie GALERIE PHILIPPE DAVID sitzt in Zürich. Das Programm umfasst 12 Positionen. Zum Geschäft gehört auch der Handel mit Arbeiten aus zweiter Hand, was den Betrieb vom reinen Ausstellungsbetrieb unterscheidet.</p>

Zürich
