{"id":47297,"date":"2026-09-06T10:50:44","date_gmt":"2026-09-06T10:50:44","guid":{"rendered":"https:\/\/contemporary-arts.de\/?post_type=galerie&#038;p=47297"},"modified":"2026-09-06T12:35:07","modified_gmt":"2026-09-06T12:35:07","slug":"tobias-mueller-modern-art-ag","status":"publish","type":"galerie","link":"https:\/\/contemporary-arts.de\/index.php\/galerie\/tobias-mueller-modern-art-ag\/","title":{"rendered":"Tobias Mueller Modern Art AG"},"content":{"rendered":"<p>Die Galerie Tobias Mueller Modern Art AG sitzt in Z\u00fcrich. Vertreten werden 48 K\u00fcnstlerinnen und K\u00fcnstler.<\/p>\n","protected":false},"excerpt":{"rendered":"<p>Die Galerie Tobias Mueller Modern Art AG sitzt in Z\u00fcrich. Vertreten werden 48 K\u00fcnstlerinnen und K\u00fcnstler.<\/p>\n","protected":false},"author":1,"featured_media":0,"template":"","meta":{"_acf_changed":false,"galerie_place_id":"ChIJ_wSjeKugmkcRO9zALA6ZpDg","galerie_address":"Waldmannstrasse 8","galerie_city":"Z\u00fcrich","galerie_zip":"8001","galerie_country":"CH","galerie_latitude":"47.3686661","galerie_longitude":"8.5466462","galerie_phone":"+41442725000","galerie_url":"http:\/\/muellermodern.com\/","galerie_domain":"muellermodern.com","galerie_rating_value":"5","galerie_rating_count":"4","galerie_galerist":"","galerie_gruendung":"","galerie_artists_url":"http:\/\/muellermodern.com\/artists\/","galerie_about_url":"","galerie_quelle_stadt":"Z\u00fcrich","galerie_werk_typ":"","galerie_online_shop":"","galerie_werk_signale":"","galerie_ranking_score":"0","galerie_ranking_rang":"2097","galerie_claimed_by":""},"kuenstler":[4008,5078,1477,6209,1677,5090,6202,6207,1558,3485,6210,5872,5585,2074,5871,1615,6208,3982,2067,1604,6203,3739,1555,6205,4371,1553,6206,6204,5870,6201,5100,1995,1497,6211,1557,2080,3763,1559,2700,5882,1506,1637,5082,6212,6200,5070,1556,2068],"galerie_stadt":[1065],"galerie_typ":[],"galerie_land":[671],"class_list":["post-47297","galerie","type-galerie","status-publish","hentry","kuenstler-a-r-penck","kuenstler-albert-oehlen","kuenstler-alighiero-boetti","kuenstler-ana-prata","kuenstler-andy-warhol","kuenstler-brice-marden","kuenstler-carmen-dapollonio","kuenstler-chris-martin","kuenstler-cookie-preferences","kuenstler-damien-hirst","kuenstler-david-renggli","kuenstler-david-salle","kuenstler-dieter-meier","kuenstler-donald-judd","kuenstler-enzo-cucchi","kuenstler-francesco-clemente","kuenstler-g-t-pellizzi","kuenstler-georg-baselitz","kuenstler-george-condo","kuenstler-jean-michel-basquiat","kuenstler-joerg-immendorff","kuenstler-john-armleder","kuenstler-join-the-mailing-list","kuenstler-joseph-kosuth","kuenstler-julian-schnabel","kuenstler-manage-cookies","kuenstler-markus-luepertz","kuenstler-martin-kippenberger","kuenstler-mike-bidlo","kuenstler-miquel-barcelo","kuenstler-neil-jenney","kuenstler-olivier-mosset","kuenstler-pablo-picasso","kuenstler-philip-taaffe","kuenstler-reject-non-essential","kuenstler-robert-rauschenberg","kuenstler-saint-clair-cemin","kuenstler-save-preferences","kuenstler-send-an-email","kuenstler-sigmar-polke","kuenstler-skip-to-main-content","kuenstler-sol-lewitt","kuenstler-stanley-whitney","kuenstler-terry-winters","kuenstler-tobias-mueller-modern-art","kuenstler-urs-fischer","kuenstler-view-on-google-maps","kuenstler-willem-de-kooning","galerie_stadt-zuerich","galerie_land-ch"],"acf":[],"_links":{"self":[{"href":"https:\/\/contemporary-arts.de\/index.php\/wp-json\/wp\/v2\/galerie\/47297","targetHints":{"allow":["GET"]}}],"collection":[{"href":"https:\/\/contemporary-arts.de\/index.php\/wp-json\/wp\/v2\/galerie"}],"about":[{"href":"https:\/\/contemporary-arts.de\/index.php\/wp-json\/wp\/v2\/types\/galerie"}],"author":[{"embeddable":true,"href":"https:\/\/contemporary-arts.de\/index.php\/wp-json\/wp\/v2\/users\/1"}],"wp:attachment":[{"href":"https:\/\/contemporary-arts.de\/index.php\/wp-json\/wp\/v2\/media?parent=47297"}],"wp:term":[{"taxonomy":"kuenstler","embeddable":true,"href":"https:\/\/contemporary-arts.de\/index.php\/wp-json\/wp\/v2\/kuenstler?post=47297"},{"taxonomy":"galerie_stadt","embeddable":true,"href":"https:\/\/contemporary-arts.de\/index.php\/wp-json\/wp\/v2\/galerie_stadt?post=47297"},{"taxonomy":"galerie_typ","embeddable":true,"href":"https:\/\/contemporary-arts.de\/index.php\/wp-json\/wp\/v2\/galerie_typ?post=47297"},{"taxonomy":"galerie_land","embeddable":true,"href":"https:\/\/contemporary-arts.de\/index.php\/wp-json\/wp\/v2\/galerie_land?post=47297"}],"curies":[{"name":"wp","href":"https:\/\/api.w.org\/{rel}","templated":true}]}}

<p>Die Galerie Tobias Mueller Modern Art AG sitzt in Zürich. Vertreten werden 48 Künstlerinnen und Künstler.</p>

Zürich
