{"id":47247,"date":"2026-09-06T10:50:44","date_gmt":"2026-09-06T10:50:44","guid":{"rendered":"https:\/\/contemporary-arts.de\/?post_type=galerie&#038;p=47247"},"modified":"2026-09-06T12:34:23","modified_gmt":"2026-09-06T12:34:23","slug":"galerie-fabian-lang","status":"publish","type":"galerie","link":"https:\/\/contemporary-arts.de\/index.php\/galerie\/galerie-fabian-lang\/","title":{"rendered":"Galerie Fabian Lang"},"content":{"rendered":"<p>Die Galerie Galerie Fabian Lang sitzt in Z\u00fcrich. Gezeigt werden Arbeiten von 62 K\u00fcnstlerinnen und K\u00fcnstlern.<\/p>\n","protected":false},"excerpt":{"rendered":"<p>Die Galerie Galerie Fabian Lang sitzt in Z\u00fcrich. Gezeigt werden Arbeiten von 62 K\u00fcnstlerinnen und K\u00fcnstlern.<\/p>\n","protected":false},"author":1,"featured_media":0,"template":"","meta":{"_acf_changed":false,"galerie_place_id":"ChIJC6Qn0NWhmkcRQ8dtVKFhPCg","galerie_address":"Obere Z\u00e4une 12","galerie_city":"Z\u00fcrich","galerie_zip":"8001","galerie_country":"CH","galerie_latitude":"47.3711605","galerie_longitude":"8.5458727","galerie_phone":"+41442235433","galerie_url":"http:\/\/www.fabianlang.ch\/","galerie_domain":"www.fabianlang.ch","galerie_rating_value":"4.9","galerie_rating_count":"15","galerie_galerist":"","galerie_gruendung":"","galerie_artists_url":"http:\/\/www.fabianlang.ch\/artists","galerie_about_url":"http:\/\/www.fabianlang.ch\/about","galerie_quelle_stadt":"Z\u00fcrich","galerie_werk_typ":"","galerie_online_shop":"","galerie_werk_signale":"","galerie_ranking_score":"0","galerie_ranking_rang":"2115","galerie_claimed_by":""},"kuenstler":[6270,6271,6272,6261,5632,6273,6276,6274,6275,6279,6277,6280,6281,6278,6282,3691,6283,6284,6262,6287,6288,6285,6289,6286,6290,6291,6263,6100,6292,6264,6293,6294,6265,6303,6304,4078,6266,6295,6305,6296,4486,6297,6306,6298,6307,6299,6308,6300,4070,6267,3681,6309,6301,1797,6310,6302,6311,6312,6313,6268,6269,6314],"galerie_stadt":[1065],"galerie_typ":[],"galerie_land":[671],"class_list":["post-47247","galerie","type-galerie","status-publish","hentry","kuenstler-ali-banisadr","kuenstler-annie-morris","kuenstler-artur-lescher","kuenstler-becky-tucker","kuenstler-betty-woodman","kuenstler-bridget-mullen","kuenstler-caitlin-macbride","kuenstler-carina-emery","kuenstler-carl-anderson","kuenstler-caroline-achaintre","kuenstler-cathrin-hoffmann","kuenstler-charlie-billingham","kuenstler-chen-wen-qing","kuenstler-christian-hidaka","kuenstler-christin-khaukha","kuenstler-christina-forrer","kuenstler-clare-goodwin","kuenstler-ejr-barnes","kuenstler-elena-alonso","kuenstler-gabi-deutsch","kuenstler-grace-weaver","kuenstler-grayson-perry","kuenstler-guillaume-martin-taton","kuenstler-heidi-hahn","kuenstler-hippolyte-hentgen","kuenstler-idris-khan","kuenstler-isabelle-young","kuenstler-james-bantone","kuenstler-jessie-makinson","kuenstler-johnny-izatt-lowry","kuenstler-jorge-mendez-blake","kuenstler-justin-fitzpatrick","kuenstler-kilian-ruethemann","kuenstler-kim-dingle","kuenstler-lisa-ivory","kuenstler-maria-ceppi","kuenstler-mark-wallinger","kuenstler-mernet-larsen","kuenstler-mira-schor","kuenstler-neal-tait","kuenstler-perrine-boudy","kuenstler-peter-linde-busk","kuenstler-pia-camil","kuenstler-raphael-zarka","kuenstler-richard-burton","kuenstler-rirkrit-tiravanija","kuenstler-rita-zurbruegg","kuenstler-sam-stewart","kuenstler-sara-anstis","kuenstler-sarah-dwyer","kuenstler-stefan-brueggemann","kuenstler-svenja-deininger","kuenstler-tahnee-lonsdale","kuenstler-the-gallery","kuenstler-timothy-lai","kuenstler-tobias-bradford","kuenstler-victor-seaward","kuenstler-vincent-grange","kuenstler-wangechi-mutu","kuenstler-werner-frei","kuenstler-xiao-guo-hui","kuenstler-yulia-iosilzon","galerie_stadt-zuerich","galerie_land-ch"],"acf":[],"_links":{"self":[{"href":"https:\/\/contemporary-arts.de\/index.php\/wp-json\/wp\/v2\/galerie\/47247","targetHints":{"allow":["GET"]}}],"collection":[{"href":"https:\/\/contemporary-arts.de\/index.php\/wp-json\/wp\/v2\/galerie"}],"about":[{"href":"https:\/\/contemporary-arts.de\/index.php\/wp-json\/wp\/v2\/types\/galerie"}],"author":[{"embeddable":true,"href":"https:\/\/contemporary-arts.de\/index.php\/wp-json\/wp\/v2\/users\/1"}],"wp:attachment":[{"href":"https:\/\/contemporary-arts.de\/index.php\/wp-json\/wp\/v2\/media?parent=47247"}],"wp:term":[{"taxonomy":"kuenstler","embeddable":true,"href":"https:\/\/contemporary-arts.de\/index.php\/wp-json\/wp\/v2\/kuenstler?post=47247"},{"taxonomy":"galerie_stadt","embeddable":true,"href":"https:\/\/contemporary-arts.de\/index.php\/wp-json\/wp\/v2\/galerie_stadt?post=47247"},{"taxonomy":"galerie_typ","embeddable":true,"href":"https:\/\/contemporary-arts.de\/index.php\/wp-json\/wp\/v2\/galerie_typ?post=47247"},{"taxonomy":"galerie_land","embeddable":true,"href":"https:\/\/contemporary-arts.de\/index.php\/wp-json\/wp\/v2\/galerie_land?post=47247"}],"curies":[{"name":"wp","href":"https:\/\/api.w.org\/{rel}","templated":true}]}}

<p>Die Galerie Galerie Fabian Lang sitzt in Zürich. Gezeigt werden Arbeiten von 62 Künstlerinnen und Künstlern.</p>

Obere Zäune 12

Zürich
