{"id":47242,"date":"2026-09-06T10:50:44","date_gmt":"2026-09-06T10:50:44","guid":{"rendered":"https:\/\/contemporary-arts.de\/?post_type=galerie&#038;p=47242"},"modified":"2026-09-06T12:34:27","modified_gmt":"2026-09-06T12:34:27","slug":"kunstwerkstube-baden","status":"publish","type":"galerie","link":"https:\/\/contemporary-arts.de\/index.php\/galerie\/kunstwerkstube-baden\/","title":{"rendered":"Kunstwerkstube Baden"},"content":{"rendered":"<p>Kunstwerkstube Baden arbeitet in Baden mit Positionen aus Malerei. Zum Programm geh\u00f6ren 5 K\u00fcnstlerinnen und K\u00fcnstler.<\/p>\n","protected":false},"excerpt":{"rendered":"<p>Kunstwerkstube Baden arbeitet in Baden mit Positionen aus Malerei. Zum Programm geh\u00f6ren 5 K\u00fcnstlerinnen und K\u00fcnstler.<\/p>\n","protected":false},"author":1,"featured_media":0,"template":"","meta":{"_acf_changed":false,"galerie_place_id":"ChIJ7yE1ZSwTkEcRYekxQzS5wwM","galerie_address":"B\u00e4derstrasse 28","galerie_city":"Baden","galerie_zip":"5400","galerie_country":"CH","galerie_latitude":"47.4801194","galerie_longitude":"8.3131","galerie_phone":"+41764622436","galerie_url":"https:\/\/kunstwerkstube.ch\/","galerie_domain":"kunstwerkstube.ch","galerie_rating_value":"5","galerie_rating_count":"12","galerie_galerist":"","galerie_gruendung":"","galerie_artists_url":"https:\/\/kunstwerkstube.ch\/kuenstler","galerie_about_url":"","galerie_quelle_stadt":"Z\u00fcrich","galerie_werk_typ":"","galerie_online_shop":"","galerie_werk_signale":"","galerie_ranking_score":"0","galerie_ranking_rang":"2110","galerie_claimed_by":""},"kuenstler":[6237,6238,6236,1767,6235],"galerie_stadt":[1067],"galerie_typ":[],"galerie_land":[671],"class_list":["post-47242","galerie","type-galerie","status-publish","hentry","kuenstler-dauerpraesenzpermanent-presence","kuenstler-galerieplangallery-plan","kuenstler-ihre-vorteileyour-benefits","kuenstler-privacy-policy","kuenstler-termin-buchenbook-an-appointment","galerie_stadt-baden","galerie_land-ch"],"acf":[],"_links":{"self":[{"href":"https:\/\/contemporary-arts.de\/index.php\/wp-json\/wp\/v2\/galerie\/47242","targetHints":{"allow":["GET"]}}],"collection":[{"href":"https:\/\/contemporary-arts.de\/index.php\/wp-json\/wp\/v2\/galerie"}],"about":[{"href":"https:\/\/contemporary-arts.de\/index.php\/wp-json\/wp\/v2\/types\/galerie"}],"author":[{"embeddable":true,"href":"https:\/\/contemporary-arts.de\/index.php\/wp-json\/wp\/v2\/users\/1"}],"wp:attachment":[{"href":"https:\/\/contemporary-arts.de\/index.php\/wp-json\/wp\/v2\/media?parent=47242"}],"wp:term":[{"taxonomy":"kuenstler","embeddable":true,"href":"https:\/\/contemporary-arts.de\/index.php\/wp-json\/wp\/v2\/kuenstler?post=47242"},{"taxonomy":"galerie_stadt","embeddable":true,"href":"https:\/\/contemporary-arts.de\/index.php\/wp-json\/wp\/v2\/galerie_stadt?post=47242"},{"taxonomy":"galerie_typ","embeddable":true,"href":"https:\/\/contemporary-arts.de\/index.php\/wp-json\/wp\/v2\/galerie_typ?post=47242"},{"taxonomy":"galerie_land","embeddable":true,"href":"https:\/\/contemporary-arts.de\/index.php\/wp-json\/wp\/v2\/galerie_land?post=47242"}],"curies":[{"name":"wp","href":"https:\/\/api.w.org\/{rel}","templated":true}]}}

<p>Kunstwerkstube Baden arbeitet in Baden mit Positionen aus Malerei. Zum Programm gehören 5 Künstlerinnen und Künstler.</p>

Bäderstrasse 28

Zürich
