{"id":47176,"date":"2026-09-06T10:50:46","date_gmt":"2026-09-06T10:50:46","guid":{"rendered":"https:\/\/contemporary-arts.de\/?post_type=galerie&#038;p=47176"},"modified":"2026-09-06T12:35:28","modified_gmt":"2026-09-06T12:35:28","slug":"galerie-barbara-seiler","status":"publish","type":"galerie","link":"https:\/\/contemporary-arts.de\/index.php\/galerie\/galerie-barbara-seiler\/","title":{"rendered":"Galerie Barbara Seiler"},"content":{"rendered":"<p>Galerie Barbara Seiler arbeitet als Galerie in Z\u00fcrich. Bestehend seit 2009, umfasst das Programm inzwischen 22 K\u00fcnstlerinnen und K\u00fcnstler.<\/p>\n","protected":false},"excerpt":{"rendered":"<p>Galerie Barbara Seiler arbeitet als Galerie in Z\u00fcrich. Bestehend seit 2009, umfasst das Programm inzwischen 22 K\u00fcnstlerinnen und K\u00fcnstler.<\/p>\n","protected":false},"author":1,"featured_media":0,"template":"","meta":{"_acf_changed":false,"galerie_place_id":"ChIJvQRjOxgKkEcRgJeb3HN-Zfc","galerie_address":"R\u00e4mistrasse 18","galerie_city":"Z\u00fcrich","galerie_zip":"8001","galerie_country":"CH","galerie_latitude":"47.3680969","galerie_longitude":"8.5469763","galerie_phone":"+41433171042","galerie_url":"http:\/\/www.barbaraseiler.ch\/","galerie_domain":"www.barbaraseiler.ch","galerie_rating_value":"5","galerie_rating_count":"2","galerie_galerist":"","galerie_gruendung":"2009","galerie_artists_url":"https:\/\/www.barbaraseiler.ch\/artists\/","galerie_about_url":"https:\/\/www.barbaraseiler.ch\/about\/","galerie_quelle_stadt":"Z\u00fcrich","galerie_werk_typ":"","galerie_online_shop":"","galerie_werk_signale":"","galerie_ranking_score":"0","galerie_ranking_rang":"2165","galerie_claimed_by":""},"kuenstler":[6441,6445,6435,6444,6432,3030,6447,6430,6440,6442,6434,6438,6436,6429,6072,6428,6433,6431,6446,6439,6437,6443],"galerie_stadt":[1065],"galerie_typ":[],"galerie_land":[671],"class_list":["post-47176","galerie","type-galerie","status-publish","hentry","kuenstler-alex-mirutziu","kuenstler-annaik-lou-pitteloud","kuenstler-bob-eikelboom","kuenstler-caro-niederer","kuenstler-dina-danish","kuenstler-guillaume-pilet","kuenstler-ilona-stutz","kuenstler-livia-claesson","kuenstler-luis-maly","kuenstler-marc-nagtzaam","kuenstler-marcel-van-eeden","kuenstler-marijn-van-kreij","kuenstler-melissa-gordon","kuenstler-michiel-ceulers","kuenstler-milva-stutz","kuenstler-pauline-bastard","kuenstler-sander-van-deurzen","kuenstler-sarah-conaway","kuenstler-sebastian-stoehrer","kuenstler-shana-lutker","kuenstler-tenki-hiramatsu","kuenstler-warren-neidich","galerie_stadt-zuerich","galerie_land-ch"],"acf":[],"_links":{"self":[{"href":"https:\/\/contemporary-arts.de\/index.php\/wp-json\/wp\/v2\/galerie\/47176","targetHints":{"allow":["GET"]}}],"collection":[{"href":"https:\/\/contemporary-arts.de\/index.php\/wp-json\/wp\/v2\/galerie"}],"about":[{"href":"https:\/\/contemporary-arts.de\/index.php\/wp-json\/wp\/v2\/types\/galerie"}],"author":[{"embeddable":true,"href":"https:\/\/contemporary-arts.de\/index.php\/wp-json\/wp\/v2\/users\/1"}],"wp:attachment":[{"href":"https:\/\/contemporary-arts.de\/index.php\/wp-json\/wp\/v2\/media?parent=47176"}],"wp:term":[{"taxonomy":"kuenstler","embeddable":true,"href":"https:\/\/contemporary-arts.de\/index.php\/wp-json\/wp\/v2\/kuenstler?post=47176"},{"taxonomy":"galerie_stadt","embeddable":true,"href":"https:\/\/contemporary-arts.de\/index.php\/wp-json\/wp\/v2\/galerie_stadt?post=47176"},{"taxonomy":"galerie_typ","embeddable":true,"href":"https:\/\/contemporary-arts.de\/index.php\/wp-json\/wp\/v2\/galerie_typ?post=47176"},{"taxonomy":"galerie_land","embeddable":true,"href":"https:\/\/contemporary-arts.de\/index.php\/wp-json\/wp\/v2\/galerie_land?post=47176"}],"curies":[{"name":"wp","href":"https:\/\/api.w.org\/{rel}","templated":true}]}}

<p>Galerie Barbara Seiler arbeitet als Galerie in Zürich. Bestehend seit 2009, umfasst das Programm inzwischen 22 Künstlerinnen und Künstler.</p>

Rämistrasse 18

Zürich
