{"id":47165,"date":"2026-09-06T10:50:49","date_gmt":"2026-09-06T10:50:49","guid":{"rendered":"https:\/\/contemporary-arts.de\/?post_type=galerie&#038;p=47165"},"modified":"2026-09-06T12:34:27","modified_gmt":"2026-09-06T12:34:27","slug":"galerie-peter-kilchmann","status":"publish","type":"galerie","link":"https:\/\/contemporary-arts.de\/index.php\/galerie\/galerie-peter-kilchmann\/","title":{"rendered":"Galerie Peter Kilchmann"},"content":{"rendered":"<p>Galerie Peter Kilchmann ist eine Galerie in Z\u00fcrich. Gezeigt werden Arbeiten von 54 K\u00fcnstlerinnen und K\u00fcnstlern.<\/p>\n","protected":false},"excerpt":{"rendered":"<p>Galerie Peter Kilchmann ist eine Galerie in Z\u00fcrich. Gezeigt werden Arbeiten von 54 K\u00fcnstlerinnen und K\u00fcnstlern.<\/p>\n","protected":false},"author":1,"featured_media":0,"template":"","meta":{"_acf_changed":false,"galerie_place_id":"ChIJK8Ni7moKkEcRBtYvTpxw8_E","galerie_address":"Zahnradstrasse 21","galerie_city":"Z\u00fcrich","galerie_zip":"8005","galerie_country":"CH","galerie_latitude":"47.3864433","galerie_longitude":"8.5171915","galerie_phone":"+41442781010","galerie_url":"http:\/\/www.peterkilchmann.com\/","galerie_domain":"www.peterkilchmann.com","galerie_rating_value":"4.8","galerie_rating_count":"12","galerie_galerist":"","galerie_gruendung":"","galerie_artists_url":"http:\/\/www.peterkilchmann.com\/artists\/","galerie_about_url":"http:\/\/www.peterkilchmann.com\/about\/locations\/","galerie_quelle_stadt":"Z\u00fcrich","galerie_werk_typ":"","galerie_online_shop":"","galerie_werk_signale":"","galerie_ranking_score":"0","galerie_ranking_rang":"2224","galerie_claimed_by":""},"kuenstler":[6695,6681,3988,6675,6707,6684,6696,6686,6655,6685,1558,6698,6705,6693,6691,6683,1599,6670,6699,1603,6672,6679,1509,6704,6692,6680,6689,6400,6671,6678,6673,1553,6674,6694,6702,5596,6700,1767,6687,1557,1559,6701,1554,1506,6690,6703,6676,6706,6697,4217,1507,6677,6682,6688],"galerie_stadt":[1065],"galerie_typ":[],"galerie_land":[671],"class_list":["post-47165","galerie","type-galerie","status-publish","hentry","kuenstler-adrian-paci","kuenstler-andriu-deplazes","kuenstler-andy-denzler","kuenstler-armin-boehm","kuenstler-artur-zmijewski","kuenstler-beatriz-gonzalez","kuenstler-bernd-ribbeck","kuenstler-bruno-jakob","kuenstler-christine-streuli","kuenstler-christoph-haensli","kuenstler-cookie-preferences","kuenstler-dagoberto-rodriguez","kuenstler-didier-william","kuenstler-eva-nielsen","kuenstler-fabian-marti","kuenstler-fernanda-gomes","kuenstler-francis-alys","kuenstler-galerie-peter-kilchmann","kuenstler-grace-schwindt","kuenstler-hernan-bas","kuenstler-image-view","kuenstler-ishita-chakraborty","kuenstler-item-added-to-cart","kuenstler-javier-tellez","kuenstler-joao-mode","kuenstler-john-coplans","kuenstler-jorge-macchi","kuenstler-leiko-ikemura","kuenstler-list-view","kuenstler-los-carpinteros","kuenstler-maja-bajevic","kuenstler-manage-cookies","kuenstler-marc-bauer","kuenstler-matthias-odin","kuenstler-melanie-smith","kuenstler-monica-bonvicini","kuenstler-paul-mpagi-sepuya","kuenstler-privacy-policy","kuenstler-raffi-kalenderian","kuenstler-reject-non-essential","kuenstler-save-preferences","kuenstler-shirana-shahbazi","kuenstler-site-by-artlogic","kuenstler-skip-to-main-content","kuenstler-teresa-margolles","kuenstler-tobias-spichtig","kuenstler-travis-boyer","kuenstler-uwe-wittwer","kuenstler-valentin-rilliet","kuenstler-valerie-favre","kuenstler-viewing-room","kuenstler-vlassis-caniaris","kuenstler-willie-doherty","kuenstler-zilla-leutenegger","galerie_stadt-zuerich","galerie_land-ch"],"acf":[],"_links":{"self":[{"href":"https:\/\/contemporary-arts.de\/index.php\/wp-json\/wp\/v2\/galerie\/47165","targetHints":{"allow":["GET"]}}],"collection":[{"href":"https:\/\/contemporary-arts.de\/index.php\/wp-json\/wp\/v2\/galerie"}],"about":[{"href":"https:\/\/contemporary-arts.de\/index.php\/wp-json\/wp\/v2\/types\/galerie"}],"author":[{"embeddable":true,"href":"https:\/\/contemporary-arts.de\/index.php\/wp-json\/wp\/v2\/users\/1"}],"wp:attachment":[{"href":"https:\/\/contemporary-arts.de\/index.php\/wp-json\/wp\/v2\/media?parent=47165"}],"wp:term":[{"taxonomy":"kuenstler","embeddable":true,"href":"https:\/\/contemporary-arts.de\/index.php\/wp-json\/wp\/v2\/kuenstler?post=47165"},{"taxonomy":"galerie_stadt","embeddable":true,"href":"https:\/\/contemporary-arts.de\/index.php\/wp-json\/wp\/v2\/galerie_stadt?post=47165"},{"taxonomy":"galerie_typ","embeddable":true,"href":"https:\/\/contemporary-arts.de\/index.php\/wp-json\/wp\/v2\/galerie_typ?post=47165"},{"taxonomy":"galerie_land","embeddable":true,"href":"https:\/\/contemporary-arts.de\/index.php\/wp-json\/wp\/v2\/galerie_land?post=47165"}],"curies":[{"name":"wp","href":"https:\/\/api.w.org\/{rel}","templated":true}]}}

<p>Galerie Peter Kilchmann ist eine Galerie in Zürich. Gezeigt werden Arbeiten von 54 Künstlerinnen und Künstlern.</p>

Zürich
