{"id":47153,"date":"2026-09-06T10:50:48","date_gmt":"2026-09-06T10:50:48","guid":{"rendered":"https:\/\/contemporary-arts.de\/?post_type=galerie&#038;p=47153"},"modified":"2026-09-06T12:36:55","modified_gmt":"2026-09-06T12:36:55","slug":"galerie-mark-mueller","status":"publish","type":"galerie","link":"https:\/\/contemporary-arts.de\/index.php\/galerie\/galerie-mark-mueller\/","title":{"rendered":"Galerie Mark M\u00fcller"},"content":{"rendered":"<p>Der Schwerpunkt von Galerie Mark M\u00fcller in Z\u00fcrich liegt auf Malerei, Skulptur und Zeichnung. Vertreten werden 128 K\u00fcnstlerinnen und K\u00fcnstler. Neben dem Programm vor Ort ist das Haus auf Kunstmessen vertreten.<\/p>\n","protected":false},"excerpt":{"rendered":"<p>Der Schwerpunkt von Galerie Mark M\u00fcller in Z\u00fcrich liegt auf Malerei, Skulptur und Zeichnung. Vertreten werden 128 K\u00fcnstlerinnen und K\u00fcnstler. Neben dem Programm vor Ort ist das Haus auf Kunstmessen vertreten.<\/p>\n","protected":false},"author":1,"featured_media":0,"template":"","meta":{"_acf_changed":false,"galerie_place_id":"ChIJQ2Ja_wUKkEcRfreFskKTK-4","galerie_address":"Hafnerstrasse 44","galerie_city":"Z\u00fcrich","galerie_zip":"8005","galerie_country":"CH","galerie_latitude":"47.381692","galerie_longitude":"8.53643","galerie_phone":"+41442118155","galerie_url":"http:\/\/www.markmueller.ch\/","galerie_domain":"www.markmueller.ch","galerie_rating_value":"4.5","galerie_rating_count":"19","galerie_galerist":"","galerie_gruendung":"","galerie_artists_url":"https:\/\/www.markmueller.ch\/category\/artists\/","galerie_about_url":"https:\/\/www.markmueller.ch\/about\/","galerie_quelle_stadt":"Z\u00fcrich","galerie_werk_typ":"","galerie_online_shop":"","galerie_werk_signale":"","galerie_ranking_score":"0","galerie_ranking_rang":"2212","galerie_claimed_by":""},"kuenstler":[6613,6644,6657,6650,6077,6621,4424,6607,6616,6627,6576,6587,5445,6585,6610,4604,3706,6655,6601,6604,6625,6611,6660,6605,6632,6579,6574,6606,6668,6637,6622,6603,6572,6659,6638,6584,4144,6648,6575,3629,6647,6129,6639,6598,6588,6566,6642,2008,6592,6651,6582,6570,6581,6649,1978,5554,6629,6630,6654,6612,6608,6653,6569,1968,6635,6618,6578,6624,6631,6567,6652,6596,6636,6609,6665,6617,6589,5091,3041,6593,6640,6623,6594,6125,5889,6591,6599,6664,6620,6590,6628,6626,4858,6619,6641,6600,6658,6662,6580,6586,2230,6645,6663,1995,6643,6595,6568,6583,6667,6577,6571,6634,6669,6573,6602,3628,6026,6666,6150,6656,6615,2238,5528,6646,6661,6614,6597,6633],"galerie_stadt":[1065],"galerie_typ":[],"galerie_land":[671],"class_list":["post-47153","galerie","type-galerie","status-publish","hentry","kuenstler-achim-kobe","kuenstler-alice-ronchi","kuenstler-andrea-todisco","kuenstler-andri-stadler","kuenstler-anne-fellner","kuenstler-axel-lieber","kuenstler-beat-zoderer","kuenstler-benjamin-hoensch","kuenstler-benjamin-koglin","kuenstler-bernd-mechler","kuenstler-blanca-blarer","kuenstler-carlo-clopath","kuenstler-cassidy-toner","kuenstler-catherine-ceresole","kuenstler-cecil-hummel","kuenstler-christian-floquet","kuenstler-christian-marclay","kuenstler-christine-streuli","kuenstler-christoph-haerle","kuenstler-christoph-hefti","kuenstler-colin-mccahon","kuenstler-connie-huesser","kuenstler-cornelia-troesch","kuenstler-dagmar-heppner","kuenstler-dan-miller","kuenstler-dave-bopp","kuenstler-david-bielander","kuenstler-dennis-hollingsworth","kuenstler-duane-zaloudek","kuenstler-edit-oderbolz","kuenstler-elisa-lohmueller","kuenstler-eric-hattan","kuenstler-erica-baum","kuenstler-fabian-treiber","kuenstler-fabian-widukind-penzkofer","kuenstler-fadri-cadonau","kuenstler-felice-varini","kuenstler-florian-slotawa","kuenstler-flurin-bisig","kuenstler-francis-baudevin","kuenstler-francisco-sierra","kuenstler-francois-morellet","kuenstler-francois-perrodin","kuenstler-franziska-furter","kuenstler-frederic-dedelley","kuenstler-galeriemark-mueller","kuenstler-giacomo-santiago-rogado","kuenstler-guenther-wizemann","kuenstler-hannah-sophie-dunkelberg","kuenstler-hans-stalder","kuenstler-heidi-bucher","kuenstler-heike-kati-barath","kuenstler-heinz-breloh","kuenstler-helene-sperandio","kuenstler-helmut-federle","kuenstler-ilona-ruegg","kuenstler-ingo-meller","kuenstler-isa-melsheimer","kuenstler-isabel-stoffel","kuenstler-james-hyde","kuenstler-jan-hostettler","kuenstler-jessica-stockholder","kuenstler-joachim-bandau","kuenstler-john-m-armleder","kuenstler-john-nixon","kuenstler-jone-kvie","kuenstler-joerg-boner","kuenstler-joseph-marioni","kuenstler-judy-millar","kuenstler-juerg-altherr","kuenstler-juerg-staeuble","kuenstler-kai-fischer","kuenstler-karim-noureldin","kuenstler-karin-hueber","kuenstler-karl-jakob-wegmann","kuenstler-karsten-konrad","kuenstler-katalin-deer","kuenstler-katharina-grosse","kuenstler-katja-schenker","kuenstler-knut-eckstein","kuenstler-laurence-pittet","kuenstler-luetjens-padmanabhan","kuenstler-manuel-etterli","kuenstler-marcia-hafif","kuenstler-marion-baruch","kuenstler-markus-doebeli","kuenstler-markus-gadient","kuenstler-markus-weggenmann","kuenstler-marlen-letetzki","kuenstler-marta-djourina","kuenstler-martin-mele","kuenstler-matt-mcclune","kuenstler-maureen-kaegi","kuenstler-max-leiss","kuenstler-maya-rikli","kuenstler-michael-guenzburger","kuenstler-michael-toenges","kuenstler-michel-verjux","kuenstler-monika-brandmeier","kuenstler-neil-clements","kuenstler-nils-nova","kuenstler-nora-schmidt","kuenstler-nora-wagner","kuenstler-olivier-mosset","kuenstler-patrick-rohner","kuenstler-pawel-ferus","kuenstler-polly-apfelbaum","kuenstler-renate-buser","kuenstler-rene-zaech","kuenstler-reto-boller","kuenstler-riccardo-baruzzi","kuenstler-robert-nickas","kuenstler-robert-zandvliet","kuenstler-sabian-baumann","kuenstler-samuel-haitz","kuenstler-silvia-baechli","kuenstler-stefan-gritsch","kuenstler-stefan-wissel","kuenstler-stephanie-baechler","kuenstler-studio-anne-holtrop","kuenstler-susanna-koeberle","kuenstler-swetlana-heger","kuenstler-thomas-julier","kuenstler-tilo-schulz","kuenstler-tom-varley","kuenstler-ulrich-kochinke","kuenstler-urs-frei","kuenstler-yves-netzhammer","galerie_stadt-zuerich","galerie_land-ch"],"acf":[],"_links":{"self":[{"href":"https:\/\/contemporary-arts.de\/index.php\/wp-json\/wp\/v2\/galerie\/47153","targetHints":{"allow":["GET"]}}],"collection":[{"href":"https:\/\/contemporary-arts.de\/index.php\/wp-json\/wp\/v2\/galerie"}],"about":[{"href":"https:\/\/contemporary-arts.de\/index.php\/wp-json\/wp\/v2\/types\/galerie"}],"author":[{"embeddable":true,"href":"https:\/\/contemporary-arts.de\/index.php\/wp-json\/wp\/v2\/users\/1"}],"wp:attachment":[{"href":"https:\/\/contemporary-arts.de\/index.php\/wp-json\/wp\/v2\/media?parent=47153"}],"wp:term":[{"taxonomy":"kuenstler","embeddable":true,"href":"https:\/\/contemporary-arts.de\/index.php\/wp-json\/wp\/v2\/kuenstler?post=47153"},{"taxonomy":"galerie_stadt","embeddable":true,"href":"https:\/\/contemporary-arts.de\/index.php\/wp-json\/wp\/v2\/galerie_stadt?post=47153"},{"taxonomy":"galerie_typ","embeddable":true,"href":"https:\/\/contemporary-arts.de\/index.php\/wp-json\/wp\/v2\/galerie_typ?post=47153"},{"taxonomy":"galerie_land","embeddable":true,"href":"https:\/\/contemporary-arts.de\/index.php\/wp-json\/wp\/v2\/galerie_land?post=47153"}],"curies":[{"name":"wp","href":"https:\/\/api.w.org\/{rel}","templated":true}]}}

Galerie Mark Müller

<p>Der Schwerpunkt von Galerie Mark Müller in Zürich liegt auf Malerei, Skulptur und Zeichnung. Vertreten werden 128 Künstlerinnen und Künstler. Neben dem Programm vor Ort ist das Haus auf Kunstmessen vertreten.</p>

Zürich
