{"id":47145,"date":"2026-09-06T10:50:48","date_gmt":"2026-09-06T10:50:48","guid":{"rendered":"https:\/\/contemporary-arts.de\/?post_type=galerie&#038;p=47145"},"modified":"2026-09-06T12:34:34","modified_gmt":"2026-09-06T12:34:34","slug":"galerie-andres-thalmann","status":"publish","type":"galerie","link":"https:\/\/contemporary-arts.de\/index.php\/galerie\/galerie-andres-thalmann\/","title":{"rendered":"Galerie Andres Thalmann"},"content":{"rendered":"<p>Der Schwerpunkt von Galerie Andres Thalmann in Z\u00fcrich liegt auf Fotografie. Zum Programm geh\u00f6ren 38 K\u00fcnstlerinnen und K\u00fcnstler. Der Blick geht dabei eher auf j\u00fcngere Positionen als auf etablierte Namen.<\/p>\n","protected":false},"excerpt":{"rendered":"<p>Der Schwerpunkt von Galerie Andres Thalmann in Z\u00fcrich liegt auf Fotografie. Zum Programm geh\u00f6ren 38 K\u00fcnstlerinnen und K\u00fcnstler. Der Blick geht dabei eher auf j\u00fcngere Positionen als auf etablierte Namen.<\/p>\n","protected":false},"author":1,"featured_media":0,"template":"","meta":{"_acf_changed":false,"galerie_place_id":"ChIJo2d75gMKkEcRNoUNhCbKX-0","galerie_address":"Talstrasse 66","galerie_city":"Z\u00fcrich","galerie_zip":"8001","galerie_country":"CH","galerie_latitude":"47.3709574","galerie_longitude":"8.5351812","galerie_phone":"+41442102001","galerie_url":"http:\/\/www.andresthalmann.com\/","galerie_domain":"www.andresthalmann.com","galerie_rating_value":"5","galerie_rating_count":"10","galerie_galerist":"","galerie_gruendung":"","galerie_artists_url":"http:\/\/www.andresthalmann.com\/artists\/","galerie_about_url":"http:\/\/www.andresthalmann.com\/about\/","galerie_quelle_stadt":"Z\u00fcrich","galerie_werk_typ":"","galerie_online_shop":"","galerie_werk_signale":"","galerie_ranking_score":"0","galerie_ranking_rang":"2204","galerie_claimed_by":""},"kuenstler":[6232,6218,6223,1988,6214,6216,4642,1558,6137,6228,6220,6213,6219,5118,1619,6222,3910,1555,6221,1553,6233,6215,3513,5580,6225,6224,6226,1767,6229,1557,6230,1559,2700,1554,1506,6231,6217,6227],"galerie_stadt":[1065],"galerie_typ":[],"galerie_land":[671],"class_list":["post-47145","galerie","type-galerie","status-publish","hentry","kuenstler-andrew-james-ward","kuenstler-bahk-seon-ghi","kuenstler-barbara-ellmerer","kuenstler-barbara-hee","kuenstler-bryan-adams","kuenstler-caetano-de-almeida","kuenstler-claude-viallat","kuenstler-cookie-preferences","kuenstler-donald-sultan","kuenstler-eamon-okane","kuenstler-erwin-blumenfeld","kuenstler-galerie-andres-thalmann","kuenstler-guido-baselgia","kuenstler-howard-hodgkin","kuenstler-ian-davenport","kuenstler-jessica-craig-martin","kuenstler-joan-hernandez-pijuan","kuenstler-join-the-mailing-list","kuenstler-kyungwoo-chun","kuenstler-manage-cookies","kuenstler-manijeh-yadegar","kuenstler-marina-adams","kuenstler-michael-craig-martin","kuenstler-michel-comte","kuenstler-myriam-holme","kuenstler-nigel-hall","kuenstler-paul-hosking","kuenstler-privacy-policy","kuenstler-ralf-peters","kuenstler-reject-non-essential","kuenstler-rosana-ricalde","kuenstler-save-preferences","kuenstler-send-an-email","kuenstler-site-by-artlogic","kuenstler-skip-to-main-content","kuenstler-sudarshan-shetty","kuenstler-sue-arrowsmith","kuenstler-suzanne-mcclelland","galerie_stadt-zuerich","galerie_land-ch"],"acf":[],"_links":{"self":[{"href":"https:\/\/contemporary-arts.de\/index.php\/wp-json\/wp\/v2\/galerie\/47145","targetHints":{"allow":["GET"]}}],"collection":[{"href":"https:\/\/contemporary-arts.de\/index.php\/wp-json\/wp\/v2\/galerie"}],"about":[{"href":"https:\/\/contemporary-arts.de\/index.php\/wp-json\/wp\/v2\/types\/galerie"}],"author":[{"embeddable":true,"href":"https:\/\/contemporary-arts.de\/index.php\/wp-json\/wp\/v2\/users\/1"}],"wp:attachment":[{"href":"https:\/\/contemporary-arts.de\/index.php\/wp-json\/wp\/v2\/media?parent=47145"}],"wp:term":[{"taxonomy":"kuenstler","embeddable":true,"href":"https:\/\/contemporary-arts.de\/index.php\/wp-json\/wp\/v2\/kuenstler?post=47145"},{"taxonomy":"galerie_stadt","embeddable":true,"href":"https:\/\/contemporary-arts.de\/index.php\/wp-json\/wp\/v2\/galerie_stadt?post=47145"},{"taxonomy":"galerie_typ","embeddable":true,"href":"https:\/\/contemporary-arts.de\/index.php\/wp-json\/wp\/v2\/galerie_typ?post=47145"},{"taxonomy":"galerie_land","embeddable":true,"href":"https:\/\/contemporary-arts.de\/index.php\/wp-json\/wp\/v2\/galerie_land?post=47145"}],"curies":[{"name":"wp","href":"https:\/\/api.w.org\/{rel}","templated":true}]}}

<p>Der Schwerpunkt von Galerie Andres Thalmann in Zürich liegt auf Fotografie. Zum Programm gehören 38 Künstlerinnen und Künstler. Der Blick geht dabei eher auf jüngere Positionen als auf etablierte Namen.</p>

Zürich
