{"id":47111,"date":"2026-09-06T10:50:49","date_gmt":"2026-09-06T10:50:49","guid":{"rendered":"https:\/\/contemporary-arts.de\/?post_type=galerie&#038;p=47111"},"modified":"2026-09-06T12:34:27","modified_gmt":"2026-09-06T12:34:27","slug":"galerie-duer","status":"publish","type":"galerie","link":"https:\/\/contemporary-arts.de\/index.php\/galerie\/galerie-duer\/","title":{"rendered":"Galerie D\u00fcr"},"content":{"rendered":"<p>Galerie D\u00fcr arbeitet als Galerie in W\u00e4denswil. Das Programm umfasst 25 Positionen.<\/p>\n","protected":false},"excerpt":{"rendered":"<p>Galerie D\u00fcr arbeitet als Galerie in W\u00e4denswil. Das Programm umfasst 25 Positionen.<\/p>\n","protected":false},"author":1,"featured_media":0,"template":"","meta":{"_acf_changed":false,"galerie_place_id":"ChIJyeLEQTeumkcRomyz1lqKuRY","galerie_address":"Zugerstrasse 1","galerie_city":"W\u00e4denswil","galerie_zip":"8820","galerie_country":"CH","galerie_latitude":"47.2296708","galerie_longitude":"8.6736097","galerie_phone":"+41434779070","galerie_url":"https:\/\/www.galerie-duer.ch\/","galerie_domain":"www.galerie-duer.ch","galerie_rating_value":"4.7","galerie_rating_count":"12","galerie_galerist":"","galerie_gruendung":"","galerie_artists_url":"https:\/\/www.galerie-duer.ch\/Kuenstler.htm","galerie_about_url":"","galerie_quelle_stadt":"Z\u00fcrich","galerie_werk_typ":"","galerie_online_shop":"","galerie_werk_signale":"","galerie_ranking_score":"0","galerie_ranking_rang":"2237","galerie_claimed_by":""},"kuenstler":[6728,6742,6744,6732,6726,6741,6745,2529,6733,6736,6738,6735,6724,6737,6731,6725,6739,6730,6727,6722,6723,6740,6743,6729,6734],"galerie_stadt":[1086],"galerie_typ":[],"galerie_land":[671],"class_list":["post-47111","galerie","type-galerie","status-publish","hentry","kuenstler-alain-desarzens","kuenstler-berta-solana","kuenstler-bettina-marion-ulrich","kuenstler-chantal-hediger","kuenstler-claus-costa","kuenstler-david-segeta","kuenstler-dean-williams","kuenstler-edelgard-wittkowski","kuenstler-hans-hoppler","kuenstler-hans-peter-mader","kuenstler-judy-michel","kuenstler-marianne-kindt","kuenstler-marion-beeler","kuenstler-marius-markowski","kuenstler-mercedes-gozalo","kuenstler-monika-biermann","kuenstler-nicolai-schiess","kuenstler-peter-gehring","kuenstler-petra-gabriele-dannehl","kuenstler-seite-drucken","kuenstler-seite-empfehlen","kuenstler-sonja-schmid","kuenstler-stefanie-steinmayer","kuenstler-thomas-droll","kuenstler-thomas-jankowski","galerie_stadt-waedenswil","galerie_land-ch"],"acf":[],"_links":{"self":[{"href":"https:\/\/contemporary-arts.de\/index.php\/wp-json\/wp\/v2\/galerie\/47111","targetHints":{"allow":["GET"]}}],"collection":[{"href":"https:\/\/contemporary-arts.de\/index.php\/wp-json\/wp\/v2\/galerie"}],"about":[{"href":"https:\/\/contemporary-arts.de\/index.php\/wp-json\/wp\/v2\/types\/galerie"}],"author":[{"embeddable":true,"href":"https:\/\/contemporary-arts.de\/index.php\/wp-json\/wp\/v2\/users\/1"}],"wp:attachment":[{"href":"https:\/\/contemporary-arts.de\/index.php\/wp-json\/wp\/v2\/media?parent=47111"}],"wp:term":[{"taxonomy":"kuenstler","embeddable":true,"href":"https:\/\/contemporary-arts.de\/index.php\/wp-json\/wp\/v2\/kuenstler?post=47111"},{"taxonomy":"galerie_stadt","embeddable":true,"href":"https:\/\/contemporary-arts.de\/index.php\/wp-json\/wp\/v2\/galerie_stadt?post=47111"},{"taxonomy":"galerie_typ","embeddable":true,"href":"https:\/\/contemporary-arts.de\/index.php\/wp-json\/wp\/v2\/galerie_typ?post=47111"},{"taxonomy":"galerie_land","embeddable":true,"href":"https:\/\/contemporary-arts.de\/index.php\/wp-json\/wp\/v2\/galerie_land?post=47111"}],"curies":[{"name":"wp","href":"https:\/\/api.w.org\/{rel}","templated":true}]}}

Galerie Dür

<p>Galerie Dür arbeitet als Galerie in Wädenswil. Das Programm umfasst 25 Positionen.</p>

Wädenswil

Zürich
