{"id":47100,"date":"2026-09-06T10:50:51","date_gmt":"2026-09-06T10:50:51","guid":{"rendered":"https:\/\/contemporary-arts.de\/?post_type=galerie&#038;p=47100"},"modified":"2026-09-06T12:37:40","modified_gmt":"2026-09-06T12:37:40","slug":"edition-3000","status":"publish","type":"galerie","link":"https:\/\/contemporary-arts.de\/index.php\/galerie\/edition-3000\/","title":{"rendered":"Edition 3000"},"content":{"rendered":"<p>Edition 3000 hat sich in Z\u00fcrich auf Druckgrafik, Fotografie und Editionen ausgerichtet. Gezeigt werden Arbeiten von 30 K\u00fcnstlerinnen und K\u00fcnstlern. Editionen und Druckgrafik halten dabei einen festen Platz neben den Unikaten.<\/p>\n","protected":false},"excerpt":{"rendered":"<p>Edition 3000 hat sich in Z\u00fcrich auf Druckgrafik, Fotografie und Editionen ausgerichtet. Gezeigt werden Arbeiten von 30 K\u00fcnstlerinnen und K\u00fcnstlern. Editionen und Druckgrafik halten dabei einen festen Platz neben den Unikaten.<\/p>\n","protected":false},"author":1,"featured_media":0,"template":"","meta":{"_acf_changed":false,"galerie_place_id":"ChIJJYdsV8wLkEcRjmUb7CtEzOA","galerie_address":"Aemtlerstrasse 16","galerie_city":"Z\u00fcrich","galerie_zip":"8003","galerie_country":"CH","galerie_latitude":"47.3714049","galerie_longitude":"8.5165445","galerie_phone":"","galerie_url":"https:\/\/edition3000.com\/","galerie_domain":"edition3000.com","galerie_rating_value":"5","galerie_rating_count":"2","galerie_galerist":"","galerie_gruendung":"","galerie_artists_url":"https:\/\/edition3000.com\/collections\/artists","galerie_about_url":"https:\/\/edition3000.com\/pages\/about-us","galerie_quelle_stadt":"Z\u00fcrich","galerie_werk_typ":"editionen","galerie_online_shop":"nein","galerie_werk_signale":"","galerie_ranking_score":"0","galerie_ranking_rang":"2281","galerie_claimed_by":""},"kuenstler":[6901,6898,6889,6905,6892,6882,6894,6891,6897,6903,6886,6883,6899,6895,6880,6890,6884,6896,1767,6771,6881,6906,6904,6888,2209,6885,6887,6900,6902,6893],"galerie_stadt":[1065],"galerie_typ":[],"galerie_land":[671],"class_list":["post-47100","galerie","type-galerie","status-publish","hentry","kuenstler-about-edition3000","kuenstler-artists-nicolas-quiniou","kuenstler-aso-mohammadi","kuenstler-change-address","kuenstler-claude-gasser","kuenstler-cyrill-matter","kuenstler-dan-cermak","kuenstler-diago-mariotta-mendez","kuenstler-drucke-deine-eigene-edition","kuenstler-get-shipping-rates","kuenstler-julia-ishac","kuenstler-laura-signer","kuenstler-lerne-unsere-fotografeninnen-kennen","kuenstler-marie-christine-gerber","kuenstler-nicolas-quiniou","kuenstler-peter-hauser","kuenstler-phil-bucher","kuenstler-philip-leutert","kuenstler-privacy-policy","kuenstler-refund-policy","kuenstler-sabina-boesch","kuenstler-shipping-address","kuenstler-shipping-methods","kuenstler-studio-vegete","kuenstler-terms-of-service","kuenstler-till-forrer","kuenstler-tobias-faisst","kuenstler-werde-gluecklich","kuenstler-werde-member3000","kuenstler-yves-bachmann","galerie_stadt-zuerich","galerie_land-ch"],"acf":[],"_links":{"self":[{"href":"https:\/\/contemporary-arts.de\/index.php\/wp-json\/wp\/v2\/galerie\/47100","targetHints":{"allow":["GET"]}}],"collection":[{"href":"https:\/\/contemporary-arts.de\/index.php\/wp-json\/wp\/v2\/galerie"}],"about":[{"href":"https:\/\/contemporary-arts.de\/index.php\/wp-json\/wp\/v2\/types\/galerie"}],"author":[{"embeddable":true,"href":"https:\/\/contemporary-arts.de\/index.php\/wp-json\/wp\/v2\/users\/1"}],"wp:attachment":[{"href":"https:\/\/contemporary-arts.de\/index.php\/wp-json\/wp\/v2\/media?parent=47100"}],"wp:term":[{"taxonomy":"kuenstler","embeddable":true,"href":"https:\/\/contemporary-arts.de\/index.php\/wp-json\/wp\/v2\/kuenstler?post=47100"},{"taxonomy":"galerie_stadt","embeddable":true,"href":"https:\/\/contemporary-arts.de\/index.php\/wp-json\/wp\/v2\/galerie_stadt?post=47100"},{"taxonomy":"galerie_typ","embeddable":true,"href":"https:\/\/contemporary-arts.de\/index.php\/wp-json\/wp\/v2\/galerie_typ?post=47100"},{"taxonomy":"galerie_land","embeddable":true,"href":"https:\/\/contemporary-arts.de\/index.php\/wp-json\/wp\/v2\/galerie_land?post=47100"}],"curies":[{"name":"wp","href":"https:\/\/api.w.org\/{rel}","templated":true}]}}

<p>Edition 3000 hat sich in Zürich auf Druckgrafik, Fotografie und Editionen ausgerichtet. Gezeigt werden Arbeiten von 30 Künstlerinnen und Künstlern. Editionen und Druckgrafik halten dabei einen festen Platz neben den Unikaten.</p>

Zürich
