{"id":47082,"date":"2026-09-06T10:51:03","date_gmt":"2026-09-06T10:51:03","guid":{"rendered":"https:\/\/contemporary-arts.de\/?post_type=galerie&#038;p=47082"},"modified":"2026-09-06T12:34:18","modified_gmt":"2026-09-06T12:34:18","slug":"galerie-kunst-zuerich-sued","status":"publish","type":"galerie","link":"https:\/\/contemporary-arts.de\/index.php\/galerie\/galerie-kunst-zuerich-sued\/","title":{"rendered":"Galerie Kunst Z\u00fcrich S\u00fcd"},"content":{"rendered":"<p>Galerie Kunst Z\u00fcrich S\u00fcd arbeitet in Adliswil mit Positionen aus Malerei, Fotografie und Installation. Zum Programm geh\u00f6ren 119 K\u00fcnstlerinnen und K\u00fcnstler.<\/p>\n","protected":false},"excerpt":{"rendered":"<p>Galerie Kunst Z\u00fcrich S\u00fcd arbeitet in Adliswil mit Positionen aus Malerei, Fotografie und Installation. Zum Programm geh\u00f6ren 119 K\u00fcnstlerinnen und K\u00fcnstler.<\/p>\n","protected":false},"author":1,"featured_media":0,"template":"","meta":{"_acf_changed":false,"galerie_place_id":"ChIJAcXKS-GnmkcRuZj6EBmC_BU","galerie_address":"Z\u00fcrichstrasse 1","galerie_city":"Adliswil","galerie_zip":"8134","galerie_country":"CH","galerie_latitude":"47.3125465","galerie_longitude":"8.5266135","galerie_phone":"","galerie_url":"https:\/\/kunstzuerichsued.com\/","galerie_domain":"kunstzuerichsued.com","galerie_rating_value":"5","galerie_rating_count":"17","galerie_galerist":"","galerie_gruendung":"","galerie_artists_url":"https:\/\/kunstzuerichsued.com\/kuenstlerinnen\/","galerie_about_url":"","galerie_quelle_stadt":"Z\u00fcrich","galerie_werk_typ":"unbestimmt","galerie_online_shop":"nein","galerie_werk_signale":"","galerie_ranking_score":"0","galerie_ranking_rang":"2314","galerie_claimed_by":""},"kuenstler":[7027,7028,7029,7030,7031,7032,7033,7034,7035,7036,7037,7038,7039,7040,7042,7041,7022,7043,7044,7048,7045,7046,7047,7049,7050,7051,7052,7053,7054,7055,7056,7058,7057,7059,7060,7062,7061,7065,7063,7064,7066,7067,7068,7069,7070,7072,7071,7073,7074,7075,7076,7077,7078,7079,7080,7026,7081,7082,7083,7084,7024,7025,7085,7086,7087,7088,7089,7090,7091,7092,7093,2567,7023,7094,7095,7096,7097,7098,7099,7100,7101,7102,7103,7104,7105,7106,7107,7108,7109,7110,7111,7112,7113,7115,7114,7116,7117,7118,7119,7120,7121,7122,7123,7124,7125,7126,7127,7128,7129,7130,7131,7132,7133,7134,7135,7136,7137,7138,7139],"galerie_stadt":[1101],"galerie_typ":[],"galerie_land":[671],"class_list":["post-47082","galerie","type-galerie","status-publish","hentry","kuenstler-abt-streuli-annamarie","kuenstler-aby-gina","kuenstler-aktas-sedef-hande","kuenstler-alic-sarah","kuenstler-annamalai-franziska","kuenstler-bachmann-therese","kuenstler-battula-rajani","kuenstler-benz-claudia","kuenstler-bhend-markus","kuenstler-brandenberger-joel","kuenstler-brenner-annette","kuenstler-bumbacher-dilek","kuenstler-cottely-lebourgeois-nora","kuenstler-croci-barbara","kuenstler-dambach-jacqueline","kuenstler-dellaira-cristiana","kuenstler-der-verein","kuenstler-desmoinaux-christel","kuenstler-deviprasad-rao","kuenstler-di-vincenzo-minttu","kuenstler-dieckmann-ulrike","kuenstler-diem-walter","kuenstler-dittrich-schneider-monika","kuenstler-dohrmann-silke","kuenstler-dorer-daniel","kuenstler-drechsel-marco","kuenstler-eklin-julia","kuenstler-emch-hansres","kuenstler-fasser-ingrid","kuenstler-fein-raymond","kuenstler-fru-ch-frutiger-beat","kuenstler-gaechter-juyeon","kuenstler-gancarz-wioletta","kuenstler-gaertner-irene","kuenstler-gerschwiler-hadorn-beatrice","kuenstler-goekner-aisha","kuenstler-gwerder-stutz-dominique","kuenstler-haegi-florian","kuenstler-hauger-caroline","kuenstler-hauri-roger","kuenstler-hauser-lendenmann-susanne","kuenstler-herb-nicole","kuenstler-hermann-eugen","kuenstler-hofmann-corina-capri","kuenstler-hubeli-ulrich","kuenstler-inozemtceva-natalia","kuenstler-isch-andrea","kuenstler-jabban-lara","kuenstler-kaelin-laura","kuenstler-kaempfer-heidi","kuenstler-kapferer-nicole","kuenstler-kappeler-christoph","kuenstler-keihl-verena","kuenstler-kellenberger-bettina","kuenstler-kleeb-stephane","kuenstler-kleisli-fritz","kuenstler-knitter-claus","kuenstler-koller-christian","kuenstler-koska-patrycja","kuenstler-kostolna-blazenka","kuenstler-kuenstlerinnen-a-z","kuenstler-kuenstlerinnen-werke","kuenstler-kuratli-froehlich-shanna","kuenstler-kuznetsova-lu","kuenstler-lay-martin","kuenstler-liljenfeldt-tanya","kuenstler-llewelyn-kaye","kuenstler-luechinger-antoinette","kuenstler-marina-yulia","kuenstler-mathis-maria","kuenstler-matter-ulrike","kuenstler-mitglied-werden","kuenstler-mitglieder-kunst","kuenstler-nielsen-elin","kuenstler-odok-marianne","kuenstler-orthwein-erhard-silvia","kuenstler-palombo-corina","kuenstler-pepe-david","kuenstler-plattner-erika","kuenstler-popova-olesja","kuenstler-rechsteiner-victoria","kuenstler-reinert-roland","kuenstler-rojas-orellana-hellen","kuenstler-rosenius-marika","kuenstler-rossi-sandra","kuenstler-ruoss-haller-christa","kuenstler-saxer-gerber-barbara","kuenstler-schildknecht-christina","kuenstler-schnell-erika","kuenstler-schoepfer-luthiger-susanne","kuenstler-schroeder-vik","kuenstler-seva-alena","kuenstler-sibandova-beata","kuenstler-signer-berger-monika","kuenstler-sipes-lowell","kuenstler-sommer-franz","kuenstler-spycher-sibylle","kuenstler-steiger-svetlana","kuenstler-steuber-kai-uwe","kuenstler-streuli-caroline","kuenstler-sulser-ursula","kuenstler-terentieva-elena","kuenstler-terpet-katharina","kuenstler-thierstein-hans","kuenstler-tobler-rohr-marion","kuenstler-tokareva-kristina","kuenstler-ulrich-marion-bettina","kuenstler-vontobel-ruedi","kuenstler-waibel-annemarie","kuenstler-wedel-andrea","kuenstler-weideli-peter","kuenstler-weiss-marcel","kuenstler-widmer-mirjam","kuenstler-winteler-claudia","kuenstler-wolf-patricia","kuenstler-zabuga-aleksandra","kuenstler-zeltner-hatice","kuenstler-zimmermann-sonja","kuenstler-zyka-franziska","galerie_stadt-adliswil","galerie_land-ch"],"acf":[],"_links":{"self":[{"href":"https:\/\/contemporary-arts.de\/index.php\/wp-json\/wp\/v2\/galerie\/47082","targetHints":{"allow":["GET"]}}],"collection":[{"href":"https:\/\/contemporary-arts.de\/index.php\/wp-json\/wp\/v2\/galerie"}],"about":[{"href":"https:\/\/contemporary-arts.de\/index.php\/wp-json\/wp\/v2\/types\/galerie"}],"author":[{"embeddable":true,"href":"https:\/\/contemporary-arts.de\/index.php\/wp-json\/wp\/v2\/users\/1"}],"wp:attachment":[{"href":"https:\/\/contemporary-arts.de\/index.php\/wp-json\/wp\/v2\/media?parent=47082"}],"wp:term":[{"taxonomy":"kuenstler","embeddable":true,"href":"https:\/\/contemporary-arts.de\/index.php\/wp-json\/wp\/v2\/kuenstler?post=47082"},{"taxonomy":"galerie_stadt","embeddable":true,"href":"https:\/\/contemporary-arts.de\/index.php\/wp-json\/wp\/v2\/galerie_stadt?post=47082"},{"taxonomy":"galerie_typ","embeddable":true,"href":"https:\/\/contemporary-arts.de\/index.php\/wp-json\/wp\/v2\/galerie_typ?post=47082"},{"taxonomy":"galerie_land","embeddable":true,"href":"https:\/\/contemporary-arts.de\/index.php\/wp-json\/wp\/v2\/galerie_land?post=47082"}],"curies":[{"name":"wp","href":"https:\/\/api.w.org\/{rel}","templated":true}]}}

Galerie Kunst Zürich Süd

<p>Galerie Kunst Zürich Süd arbeitet in Adliswil mit Positionen aus Malerei, Fotografie und Installation. Zum Programm gehören 119 Künstlerinnen und Künstler.</p>

Zürichstrasse 1

Zürich
