{"id":47068,"date":"2026-09-06T10:50:51","date_gmt":"2026-09-06T10:50:51","guid":{"rendered":"https:\/\/contemporary-arts.de\/?post_type=galerie&#038;p=47068"},"modified":"2026-09-06T12:34:38","modified_gmt":"2026-09-06T12:34:38","slug":"lechbinska-gallery","status":"publish","type":"galerie","link":"https:\/\/contemporary-arts.de\/index.php\/galerie\/lechbinska-gallery\/","title":{"rendered":"Lechbinska Gallery"},"content":{"rendered":"<p>In Z\u00fcrich findet sich mit Lechbinska Gallery eine Galerie. Bestehend seit 2020, umfasst das Programm inzwischen 4 K\u00fcnstlerinnen und K\u00fcnstler.<\/p>\n","protected":false},"excerpt":{"rendered":"<p>In Z\u00fcrich findet sich mit Lechbinska Gallery eine Galerie. Bestehend seit 2020, umfasst das Programm inzwischen 4 K\u00fcnstlerinnen und K\u00fcnstler.<\/p>\n","protected":false},"author":1,"featured_media":0,"template":"","meta":{"_acf_changed":false,"galerie_place_id":"ChIJp9NW11KnmkcRSZEOGi85Mtc","galerie_address":"M\u00fchlebachstrasse 12","galerie_city":"Z\u00fcrich","galerie_zip":"8008","galerie_country":"CH","galerie_latitude":"47.365423","galerie_longitude":"8.549526","galerie_phone":"+41432437106","galerie_url":"https:\/\/lechbinska.com\/","galerie_domain":"lechbinska.com","galerie_rating_value":"5","galerie_rating_count":"9","galerie_galerist":"","galerie_gruendung":"2020","galerie_artists_url":"https:\/\/lechbinska.com\/represented-artists","galerie_about_url":"https:\/\/lechbinska.com\/about-us","galerie_quelle_stadt":"Z\u00fcrich","galerie_werk_typ":"unbestimmt","galerie_online_shop":"nein","galerie_werk_signale":"","galerie_ranking_score":"0","galerie_ranking_rang":"2300","galerie_claimed_by":""},"kuenstler":[1721,6907,6908,6909],"galerie_stadt":[1065],"galerie_typ":[],"galerie_land":[671],"class_list":["post-47068","galerie","type-galerie","status-publish","hentry","kuenstler-about-us","kuenstler-bouvier-auslaender","kuenstler-plan-your-visit","kuenstler-secure-payment","galerie_stadt-zuerich","galerie_land-ch"],"acf":[],"_links":{"self":[{"href":"https:\/\/contemporary-arts.de\/index.php\/wp-json\/wp\/v2\/galerie\/47068","targetHints":{"allow":["GET"]}}],"collection":[{"href":"https:\/\/contemporary-arts.de\/index.php\/wp-json\/wp\/v2\/galerie"}],"about":[{"href":"https:\/\/contemporary-arts.de\/index.php\/wp-json\/wp\/v2\/types\/galerie"}],"author":[{"embeddable":true,"href":"https:\/\/contemporary-arts.de\/index.php\/wp-json\/wp\/v2\/users\/1"}],"wp:attachment":[{"href":"https:\/\/contemporary-arts.de\/index.php\/wp-json\/wp\/v2\/media?parent=47068"}],"wp:term":[{"taxonomy":"kuenstler","embeddable":true,"href":"https:\/\/contemporary-arts.de\/index.php\/wp-json\/wp\/v2\/kuenstler?post=47068"},{"taxonomy":"galerie_stadt","embeddable":true,"href":"https:\/\/contemporary-arts.de\/index.php\/wp-json\/wp\/v2\/galerie_stadt?post=47068"},{"taxonomy":"galerie_typ","embeddable":true,"href":"https:\/\/contemporary-arts.de\/index.php\/wp-json\/wp\/v2\/galerie_typ?post=47068"},{"taxonomy":"galerie_land","embeddable":true,"href":"https:\/\/contemporary-arts.de\/index.php\/wp-json\/wp\/v2\/galerie_land?post=47068"}],"curies":[{"name":"wp","href":"https:\/\/api.w.org\/{rel}","templated":true}]}}

<p>In Zürich findet sich mit Lechbinska Gallery eine Galerie. Bestehend seit 2020, umfasst das Programm inzwischen 4 Künstlerinnen und Künstler.</p>

Mühlebachstrasse 12

Zürich
