{"id":47059,"date":"2026-09-06T10:50:51","date_gmt":"2026-09-06T10:50:51","guid":{"rendered":"https:\/\/contemporary-arts.de\/?post_type=galerie&#038;p=47059"},"modified":"2026-09-06T12:34:05","modified_gmt":"2026-09-06T12:34:05","slug":"kunstwarenhaus-galerie","status":"publish","type":"galerie","link":"https:\/\/contemporary-arts.de\/index.php\/galerie\/kunstwarenhaus-galerie\/","title":{"rendered":"Kunstwarenhaus Galerie"},"content":{"rendered":"<p>In Z\u00fcrich zeigt Kunstwarenhaus Galerie \u00fcberwiegend Malerei und Skulptur. Vertreten werden 43 K\u00fcnstlerinnen und K\u00fcnstler.<\/p>\n","protected":false},"excerpt":{"rendered":"<p>In Z\u00fcrich zeigt Kunstwarenhaus Galerie \u00fcberwiegend Malerei und Skulptur. Vertreten werden 43 K\u00fcnstlerinnen und K\u00fcnstler.<\/p>\n","protected":false},"author":1,"featured_media":0,"template":"","meta":{"_acf_changed":false,"galerie_place_id":"ChIJD8aDEqmgmkcRXRv_jzf7ZtU","galerie_address":"Neumarkt 6","galerie_city":"Z\u00fcrich","galerie_zip":"8001","galerie_country":"CH","galerie_latitude":"47.3724818","galerie_longitude":"8.5459485","galerie_phone":"+41445018818","galerie_url":"http:\/\/www.kunstwarenhaus.ch\/","galerie_domain":"www.kunstwarenhaus.ch","galerie_rating_value":"4.6","galerie_rating_count":"28","galerie_galerist":"","galerie_gruendung":"","galerie_artists_url":"http:\/\/www.kunstwarenhaus.ch\/de\/artists","galerie_about_url":"http:\/\/www.kunstwarenhaus.ch\/de\/about-us","galerie_quelle_stadt":"Z\u00fcrich","galerie_werk_typ":"originale","galerie_online_shop":"nein","galerie_werk_signale":"","galerie_ranking_score":"0","galerie_ranking_rang":"2291","galerie_claimed_by":""},"kuenstler":[7013,7020,6988,6989,6990,6991,6992,6993,6986,6994,6995,6996,6997,7015,6998,2537,6984,7018,6999,7012,7009,7000,7014,7006,2052,6985,7016,7001,1767,7011,7002,7003,7004,7008,7019,7017,7007,1413,7005,7010,7021,6983,6987],"galerie_stadt":[1065],"galerie_typ":[],"galerie_land":[671],"class_list":["post-47059","galerie","type-galerie","status-publish","hentry","kuenstler-amber-goldhammer","kuenstler-beatrice-schnitzer","kuenstler-bernhard-zimmer","kuenstler-bettina-mauel","kuenstler-carl-smith","kuenstler-cynthia-coulombe-begin","kuenstler-edith-konrad","kuenstler-evelyn-doenicke","kuenstler-finden-sie-etwas-schoenes","kuenstler-gary-john","kuenstler-gerdine-duijsens","kuenstler-giuseppe-beddru","kuenstler-greet-helsen","kuenstler-gunda-jastorff","kuenstler-hartmut-kaiser","kuenstler-heinz-pfister","kuenstler-individuell-erstellte-kunst","kuenstler-ivana-milosevic","kuenstler-johnny-taylor","kuenstler-jonas-fisch","kuenstler-jonjo-elliott","kuenstler-karin-hofer","kuenstler-katharina-husslein","kuenstler-maria-c-bernhardsson","kuenstler-marion-duschletta","kuenstler-meine-favoriten","kuenstler-nando-kallweit","kuenstler-petra-roes-nickel","kuenstler-privacy-policy","kuenstler-rene-etter","kuenstler-ricky-hunt","kuenstler-robert-lebsack","kuenstler-ross-tamlin","kuenstler-sara-capretti","kuenstler-shiri-phillips","kuenstler-soraya-louyeh","kuenstler-tanja-binder","kuenstler-ueber-uns","kuenstler-vaclav-elias","kuenstler-valerie-etitinwo","kuenstler-virginie-schroeder","kuenstler-wer-wir-sind","kuenstler-wir-versenden-weltweit","galerie_stadt-zuerich","galerie_land-ch"],"acf":[],"_links":{"self":[{"href":"https:\/\/contemporary-arts.de\/index.php\/wp-json\/wp\/v2\/galerie\/47059","targetHints":{"allow":["GET"]}}],"collection":[{"href":"https:\/\/contemporary-arts.de\/index.php\/wp-json\/wp\/v2\/galerie"}],"about":[{"href":"https:\/\/contemporary-arts.de\/index.php\/wp-json\/wp\/v2\/types\/galerie"}],"author":[{"embeddable":true,"href":"https:\/\/contemporary-arts.de\/index.php\/wp-json\/wp\/v2\/users\/1"}],"wp:attachment":[{"href":"https:\/\/contemporary-arts.de\/index.php\/wp-json\/wp\/v2\/media?parent=47059"}],"wp:term":[{"taxonomy":"kuenstler","embeddable":true,"href":"https:\/\/contemporary-arts.de\/index.php\/wp-json\/wp\/v2\/kuenstler?post=47059"},{"taxonomy":"galerie_stadt","embeddable":true,"href":"https:\/\/contemporary-arts.de\/index.php\/wp-json\/wp\/v2\/galerie_stadt?post=47059"},{"taxonomy":"galerie_typ","embeddable":true,"href":"https:\/\/contemporary-arts.de\/index.php\/wp-json\/wp\/v2\/galerie_typ?post=47059"},{"taxonomy":"galerie_land","embeddable":true,"href":"https:\/\/contemporary-arts.de\/index.php\/wp-json\/wp\/v2\/galerie_land?post=47059"}],"curies":[{"name":"wp","href":"https:\/\/api.w.org\/{rel}","templated":true}]}}

<p>In Zürich zeigt Kunstwarenhaus Galerie überwiegend Malerei und Skulptur. Vertreten werden 43 Künstlerinnen und Künstler.</p>

Zürich
