{"id":47050,"date":"2026-09-06T10:51:04","date_gmt":"2026-09-06T10:51:04","guid":{"rendered":"https:\/\/contemporary-arts.de\/?post_type=galerie&#038;p=47050"},"modified":"2026-09-06T12:34:05","modified_gmt":"2026-09-06T12:34:05","slug":"christophe-guye-galerie","status":"publish","type":"galerie","link":"https:\/\/contemporary-arts.de\/index.php\/galerie\/christophe-guye-galerie\/","title":{"rendered":"Christophe Guye Galerie"},"content":{"rendered":"<p>Christophe Guye Galerie arbeitet in Z\u00fcrich mit Positionen aus Fotografie und Editionen. Zum Programm geh\u00f6ren 51 K\u00fcnstlerinnen und K\u00fcnstler. Neben dem Programm vor Ort ist das Haus auf Kunstmessen vertreten.<\/p>\n","protected":false},"excerpt":{"rendered":"<p>Christophe Guye Galerie arbeitet in Z\u00fcrich mit Positionen aus Fotografie und Editionen. Zum Programm geh\u00f6ren 51 K\u00fcnstlerinnen und K\u00fcnstler. Neben dem Programm vor Ort ist das Haus auf Kunstmessen vertreten.<\/p>\n","protected":false},"author":1,"featured_media":0,"template":"","meta":{"_acf_changed":false,"galerie_place_id":"ChIJ4a31q1OnmkcRA6hRjy0MBBU","galerie_address":"Dufourstrasse 97","galerie_city":"Z\u00fcrich","galerie_zip":"8008","galerie_country":"CH","galerie_latitude":"47.3593075","galerie_longitude":"8.5515137","galerie_phone":"+41798387478","galerie_url":"https:\/\/christopheguye.com\/","galerie_domain":"christopheguye.com","galerie_rating_value":"4.8","galerie_rating_count":"28","galerie_galerist":"","galerie_gruendung":"","galerie_artists_url":"https:\/\/christopheguye.com\/artists","galerie_about_url":"https:\/\/christopheguye.com\/gallery\/about","galerie_quelle_stadt":"Z\u00fcrich","galerie_werk_typ":"editionen","galerie_online_shop":"nein","galerie_werk_signale":"","galerie_ranking_score":"0","galerie_ranking_rang":"2344","galerie_claimed_by":""},"kuenstler":[7165,7172,1508,7184,7168,7171,7180,7173,3455,7162,7167,7164,4017,7181,7152,1827,7155,7179,3493,7148,7160,7153,7182,7178,7177,7169,7176,3711,7166,7149,7183,7170,5181,1474,7174,7158,7175,1561,3477,4398,7157,7163,4146,7159,7154,7150,7151,7156,7185,3979,7161],"galerie_stadt":[1065],"galerie_typ":[],"galerie_land":[671],"class_list":["post-47050","galerie","type-galerie","status-publish","hentry","kuenstler-albert-watson","kuenstler-anthony-friedkin","kuenstler-art-fairs","kuenstler-ayaka-yamamoto","kuenstler-bae-bien-u","kuenstler-balthasar-burkhard","kuenstler-beat-streuli","kuenstler-bill-henson","kuenstler-brigitte-lustenberger","kuenstler-daido-moriyama","kuenstler-daisuke-yokota","kuenstler-dominique-teufen","kuenstler-ellen-von-unwerth","kuenstler-emma-summerton","kuenstler-erik-madigan-heck","kuenstler-hiroshi-sugimoto","kuenstler-john-yuyi","kuenstler-jules-spinatsch","kuenstler-julian-opie","kuenstler-jun-ahn","kuenstler-jung-lee","kuenstler-karla-hiraldo-voleau","kuenstler-kazuna-taguchi","kuenstler-lieko-shiga","kuenstler-lina-scheynius","kuenstler-linus-bill","kuenstler-marianne-maric","kuenstler-marilyn-minter","kuenstler-michael-wolf","kuenstler-miles-aldridge","kuenstler-miroslav-tichy","kuenstler-nick-brandt","kuenstler-nick-knight","kuenstler-nobuyoshi-araki","kuenstler-noritoshi-hirakawa","kuenstler-ola-kolehmainen","kuenstler-paul-kooiker","kuenstler-peter-beard","kuenstler-rene-groebli","kuenstler-represented-artists","kuenstler-rinko-kawauchi","kuenstler-risaku-suzuki","kuenstler-roger-ballen","kuenstler-seba-kurtis","kuenstler-simen-johan","kuenstler-stephane-couturier","kuenstler-stephen-gill","kuenstler-syoin-kajii","kuenstler-wataru-yamamoto","kuenstler-works-by","kuenstler-yoshinori-mizutani","galerie_stadt-zuerich","galerie_land-ch"],"acf":[],"_links":{"self":[{"href":"https:\/\/contemporary-arts.de\/index.php\/wp-json\/wp\/v2\/galerie\/47050","targetHints":{"allow":["GET"]}}],"collection":[{"href":"https:\/\/contemporary-arts.de\/index.php\/wp-json\/wp\/v2\/galerie"}],"about":[{"href":"https:\/\/contemporary-arts.de\/index.php\/wp-json\/wp\/v2\/types\/galerie"}],"author":[{"embeddable":true,"href":"https:\/\/contemporary-arts.de\/index.php\/wp-json\/wp\/v2\/users\/1"}],"wp:attachment":[{"href":"https:\/\/contemporary-arts.de\/index.php\/wp-json\/wp\/v2\/media?parent=47050"}],"wp:term":[{"taxonomy":"kuenstler","embeddable":true,"href":"https:\/\/contemporary-arts.de\/index.php\/wp-json\/wp\/v2\/kuenstler?post=47050"},{"taxonomy":"galerie_stadt","embeddable":true,"href":"https:\/\/contemporary-arts.de\/index.php\/wp-json\/wp\/v2\/galerie_stadt?post=47050"},{"taxonomy":"galerie_typ","embeddable":true,"href":"https:\/\/contemporary-arts.de\/index.php\/wp-json\/wp\/v2\/galerie_typ?post=47050"},{"taxonomy":"galerie_land","embeddable":true,"href":"https:\/\/contemporary-arts.de\/index.php\/wp-json\/wp\/v2\/galerie_land?post=47050"}],"curies":[{"name":"wp","href":"https:\/\/api.w.org\/{rel}","templated":true}]}}

<p>Christophe Guye Galerie arbeitet in Zürich mit Positionen aus Fotografie und Editionen. Zum Programm gehören 51 Künstlerinnen und Künstler. Neben dem Programm vor Ort ist das Haus auf Kunstmessen vertreten.</p>

Zürich
