{"id":46973,"date":"2026-09-06T10:51:05","date_gmt":"2026-09-06T10:51:05","guid":{"rendered":"https:\/\/contemporary-arts.de\/?post_type=galerie&#038;p=46973"},"modified":"2026-09-06T12:35:48","modified_gmt":"2026-09-06T12:35:48","slug":"lakeside-gallery-hodel-zug","status":"publish","type":"galerie","link":"https:\/\/contemporary-arts.de\/index.php\/galerie\/lakeside-gallery-hodel-zug\/","title":{"rendered":"Lakeside Gallery Hodel Zug"},"content":{"rendered":"<p>Gezeigt wird bei Lakeside Gallery Hodel Zug in Zug \u00fcberwiegend Editionen. Gezeigt werden Arbeiten von 32 K\u00fcnstlerinnen und K\u00fcnstlern.<\/p>\n","protected":false},"excerpt":{"rendered":"<p>Gezeigt wird bei Lakeside Gallery Hodel Zug in Zug \u00fcberwiegend Editionen. Gezeigt werden Arbeiten von 32 K\u00fcnstlerinnen und K\u00fcnstlern.<\/p>\n","protected":false},"author":1,"featured_media":0,"template":"","meta":{"_acf_changed":false,"galerie_place_id":"ChIJqac4RuGrmkcRgaaWiZQ_M7Y","galerie_address":"Artherstrasse 3","galerie_city":"Zug","galerie_zip":"6300","galerie_country":"CH","galerie_latitude":"47.1642753","galerie_longitude":"8.5144733","galerie_phone":"+41417104647","galerie_url":"https:\/\/lakesidegallery.ch\/","galerie_domain":"lakesidegallery.ch","galerie_rating_value":"5","galerie_rating_count":"1","galerie_galerist":"","galerie_gruendung":"","galerie_artists_url":"https:\/\/lakesidegallery.ch\/kuenstler\/","galerie_about_url":"","galerie_quelle_stadt":"Z\u00fcrich","galerie_werk_typ":"editionen","galerie_online_shop":"ja","galerie_werk_signale":"","galerie_ranking_score":"0","galerie_ranking_rang":"2404","galerie_claimed_by":""},"kuenstler":[7595,7579,7598,7600,7577,2103,7576,7575,7582,7592,7588,7585,7581,7590,7593,7586,7578,7587,7589,7573,7580,7584,7574,7597,6740,7601,7583,7591,7596,7594,4552,7599],"galerie_stadt":[1078],"galerie_typ":[],"galerie_land":[671],"class_list":["post-46973","galerie","type-galerie","status-publish","hentry","kuenstler-barbara-tresch-stuppan","kuenstler-be-groenquist","kuenstler-cosimo-wunderlin","kuenstler-daniel-zuesli","kuenstler-doris-fedrizzi","kuenstler-folgen-sie-uns","kuenstler-helen-eggenschwiler","kuenstler-jess-de-zilva","kuenstler-juergen-heinz","kuenstler-katrin-odermatt","kuenstler-kerstin-kubalek","kuenstler-luzia-imhof","kuenstler-marina-hauser","kuenstler-marina-jung","kuenstler-martin-spillmann","kuenstler-martina-kalchofner","kuenstler-miranda-fierz","kuenstler-peer-kriesel","kuenstler-philipp-liehr","kuenstler-pirmin-beeler","kuenstler-rolf-groenquist","kuenstler-sabeth-holland","kuenstler-simona-deflorin","kuenstler-sira-trinkler","kuenstler-sonja-schmid","kuenstler-stattdessen-schweizer-franken-verwenden","kuenstler-sussi-hodel","kuenstler-tamara-maxine","kuenstler-tim-david-trillsam","kuenstler-vero-straubhaar","kuenstler-weiter-einkaufen","kuenstler-werner-zemp","galerie_stadt-zug","galerie_land-ch"],"acf":[],"_links":{"self":[{"href":"https:\/\/contemporary-arts.de\/index.php\/wp-json\/wp\/v2\/galerie\/46973","targetHints":{"allow":["GET"]}}],"collection":[{"href":"https:\/\/contemporary-arts.de\/index.php\/wp-json\/wp\/v2\/galerie"}],"about":[{"href":"https:\/\/contemporary-arts.de\/index.php\/wp-json\/wp\/v2\/types\/galerie"}],"author":[{"embeddable":true,"href":"https:\/\/contemporary-arts.de\/index.php\/wp-json\/wp\/v2\/users\/1"}],"wp:attachment":[{"href":"https:\/\/contemporary-arts.de\/index.php\/wp-json\/wp\/v2\/media?parent=46973"}],"wp:term":[{"taxonomy":"kuenstler","embeddable":true,"href":"https:\/\/contemporary-arts.de\/index.php\/wp-json\/wp\/v2\/kuenstler?post=46973"},{"taxonomy":"galerie_stadt","embeddable":true,"href":"https:\/\/contemporary-arts.de\/index.php\/wp-json\/wp\/v2\/galerie_stadt?post=46973"},{"taxonomy":"galerie_typ","embeddable":true,"href":"https:\/\/contemporary-arts.de\/index.php\/wp-json\/wp\/v2\/galerie_typ?post=46973"},{"taxonomy":"galerie_land","embeddable":true,"href":"https:\/\/contemporary-arts.de\/index.php\/wp-json\/wp\/v2\/galerie_land?post=46973"}],"curies":[{"name":"wp","href":"https:\/\/api.w.org\/{rel}","templated":true}]}}

<p>Gezeigt wird bei Lakeside Gallery Hodel Zug in Zug überwiegend Editionen. Gezeigt werden Arbeiten von 32 Künstlerinnen und Künstlern.</p>

Zürich
