{"id":46911,"date":"2026-09-06T10:51:07","date_gmt":"2026-09-06T10:51:07","guid":{"rendered":"https:\/\/contemporary-arts.de\/?post_type=galerie&#038;p=46911"},"modified":"2026-09-06T12:35:51","modified_gmt":"2026-09-06T12:35:51","slug":"galerie-milchhuette","status":"publish","type":"galerie","link":"https:\/\/contemporary-arts.de\/index.php\/galerie\/galerie-milchhuette\/","title":{"rendered":"Galerie Milchh\u00fctte"},"content":{"rendered":"<p>Galerie Milchh\u00fctte konzentriert sich in Zumikon auf Keramik. Gezeigt werden Arbeiten von 8 K\u00fcnstlerinnen und K\u00fcnstlern.<\/p>\n","protected":false},"excerpt":{"rendered":"<p>Galerie Milchh\u00fctte konzentriert sich in Zumikon auf Keramik. Gezeigt werden Arbeiten von 8 K\u00fcnstlerinnen und K\u00fcnstlern.<\/p>\n","protected":false},"author":1,"featured_media":0,"template":"","meta":{"_acf_changed":false,"galerie_place_id":"ChIJm3pbUzWnmkcRZ0lLo10dK6U","galerie_address":"Dorfstrasse 31","galerie_city":"Zumikon","galerie_zip":"8126","galerie_country":"CH","galerie_latitude":"47.3342525","galerie_longitude":"8.6219926","galerie_phone":"+41449180097","galerie_url":"https:\/\/freizumi.ch\/galerie-milchhuette\/","galerie_domain":"freizumi.ch","galerie_rating_value":"5","galerie_rating_count":"1","galerie_galerist":"","galerie_gruendung":"","galerie_artists_url":"https:\/\/freizumi.ch\/galerie-milchhuette\/aktuelles-programm\/","galerie_about_url":"","galerie_quelle_stadt":"Z\u00fcrich","galerie_werk_typ":"unbestimmt","galerie_online_shop":"nein","galerie_werk_signale":"","galerie_ranking_score":"0","galerie_ranking_rang":"2478","galerie_claimed_by":""},"kuenstler":[7756,7755,7752,7754,7753,7757,2567,7758],"galerie_stadt":[1095],"galerie_typ":[],"galerie_land":[671],"class_list":["post-46911","galerie","type-galerie","status-publish","hentry","kuenstler-bistro-fischvogel","kuenstler-cafe-fischvogel","kuenstler-cafe-international","kuenstler-deine-ideen","kuenstler-freiwilliges-engagement","kuenstler-kleines-konferenzzimmer","kuenstler-mitglied-werden","kuenstler-praesenzzeiten-buero","galerie_stadt-zumikon","galerie_land-ch"],"acf":[],"_links":{"self":[{"href":"https:\/\/contemporary-arts.de\/index.php\/wp-json\/wp\/v2\/galerie\/46911","targetHints":{"allow":["GET"]}}],"collection":[{"href":"https:\/\/contemporary-arts.de\/index.php\/wp-json\/wp\/v2\/galerie"}],"about":[{"href":"https:\/\/contemporary-arts.de\/index.php\/wp-json\/wp\/v2\/types\/galerie"}],"author":[{"embeddable":true,"href":"https:\/\/contemporary-arts.de\/index.php\/wp-json\/wp\/v2\/users\/1"}],"wp:attachment":[{"href":"https:\/\/contemporary-arts.de\/index.php\/wp-json\/wp\/v2\/media?parent=46911"}],"wp:term":[{"taxonomy":"kuenstler","embeddable":true,"href":"https:\/\/contemporary-arts.de\/index.php\/wp-json\/wp\/v2\/kuenstler?post=46911"},{"taxonomy":"galerie_stadt","embeddable":true,"href":"https:\/\/contemporary-arts.de\/index.php\/wp-json\/wp\/v2\/galerie_stadt?post=46911"},{"taxonomy":"galerie_typ","embeddable":true,"href":"https:\/\/contemporary-arts.de\/index.php\/wp-json\/wp\/v2\/galerie_typ?post=46911"},{"taxonomy":"galerie_land","embeddable":true,"href":"https:\/\/contemporary-arts.de\/index.php\/wp-json\/wp\/v2\/galerie_land?post=46911"}],"curies":[{"name":"wp","href":"https:\/\/api.w.org\/{rel}","templated":true}]}}

Galerie Milchhütte

<p>Galerie Milchhütte konzentriert sich in Zumikon auf Keramik. Gezeigt werden Arbeiten von 8 Künstlerinnen und Künstlern.</p>

Zürich
