{"id":46874,"date":"2026-09-06T10:51:08","date_gmt":"2026-09-06T10:51:08","guid":{"rendered":"https:\/\/contemporary-arts.de\/?post_type=galerie&#038;p=46874"},"modified":"2026-09-06T12:34:43","modified_gmt":"2026-09-06T12:34:43","slug":"flussreif-fotostudio-kunstgalerie","status":"publish","type":"galerie","link":"https:\/\/contemporary-arts.de\/index.php\/galerie\/flussreif-fotostudio-kunstgalerie\/","title":{"rendered":"Flussreif Fotostudio &amp; Kunstgalerie"},"content":{"rendered":"<p>Flussreif Fotostudio &#038; Kunstgalerie arbeitet in Bremgarten mit Positionen aus Fotografie. Zum Programm geh\u00f6ren 7 K\u00fcnstlerinnen und K\u00fcnstler.<\/p>\n","protected":false},"excerpt":{"rendered":"<p>Flussreif Fotostudio &#038; Kunstgalerie arbeitet in Bremgarten mit Positionen aus Fotografie. Zum Programm geh\u00f6ren 7 K\u00fcnstlerinnen und K\u00fcnstler.<\/p>\n","protected":false},"author":1,"featured_media":0,"template":"","meta":{"_acf_changed":false,"galerie_place_id":"ChIJizar_dcRkEcRU2ERy3PFP5k","galerie_address":"Marktgasse 5","galerie_city":"Bremgarten","galerie_zip":"5620","galerie_country":"CH","galerie_latitude":"47.3513669","galerie_longitude":"8.3415806","galerie_phone":"+41793055802","galerie_url":"http:\/\/www.flussreif.ch\/","galerie_domain":"www.flussreif.ch","galerie_rating_value":"4.1","galerie_rating_count":"8","galerie_galerist":"","galerie_gruendung":"","galerie_artists_url":"http:\/\/www.flussreif.ch\/artists","galerie_about_url":"","galerie_quelle_stadt":"Z\u00fcrich","galerie_werk_typ":"unbestimmt","galerie_online_shop":"nein","galerie_werk_signale":"","galerie_ranking_score":"0","galerie_ranking_rang":"2509","galerie_claimed_by":""},"kuenstler":[7785,7782,7781,7780,7784,7786,7783],"galerie_stadt":[1085],"galerie_typ":[],"galerie_land":[671],"class_list":["post-46874","galerie","type-galerie","status-publish","hentry","kuenstler-allgemeine-nutzungsbedingungen","kuenstler-ausgestellte-kuenstler","kuenstler-flussreif-galerie","kuenstler-fotobox-mieten","kuenstler-studio-oeffnungszeiten","kuenstler-vereinbaren-sie-einen-termin","kuenstler-wim-hof-methode","galerie_stadt-bremgarten","galerie_land-ch"],"acf":[],"_links":{"self":[{"href":"https:\/\/contemporary-arts.de\/index.php\/wp-json\/wp\/v2\/galerie\/46874","targetHints":{"allow":["GET"]}}],"collection":[{"href":"https:\/\/contemporary-arts.de\/index.php\/wp-json\/wp\/v2\/galerie"}],"about":[{"href":"https:\/\/contemporary-arts.de\/index.php\/wp-json\/wp\/v2\/types\/galerie"}],"author":[{"embeddable":true,"href":"https:\/\/contemporary-arts.de\/index.php\/wp-json\/wp\/v2\/users\/1"}],"wp:attachment":[{"href":"https:\/\/contemporary-arts.de\/index.php\/wp-json\/wp\/v2\/media?parent=46874"}],"wp:term":[{"taxonomy":"kuenstler","embeddable":true,"href":"https:\/\/contemporary-arts.de\/index.php\/wp-json\/wp\/v2\/kuenstler?post=46874"},{"taxonomy":"galerie_stadt","embeddable":true,"href":"https:\/\/contemporary-arts.de\/index.php\/wp-json\/wp\/v2\/galerie_stadt?post=46874"},{"taxonomy":"galerie_typ","embeddable":true,"href":"https:\/\/contemporary-arts.de\/index.php\/wp-json\/wp\/v2\/galerie_typ?post=46874"},{"taxonomy":"galerie_land","embeddable":true,"href":"https:\/\/contemporary-arts.de\/index.php\/wp-json\/wp\/v2\/galerie_land?post=46874"}],"curies":[{"name":"wp","href":"https:\/\/api.w.org\/{rel}","templated":true}]}}

<p>Flussreif Fotostudio &#038; Kunstgalerie arbeitet in Bremgarten mit Positionen aus Fotografie. Zum Programm gehören 7 Künstlerinnen und Künstler.</p>

Zürich
