{"id":46857,"date":"2026-09-06T10:51:07","date_gmt":"2026-09-06T10:51:07","guid":{"rendered":"https:\/\/contemporary-arts.de\/?post_type=galerie&#038;p=46857"},"modified":"2026-09-06T12:37:37","modified_gmt":"2026-09-06T12:37:37","slug":"galeriewinkler","status":"publish","type":"galerie","link":"https:\/\/contemporary-arts.de\/index.php\/galerie\/galeriewinkler\/","title":{"rendered":"galerieWinkler"},"content":{"rendered":"<p>Die Galerie galerieWinkler sitzt in Zug. Zum Programm geh\u00f6ren 15 K\u00fcnstlerinnen und K\u00fcnstler.<\/p>\n","protected":false},"excerpt":{"rendered":"<p>Die Galerie galerieWinkler sitzt in Zug. Zum Programm geh\u00f6ren 15 K\u00fcnstlerinnen und K\u00fcnstler.<\/p>\n","protected":false},"author":1,"featured_media":0,"template":"","meta":{"_acf_changed":false,"galerie_place_id":"ChIJdzsDPW-rmkcRSoARmKA0opM","galerie_address":"Unter Altstadt 3","galerie_city":"Zug","galerie_zip":"6300","galerie_country":"CH","galerie_latitude":"47.166037","galerie_longitude":"8.5147529","galerie_phone":"+41798490200","galerie_url":"https:\/\/galeriewinkler.com\/","galerie_domain":"galeriewinkler.com","galerie_rating_value":"5","galerie_rating_count":"2","galerie_galerist":"","galerie_gruendung":"","galerie_artists_url":"https:\/\/galeriewinkler.com\/programm\/","galerie_about_url":"","galerie_quelle_stadt":"Z\u00fcrich","galerie_werk_typ":"unbestimmt","galerie_online_shop":"ja","galerie_werk_signale":"","galerie_ranking_score":"0","galerie_ranking_rang":"2492","galerie_claimed_by":""},"kuenstler":[7822,7823,7819,7814,7818,7817,7816,7820,7813,7812,7821,7810,7811,7815,2060],"galerie_stadt":[1078],"galerie_typ":[],"galerie_land":[671],"class_list":["post-46857","galerie","type-galerie","status-publish","hentry","kuenstler-dienste-verwalten","kuenstler-einstellungen-ansehen","kuenstler-erstellt-mit-woocommerce","kuenstler-exklusiv-in-der-schweiz","kuenstler-gilles-tschudi-in-zug","kuenstler-helga-und-holger-schmidhuber","kuenstler-irene-mueller-in-zug","kuenstler-mein-konto","kuenstler-neil-enggist","kuenstler-nina-caviezel","kuenstler-optionen-verwalten","kuenstler-programm-zur-navigation-springen","kuenstler-programmneu-in-der-galeriewinkler","kuenstler-sivirin-in-zug","kuenstler-zum-inhalt-springen","galerie_stadt-zug","galerie_land-ch"],"acf":[],"_links":{"self":[{"href":"https:\/\/contemporary-arts.de\/index.php\/wp-json\/wp\/v2\/galerie\/46857","targetHints":{"allow":["GET"]}}],"collection":[{"href":"https:\/\/contemporary-arts.de\/index.php\/wp-json\/wp\/v2\/galerie"}],"about":[{"href":"https:\/\/contemporary-arts.de\/index.php\/wp-json\/wp\/v2\/types\/galerie"}],"author":[{"embeddable":true,"href":"https:\/\/contemporary-arts.de\/index.php\/wp-json\/wp\/v2\/users\/1"}],"wp:attachment":[{"href":"https:\/\/contemporary-arts.de\/index.php\/wp-json\/wp\/v2\/media?parent=46857"}],"wp:term":[{"taxonomy":"kuenstler","embeddable":true,"href":"https:\/\/contemporary-arts.de\/index.php\/wp-json\/wp\/v2\/kuenstler?post=46857"},{"taxonomy":"galerie_stadt","embeddable":true,"href":"https:\/\/contemporary-arts.de\/index.php\/wp-json\/wp\/v2\/galerie_stadt?post=46857"},{"taxonomy":"galerie_typ","embeddable":true,"href":"https:\/\/contemporary-arts.de\/index.php\/wp-json\/wp\/v2\/galerie_typ?post=46857"},{"taxonomy":"galerie_land","embeddable":true,"href":"https:\/\/contemporary-arts.de\/index.php\/wp-json\/wp\/v2\/galerie_land?post=46857"}],"curies":[{"name":"wp","href":"https:\/\/api.w.org\/{rel}","templated":true}]}}

<p>Die Galerie galerieWinkler sitzt in Zug. Zum Programm gehören 15 Künstlerinnen und Künstler.</p>

Zürich
