{"id":46768,"date":"2026-09-06T10:51:10","date_gmt":"2026-09-06T10:51:10","guid":{"rendered":"https:\/\/contemporary-arts.de\/?post_type=galerie&#038;p=46768"},"modified":"2026-09-06T12:36:59","modified_gmt":"2026-09-06T12:36:59","slug":"galerie-maringer","status":"publish","type":"galerie","link":"https:\/\/contemporary-arts.de\/index.php\/galerie\/galerie-maringer\/","title":{"rendered":"Galerie Maringer"},"content":{"rendered":"<p>In St P\u00f6lten findet sich mit Galerie Maringer eine Galerie. Vertreten werden 21 K\u00fcnstlerinnen und K\u00fcnstler.<\/p>\n","protected":false},"excerpt":{"rendered":"<p>In St P\u00f6lten findet sich mit Galerie Maringer eine Galerie. Vertreten werden 21 K\u00fcnstlerinnen und K\u00fcnstler.<\/p>\n","protected":false},"author":1,"featured_media":0,"template":"","meta":{"_acf_changed":false,"galerie_place_id":"ChIJT9fmsah4ckcR8bv9rF_4mWg","galerie_address":"Herrenpl. 3","galerie_city":"St P\u00f6lten","galerie_zip":"3100","galerie_country":"AT","galerie_latitude":"48.2048469","galerie_longitude":"15.6258079","galerie_phone":"+432742354277","galerie_url":"http:\/\/www.galerie-maringer.at\/","galerie_domain":"www.galerie-maringer.at","galerie_rating_value":"4.8","galerie_rating_count":"14","galerie_galerist":"","galerie_gruendung":"","galerie_artists_url":"https:\/\/www.galerie-maringer.at\/k\u00fcnstler-innen","galerie_about_url":"","galerie_quelle_stadt":"St. P\u00f6lten","galerie_werk_typ":"unbestimmt","galerie_online_shop":"nein","galerie_werk_signale":"","galerie_ranking_score":"0","galerie_ranking_rang":"2612","galerie_claimed_by":""},"kuenstler":[8190,7608,8191,8192,8193,8194,8195,8196,8197,8198,8199,8200,8201,8202,8203,8204,8205,8206,8207,8208,8209],"galerie_stadt":[1051],"galerie_typ":[],"galerie_land":[868],"class_list":["post-46768","galerie","type-galerie","status-publish","hentry","kuenstler-bertrand-de-vismes","kuenstler-chagall-marc","kuenstler-damisch-gunter","kuenstler-export-valie","kuenstler-fitz-rudolf","kuenstler-francis-sam","kuenstler-goldammer-karl","kuenstler-hollegha-wolfgang","kuenstler-koblinger-renate","kuenstler-maderthaner-franziska","kuenstler-mayer-norbert","kuenstler-mikl-josef","kuenstler-niki-de-st-phalle","kuenstler-ponesch-reinhold","kuenstler-rainer-arnulf","kuenstler-savio-verra","kuenstler-schuster-karin","kuenstler-schwaiger-rudolf","kuenstler-stangl-christine","kuenstler-warhol-andy","kuenstler-wotruba-fritz","galerie_stadt-st-poelten","galerie_land-at"],"acf":[],"_links":{"self":[{"href":"https:\/\/contemporary-arts.de\/index.php\/wp-json\/wp\/v2\/galerie\/46768","targetHints":{"allow":["GET"]}}],"collection":[{"href":"https:\/\/contemporary-arts.de\/index.php\/wp-json\/wp\/v2\/galerie"}],"about":[{"href":"https:\/\/contemporary-arts.de\/index.php\/wp-json\/wp\/v2\/types\/galerie"}],"author":[{"embeddable":true,"href":"https:\/\/contemporary-arts.de\/index.php\/wp-json\/wp\/v2\/users\/1"}],"wp:attachment":[{"href":"https:\/\/contemporary-arts.de\/index.php\/wp-json\/wp\/v2\/media?parent=46768"}],"wp:term":[{"taxonomy":"kuenstler","embeddable":true,"href":"https:\/\/contemporary-arts.de\/index.php\/wp-json\/wp\/v2\/kuenstler?post=46768"},{"taxonomy":"galerie_stadt","embeddable":true,"href":"https:\/\/contemporary-arts.de\/index.php\/wp-json\/wp\/v2\/galerie_stadt?post=46768"},{"taxonomy":"galerie_typ","embeddable":true,"href":"https:\/\/contemporary-arts.de\/index.php\/wp-json\/wp\/v2\/galerie_typ?post=46768"},{"taxonomy":"galerie_land","embeddable":true,"href":"https:\/\/contemporary-arts.de\/index.php\/wp-json\/wp\/v2\/galerie_land?post=46768"}],"curies":[{"name":"wp","href":"https:\/\/api.w.org\/{rel}","templated":true}]}}

<p>In St Pölten findet sich mit Galerie Maringer eine Galerie. Vertreten werden 21 Künstlerinnen und Künstler.</p>

St Pölten

https://www.galerie-maringer.at/künstler-innen

St. Pölten
