{"id":46765,"date":"2026-09-06T10:51:10","date_gmt":"2026-09-06T10:51:10","guid":{"rendered":"https:\/\/contemporary-arts.de\/?post_type=galerie&#038;p=46765"},"modified":"2026-09-06T12:37:52","modified_gmt":"2026-09-06T12:37:52","slug":"kunstwerk-2","status":"publish","type":"galerie","link":"https:\/\/contemporary-arts.de\/index.php\/galerie\/kunstwerk-2\/","title":{"rendered":"KUNST:WERK"},"content":{"rendered":"<p>Gezeigt wird bei KUNST:WERK in St P\u00f6lten \u00fcberwiegend Zeichnung. Gezeigt werden Arbeiten von 5 K\u00fcnstlerinnen und K\u00fcnstlern.<\/p>\n","protected":false},"excerpt":{"rendered":"<p>Gezeigt wird bei KUNST:WERK in St P\u00f6lten \u00fcberwiegend Zeichnung. Gezeigt werden Arbeiten von 5 K\u00fcnstlerinnen und K\u00fcnstlern.<\/p>\n","protected":false},"author":1,"featured_media":0,"template":"","meta":{"_acf_changed":false,"galerie_place_id":"ChIJDRFRv6V4ckcRJiR_sRc5l-Y","galerie_address":"Linzer Str. 16","galerie_city":"St P\u00f6lten","galerie_zip":"3100","galerie_country":"AT","galerie_latitude":"48.203299","galerie_longitude":"15.622435","galerie_phone":"","galerie_url":"https:\/\/www.kuenstlerbundstpoelten.at\/","galerie_domain":"www.kuenstlerbundstpoelten.at","galerie_rating_value":"4","galerie_rating_count":"1","galerie_galerist":"","galerie_gruendung":"","galerie_artists_url":"https:\/\/www.kuenstlerbundstpoelten.at","galerie_about_url":"https:\/\/www.kuenstlerbundstpoelten.at\/historisches\/","galerie_quelle_stadt":"St. P\u00f6lten","galerie_werk_typ":"unbestimmt","galerie_online_shop":"nein","galerie_werk_signale":"","galerie_ranking_score":"0","galerie_ranking_rang":"2609","galerie_claimed_by":""},"kuenstler":[7822,7823,8188,7821,8189],"galerie_stadt":[1051],"galerie_typ":[],"galerie_land":[868],"class_list":["post-46765","galerie","type-galerie","status-publish","hentry","kuenstler-dienste-verwalten","kuenstler-einstellungen-ansehen","kuenstler-flora-bringt-blumen","kuenstler-optionen-verwalten","kuenstler-stadtmuseum-st-poelten","galerie_stadt-st-poelten","galerie_land-at"],"acf":[],"_links":{"self":[{"href":"https:\/\/contemporary-arts.de\/index.php\/wp-json\/wp\/v2\/galerie\/46765","targetHints":{"allow":["GET"]}}],"collection":[{"href":"https:\/\/contemporary-arts.de\/index.php\/wp-json\/wp\/v2\/galerie"}],"about":[{"href":"https:\/\/contemporary-arts.de\/index.php\/wp-json\/wp\/v2\/types\/galerie"}],"author":[{"embeddable":true,"href":"https:\/\/contemporary-arts.de\/index.php\/wp-json\/wp\/v2\/users\/1"}],"wp:attachment":[{"href":"https:\/\/contemporary-arts.de\/index.php\/wp-json\/wp\/v2\/media?parent=46765"}],"wp:term":[{"taxonomy":"kuenstler","embeddable":true,"href":"https:\/\/contemporary-arts.de\/index.php\/wp-json\/wp\/v2\/kuenstler?post=46765"},{"taxonomy":"galerie_stadt","embeddable":true,"href":"https:\/\/contemporary-arts.de\/index.php\/wp-json\/wp\/v2\/galerie_stadt?post=46765"},{"taxonomy":"galerie_typ","embeddable":true,"href":"https:\/\/contemporary-arts.de\/index.php\/wp-json\/wp\/v2\/galerie_typ?post=46765"},{"taxonomy":"galerie_land","embeddable":true,"href":"https:\/\/contemporary-arts.de\/index.php\/wp-json\/wp\/v2\/galerie_land?post=46765"}],"curies":[{"name":"wp","href":"https:\/\/api.w.org\/{rel}","templated":true}]}}

<p>Gezeigt wird bei KUNST:WERK in St Pölten überwiegend Zeichnung. Gezeigt werden Arbeiten von 5 Künstlerinnen und Künstlern.</p>

St Pölten

St. Pölten
