{"id":46667,"date":"2026-09-06T10:51:12","date_gmt":"2026-09-06T10:51:12","guid":{"rendered":"https:\/\/contemporary-arts.de\/?post_type=galerie&#038;p=46667"},"modified":"2026-09-06T12:34:39","modified_gmt":"2026-09-06T12:34:39","slug":"kuenstlerinnen-vereinigung-tirol-neue-galerie","status":"publish","type":"galerie","link":"https:\/\/contemporary-arts.de\/index.php\/galerie\/kuenstlerinnen-vereinigung-tirol-neue-galerie\/","title":{"rendered":"K\u00fcnstler*innen Vereinigung Tirol \u2013 Neue Galerie"},"content":{"rendered":"<p>Die Galerie K\u00fcnstler*innen Vereinigung Tirol \u2013 Neue Galerie sitzt in Innsbruck. Zum Programm geh\u00f6ren 5 K\u00fcnstlerinnen und K\u00fcnstler.<\/p>\n","protected":false},"excerpt":{"rendered":"<p>Die Galerie K\u00fcnstler*innen Vereinigung Tirol \u2013 Neue Galerie sitzt in Innsbruck. Zum Programm geh\u00f6ren 5 K\u00fcnstlerinnen und K\u00fcnstler.<\/p>\n","protected":false},"author":1,"featured_media":0,"template":"","meta":{"_acf_changed":false,"galerie_place_id":"ChIJfVU-7vtrnUcR3vLp21h_Hfw","galerie_address":"Rennweg 1","galerie_city":"Innsbruck","galerie_zip":"6020","galerie_country":"AT","galerie_latitude":"47.2688869","galerie_longitude":"11.3950002","galerie_phone":"+43512578154","galerie_url":"https:\/\/www.kuveti.at\/","galerie_domain":"www.kuveti.at","galerie_rating_value":"4.8","galerie_rating_count":"9","galerie_galerist":"","galerie_gruendung":"","galerie_artists_url":"https:\/\/www.kuveti.at\/verein\/","galerie_about_url":"https:\/\/www.kuveti.at\/service\/","galerie_quelle_stadt":"Innsbruck","galerie_werk_typ":"unbestimmt","galerie_online_shop":"nein","galerie_werk_signale":"","galerie_ranking_score":"0","galerie_ranking_rang":"2706","galerie_claimed_by":""},"kuenstler":[8904,2567,8905,8902,8903],"galerie_stadt":[1022],"galerie_typ":[],"galerie_land":[868],"class_list":["post-46667","galerie","type-galerie","status-publish","hentry","kuenstler-ausschreibungen-allgemein","kuenstler-mitglied-werden","kuenstler-neuen-galerie","kuenstler-raeume-und-plaene","kuenstler-service-fuer-mitglieder","galerie_stadt-innsbruck","galerie_land-at"],"acf":[],"_links":{"self":[{"href":"https:\/\/contemporary-arts.de\/index.php\/wp-json\/wp\/v2\/galerie\/46667","targetHints":{"allow":["GET"]}}],"collection":[{"href":"https:\/\/contemporary-arts.de\/index.php\/wp-json\/wp\/v2\/galerie"}],"about":[{"href":"https:\/\/contemporary-arts.de\/index.php\/wp-json\/wp\/v2\/types\/galerie"}],"author":[{"embeddable":true,"href":"https:\/\/contemporary-arts.de\/index.php\/wp-json\/wp\/v2\/users\/1"}],"wp:attachment":[{"href":"https:\/\/contemporary-arts.de\/index.php\/wp-json\/wp\/v2\/media?parent=46667"}],"wp:term":[{"taxonomy":"kuenstler","embeddable":true,"href":"https:\/\/contemporary-arts.de\/index.php\/wp-json\/wp\/v2\/kuenstler?post=46667"},{"taxonomy":"galerie_stadt","embeddable":true,"href":"https:\/\/contemporary-arts.de\/index.php\/wp-json\/wp\/v2\/galerie_stadt?post=46667"},{"taxonomy":"galerie_typ","embeddable":true,"href":"https:\/\/contemporary-arts.de\/index.php\/wp-json\/wp\/v2\/galerie_typ?post=46667"},{"taxonomy":"galerie_land","embeddable":true,"href":"https:\/\/contemporary-arts.de\/index.php\/wp-json\/wp\/v2\/galerie_land?post=46667"}],"curies":[{"name":"wp","href":"https:\/\/api.w.org\/{rel}","templated":true}]}}

Künstler*innen Vereinigung Tirol – Neue Galerie

<p>Die Galerie Künstler*innen Vereinigung Tirol – Neue Galerie sitzt in Innsbruck. Zum Programm gehören 5 Künstlerinnen und Künstler.</p>
