{"id":46635,"date":"2026-09-06T10:51:13","date_gmt":"2026-09-06T10:51:13","guid":{"rendered":"https:\/\/contemporary-arts.de\/?post_type=galerie&#038;p=46635"},"modified":"2026-09-06T12:36:34","modified_gmt":"2026-09-06T12:36:34","slug":"galerie-nikolaus-ruzicska","status":"publish","type":"galerie","link":"https:\/\/contemporary-arts.de\/index.php\/galerie\/galerie-nikolaus-ruzicska\/","title":{"rendered":"Galerie Nikolaus Ruzicska"},"content":{"rendered":"<p>Galerie Nikolaus Ruzicska ist eine Galerie in Salzburg. Zum Programm geh\u00f6ren 39 K\u00fcnstlerinnen und K\u00fcnstler.<\/p>\n","protected":false},"excerpt":{"rendered":"<p>Galerie Nikolaus Ruzicska ist eine Galerie in Salzburg. Zum Programm geh\u00f6ren 39 K\u00fcnstlerinnen und K\u00fcnstler.<\/p>\n","protected":false},"author":1,"featured_media":0,"template":"","meta":{"_acf_changed":false,"galerie_place_id":"ChIJMXaNgeyQdkcRvgXLgq03b4A","galerie_address":"Faistauergasse 12","galerie_city":"Salzburg","galerie_zip":"5020","galerie_country":"AT","galerie_latitude":"47.7899294","galerie_longitude":"13.0643076","galerie_phone":"+43662630360","galerie_url":"http:\/\/www.ruzicska.com\/","galerie_domain":"www.ruzicska.com","galerie_rating_value":"4.4","galerie_rating_count":"24","galerie_galerist":"","galerie_gruendung":"","galerie_artists_url":"http:\/\/www.ruzicska.com\/artists","galerie_about_url":"","galerie_quelle_stadt":"Salzburg","galerie_werk_typ":"unbestimmt","galerie_online_shop":"nein","galerie_werk_signale":"","galerie_ranking_score":"11.3","galerie_ranking_rang":"131","galerie_claimed_by":""},"kuenstler":[9012,9011,9006,9015,5678,9019,9018,4408,9016,9008,9009,6129,9000,4413,9017,4407,8945,7447,9004,9014,9010,9002,1997,2412,7170,9007,7158,9001,3699,8823,4405,9003,7405,9013,5676,3766,1980,4419,9005],"galerie_stadt":[1011],"galerie_typ":[],"galerie_land":[868],"class_list":["post-46635","galerie","type-galerie","status-publish","hentry","kuenstler-alessandro-raho","kuenstler-andrew-ouchi","kuenstler-axel-huette","kuenstler-ben-willikens","kuenstler-brigitte-kowanz","kuenstler-cameron-martin","kuenstler-charlotte-giacobbi","kuenstler-christian-herdeg","kuenstler-edgar-bryan","kuenstler-florian-maier-aichen","kuenstler-florian-naehrer","kuenstler-francois-morellet","kuenstler-galerie-nikolaus-ruzicska","kuenstler-gerold-miller","kuenstler-giovanni-castell","kuenstler-henrik-eiben","kuenstler-herbert-brandl","kuenstler-imi-knoebel","kuenstler-josef-hoflehner","kuenstler-katja-strunz","kuenstler-kenton-nelson","kuenstler-manfred-erjautz","kuenstler-maurizio-nannucci","kuenstler-nan-goldin","kuenstler-nick-brandt","kuenstler-niko-luoma","kuenstler-ola-kolehmainen","kuenstler-olaf-otto-becker","kuenstler-peter-halley","kuenstler-peter-kogler","kuenstler-philippe-decrauzat","kuenstler-pia-fries","kuenstler-ross-bleckner","kuenstler-ruth-root","kuenstler-sebastien-de-ganay","kuenstler-stephane-dafflon","kuenstler-sylvie-fleury","kuenstler-vincent-szarek","kuenstler-yago-hortal","galerie_stadt-salzburg","galerie_land-at"],"acf":[],"_links":{"self":[{"href":"https:\/\/contemporary-arts.de\/index.php\/wp-json\/wp\/v2\/galerie\/46635","targetHints":{"allow":["GET"]}}],"collection":[{"href":"https:\/\/contemporary-arts.de\/index.php\/wp-json\/wp\/v2\/galerie"}],"about":[{"href":"https:\/\/contemporary-arts.de\/index.php\/wp-json\/wp\/v2\/types\/galerie"}],"author":[{"embeddable":true,"href":"https:\/\/contemporary-arts.de\/index.php\/wp-json\/wp\/v2\/users\/1"}],"wp:attachment":[{"href":"https:\/\/contemporary-arts.de\/index.php\/wp-json\/wp\/v2\/media?parent=46635"}],"wp:term":[{"taxonomy":"kuenstler","embeddable":true,"href":"https:\/\/contemporary-arts.de\/index.php\/wp-json\/wp\/v2\/kuenstler?post=46635"},{"taxonomy":"galerie_stadt","embeddable":true,"href":"https:\/\/contemporary-arts.de\/index.php\/wp-json\/wp\/v2\/galerie_stadt?post=46635"},{"taxonomy":"galerie_typ","embeddable":true,"href":"https:\/\/contemporary-arts.de\/index.php\/wp-json\/wp\/v2\/galerie_typ?post=46635"},{"taxonomy":"galerie_land","embeddable":true,"href":"https:\/\/contemporary-arts.de\/index.php\/wp-json\/wp\/v2\/galerie_land?post=46635"}],"curies":[{"name":"wp","href":"https:\/\/api.w.org\/{rel}","templated":true}]}}

<p>Galerie Nikolaus Ruzicska ist eine Galerie in Salzburg. Zum Programm gehören 39 Künstlerinnen und Künstler.</p>
