{"id":46609,"date":"2026-09-06T10:51:14","date_gmt":"2026-09-06T10:51:14","guid":{"rendered":"https:\/\/contemporary-arts.de\/?post_type=galerie&#038;p=46609"},"modified":"2026-09-06T12:34:39","modified_gmt":"2026-09-06T12:34:39","slug":"galerie-sophia-vonier","status":"publish","type":"galerie","link":"https:\/\/contemporary-arts.de\/index.php\/galerie\/galerie-sophia-vonier\/","title":{"rendered":"Galerie Sophia Vonier"},"content":{"rendered":"<p>Der Schwerpunkt von Galerie Sophia Vonier in Salzburg liegt auf Editionen. Vertreten werden 17 K\u00fcnstlerinnen und K\u00fcnstler. Der Blick geht dabei eher auf j\u00fcngere Positionen als auf etablierte Namen.<\/p>\n","protected":false},"excerpt":{"rendered":"<p>Der Schwerpunkt von Galerie Sophia Vonier in Salzburg liegt auf Editionen. Vertreten werden 17 K\u00fcnstlerinnen und K\u00fcnstler. Der Blick geht dabei eher auf j\u00fcngere Positionen als auf etablierte Namen.<\/p>\n","protected":false},"author":1,"featured_media":0,"template":"","meta":{"_acf_changed":false,"galerie_place_id":"ChIJTVLd-W2RdkcRpx8iEks-9E0","galerie_address":"Franz-Josef-Stra\u00dfe 5","galerie_city":"Salzburg","galerie_zip":"5020","galerie_country":"AT","galerie_latitude":"47.8074275","galerie_longitude":"13.0428799","galerie_phone":"+436641575870","galerie_url":"http:\/\/www.galerievonier.com\/","galerie_domain":"www.galerievonier.com","galerie_rating_value":"5","galerie_rating_count":"9","galerie_galerist":"","galerie_gruendung":"","galerie_artists_url":"http:\/\/www.galerievonier.com\/artists\/","galerie_about_url":"http:\/\/www.galerievonier.com\/about-1\/","galerie_quelle_stadt":"Salzburg","galerie_werk_typ":"unbestimmt","galerie_online_shop":"nein","galerie_werk_signale":"","galerie_ranking_score":"10.2","galerie_ranking_rang":"189","galerie_claimed_by":""},"kuenstler":[9474,9009,9481,9469,9471,9470,8952,9480,9477,9478,9482,9479,9476,9473,9475,9472,8187],"galerie_stadt":[1011],"galerie_typ":[],"galerie_land":[868],"class_list":["post-46609","galerie","type-galerie","status-publish","hentry","kuenstler-anne-clara-stahl","kuenstler-florian-naehrer","kuenstler-isabell-rauchenbichler","kuenstler-johanna-binder","kuenstler-jonas-geise","kuenstler-julia-brennacher","kuenstler-julia-haugeneder","kuenstler-karin-peyker","kuenstler-manuel-gorkiewicz","kuenstler-margareta-klose","kuenstler-marianne-vlaschits","kuenstler-martina-muehlfellner","kuenstler-monika-jandl","kuenstler-patrick-roman-scherer","kuenstler-raphaela-riepl","kuenstler-soli-kiani","kuenstler-vertrag-widerrufen","galerie_stadt-salzburg","galerie_land-at"],"acf":[],"_links":{"self":[{"href":"https:\/\/contemporary-arts.de\/index.php\/wp-json\/wp\/v2\/galerie\/46609","targetHints":{"allow":["GET"]}}],"collection":[{"href":"https:\/\/contemporary-arts.de\/index.php\/wp-json\/wp\/v2\/galerie"}],"about":[{"href":"https:\/\/contemporary-arts.de\/index.php\/wp-json\/wp\/v2\/types\/galerie"}],"author":[{"embeddable":true,"href":"https:\/\/contemporary-arts.de\/index.php\/wp-json\/wp\/v2\/users\/1"}],"wp:attachment":[{"href":"https:\/\/contemporary-arts.de\/index.php\/wp-json\/wp\/v2\/media?parent=46609"}],"wp:term":[{"taxonomy":"kuenstler","embeddable":true,"href":"https:\/\/contemporary-arts.de\/index.php\/wp-json\/wp\/v2\/kuenstler?post=46609"},{"taxonomy":"galerie_stadt","embeddable":true,"href":"https:\/\/contemporary-arts.de\/index.php\/wp-json\/wp\/v2\/galerie_stadt?post=46609"},{"taxonomy":"galerie_typ","embeddable":true,"href":"https:\/\/contemporary-arts.de\/index.php\/wp-json\/wp\/v2\/galerie_typ?post=46609"},{"taxonomy":"galerie_land","embeddable":true,"href":"https:\/\/contemporary-arts.de\/index.php\/wp-json\/wp\/v2\/galerie_land?post=46609"}],"curies":[{"name":"wp","href":"https:\/\/api.w.org\/{rel}","templated":true}]}}

<p>Der Schwerpunkt von Galerie Sophia Vonier in Salzburg liegt auf Editionen. Vertreten werden 17 Künstlerinnen und Künstler. Der Blick geht dabei eher auf jüngere Positionen als auf etablierte Namen.</p>

Franz-Josef-Straße 5
