{"id":46554,"date":"2026-09-06T10:51:26","date_gmt":"2026-09-06T10:51:26","guid":{"rendered":"https:\/\/contemporary-arts.de\/?post_type=galerie&#038;p=46554"},"modified":"2026-09-06T12:37:23","modified_gmt":"2026-09-06T12:37:23","slug":"galerie-gerlich","status":"publish","type":"galerie","link":"https:\/\/contemporary-arts.de\/index.php\/galerie\/galerie-gerlich\/","title":{"rendered":"Galerie Gerlich"},"content":{"rendered":"<p>Galerie Gerlich arbeitet in Salzburg mit Positionen aus Skulptur und Zeichnung. Zum Programm geh\u00f6ren 15 K\u00fcnstlerinnen und K\u00fcnstler.<\/p>\n","protected":false},"excerpt":{"rendered":"<p>Galerie Gerlich arbeitet in Salzburg mit Positionen aus Skulptur und Zeichnung. Zum Programm geh\u00f6ren 15 K\u00fcnstlerinnen und K\u00fcnstler.<\/p>\n","protected":false},"author":1,"featured_media":0,"template":"","meta":{"_acf_changed":false,"galerie_place_id":"ChIJ154m32OQdkcRV-yQD_iiv9k","galerie_address":"Sigmund-Haffner-Gasse 6","galerie_city":"Salzburg","galerie_zip":"5020","galerie_country":"AT","galerie_latitude":"47.7996041","galerie_longitude":"13.0442322","galerie_phone":"+43662651000","galerie_url":"http:\/\/www.galerie-gerlich.at\/","galerie_domain":"www.galerie-gerlich.at","galerie_rating_value":"4.8","galerie_rating_count":"5","galerie_galerist":"","galerie_gruendung":"","galerie_artists_url":"http:\/\/www.galerie-gerlich.at\/kuenstler\/","galerie_about_url":"","galerie_quelle_stadt":"Salzburg","galerie_werk_typ":"originale","galerie_online_shop":"nein","galerie_werk_signale":"","galerie_ranking_score":"8.1","galerie_ranking_rang":"384","galerie_claimed_by":""},"kuenstler":[7822,7823,9590,8849,8856,9591,8862,9588,9583,7821,9589,9584,9585,9586,9587],"galerie_stadt":[1011],"galerie_typ":[],"galerie_land":[868],"class_list":["post-46554","galerie","type-galerie","status-publish","hentry","kuenstler-dienste-verwalten","kuenstler-einstellungen-ansehen","kuenstler-friedrich-schilcher","kuenstler-georg-koenigstein","kuenstler-hans-peter-profunser","kuenstler-heinz-schoelnhammer","kuenstler-herbert-danler","kuenstler-laura-stadtegger","kuenstler-melanie-gerlich","kuenstler-optionen-verwalten","kuenstler-oskar-kokoschka","kuenstler-robert-hammerstiel","kuenstler-rudolf-kortokraks","kuenstler-thomas-wizany","kuenstler-wilhelm-traunwieser","galerie_stadt-salzburg","galerie_land-at"],"acf":[],"_links":{"self":[{"href":"https:\/\/contemporary-arts.de\/index.php\/wp-json\/wp\/v2\/galerie\/46554","targetHints":{"allow":["GET"]}}],"collection":[{"href":"https:\/\/contemporary-arts.de\/index.php\/wp-json\/wp\/v2\/galerie"}],"about":[{"href":"https:\/\/contemporary-arts.de\/index.php\/wp-json\/wp\/v2\/types\/galerie"}],"author":[{"embeddable":true,"href":"https:\/\/contemporary-arts.de\/index.php\/wp-json\/wp\/v2\/users\/1"}],"wp:attachment":[{"href":"https:\/\/contemporary-arts.de\/index.php\/wp-json\/wp\/v2\/media?parent=46554"}],"wp:term":[{"taxonomy":"kuenstler","embeddable":true,"href":"https:\/\/contemporary-arts.de\/index.php\/wp-json\/wp\/v2\/kuenstler?post=46554"},{"taxonomy":"galerie_stadt","embeddable":true,"href":"https:\/\/contemporary-arts.de\/index.php\/wp-json\/wp\/v2\/galerie_stadt?post=46554"},{"taxonomy":"galerie_typ","embeddable":true,"href":"https:\/\/contemporary-arts.de\/index.php\/wp-json\/wp\/v2\/galerie_typ?post=46554"},{"taxonomy":"galerie_land","embeddable":true,"href":"https:\/\/contemporary-arts.de\/index.php\/wp-json\/wp\/v2\/galerie_land?post=46554"}],"curies":[{"name":"wp","href":"https:\/\/api.w.org\/{rel}","templated":true}]}}

<p>Galerie Gerlich arbeitet in Salzburg mit Positionen aus Skulptur und Zeichnung. Zum Programm gehören 15 Künstlerinnen und Künstler.</p>
