{"id":46547,"date":"2026-09-06T10:51:28","date_gmt":"2026-09-06T10:51:28","guid":{"rendered":"https:\/\/contemporary-arts.de\/?post_type=galerie&#038;p=46547"},"modified":"2026-09-06T12:35:28","modified_gmt":"2026-09-06T12:35:28","slug":"icon-gallery","status":"publish","type":"galerie","link":"https:\/\/contemporary-arts.de\/index.php\/galerie\/icon-gallery\/","title":{"rendered":"ICON GALLERY"},"content":{"rendered":"<p>In Salzburg zeigt ICON GALLERY \u00fcberwiegend Malerei, Skulptur und Editionen. Vertreten werden 9 K\u00fcnstlerinnen und K\u00fcnstler. Editionen und Druckgrafik halten dabei einen festen Platz neben den Unikaten.<\/p>\n","protected":false},"excerpt":{"rendered":"<p>In Salzburg zeigt ICON GALLERY \u00fcberwiegend Malerei, Skulptur und Editionen. Vertreten werden 9 K\u00fcnstlerinnen und K\u00fcnstler. Editionen und Druckgrafik halten dabei einen festen Platz neben den Unikaten.<\/p>\n","protected":false},"author":1,"featured_media":0,"template":"","meta":{"_acf_changed":false,"galerie_place_id":"ChIJyzDeF2KRdkcRYWoUKYLmIsk","galerie_address":"Schwarzstra\u00dfe 20","galerie_city":"Salzburg","galerie_zip":"5020","galerie_country":"AT","galerie_latitude":"47.802558","galerie_longitude":"13.0433875","galerie_phone":"+4369911791109","galerie_url":"http:\/\/www.icon-gallery.com\/","galerie_domain":"www.icon-gallery.com","galerie_rating_value":"5","galerie_rating_count":"2","galerie_galerist":"","galerie_gruendung":"","galerie_artists_url":"http:\/\/www.icon-gallery.com\/.\/artists-at","galerie_about_url":"http:\/\/www.icon-gallery.com\/.\/about-at","galerie_quelle_stadt":"Salzburg","galerie_werk_typ":"originale","galerie_online_shop":"nein","galerie_werk_signale":"","galerie_ranking_score":"4.5","galerie_ranking_rang":"694","galerie_claimed_by":""},"kuenstler":[9687,9167,9685,9684,9690,9688,9686,9689,1413],"galerie_stadt":[1011],"galerie_typ":[],"galerie_land":[868],"class_list":["post-46547","galerie","type-galerie","status-publish","hentry","kuenstler-david-schloffer","kuenstler-diederik-van-apple","kuenstler-erdal-tuncay","kuenstler-gerald-herrmann","kuenstler-icon-gallery","kuenstler-juergen-norbert-fux","kuenstler-michaela-weihs","kuenstler-petra-forman","kuenstler-ueber-uns","galerie_stadt-salzburg","galerie_land-at"],"acf":[],"_links":{"self":[{"href":"https:\/\/contemporary-arts.de\/index.php\/wp-json\/wp\/v2\/galerie\/46547","targetHints":{"allow":["GET"]}}],"collection":[{"href":"https:\/\/contemporary-arts.de\/index.php\/wp-json\/wp\/v2\/galerie"}],"about":[{"href":"https:\/\/contemporary-arts.de\/index.php\/wp-json\/wp\/v2\/types\/galerie"}],"author":[{"embeddable":true,"href":"https:\/\/contemporary-arts.de\/index.php\/wp-json\/wp\/v2\/users\/1"}],"wp:attachment":[{"href":"https:\/\/contemporary-arts.de\/index.php\/wp-json\/wp\/v2\/media?parent=46547"}],"wp:term":[{"taxonomy":"kuenstler","embeddable":true,"href":"https:\/\/contemporary-arts.de\/index.php\/wp-json\/wp\/v2\/kuenstler?post=46547"},{"taxonomy":"galerie_stadt","embeddable":true,"href":"https:\/\/contemporary-arts.de\/index.php\/wp-json\/wp\/v2\/galerie_stadt?post=46547"},{"taxonomy":"galerie_typ","embeddable":true,"href":"https:\/\/contemporary-arts.de\/index.php\/wp-json\/wp\/v2\/galerie_typ?post=46547"},{"taxonomy":"galerie_land","embeddable":true,"href":"https:\/\/contemporary-arts.de\/index.php\/wp-json\/wp\/v2\/galerie_land?post=46547"}],"curies":[{"name":"wp","href":"https:\/\/api.w.org\/{rel}","templated":true}]}}

<p>In Salzburg zeigt ICON GALLERY überwiegend Malerei, Skulptur und Editionen. Vertreten werden 9 Künstlerinnen und Künstler. Editionen und Druckgrafik halten dabei einen festen Platz neben den Unikaten.</p>

Schwarzstraße 20
