{"id":46477,"date":"2026-09-06T10:51:28","date_gmt":"2026-09-06T10:51:28","guid":{"rendered":"https:\/\/contemporary-arts.de\/?post_type=galerie&#038;p=46477"},"modified":"2026-09-06T12:37:23","modified_gmt":"2026-09-06T12:37:23","slug":"galerie-wuensch-aircube","status":"publish","type":"galerie","link":"https:\/\/contemporary-arts.de\/index.php\/galerie\/galerie-wuensch-aircube\/","title":{"rendered":"galerie wuensch aircube"},"content":{"rendered":"<p>Gezeigt wird bei galerie wuensch aircube in Linz \u00fcberwiegend Zeichnung. Gezeigt werden Arbeiten von 6 K\u00fcnstlerinnen und K\u00fcnstlern.<\/p>\n","protected":false},"excerpt":{"rendered":"<p>Gezeigt wird bei galerie wuensch aircube in Linz \u00fcberwiegend Zeichnung. Gezeigt werden Arbeiten von 6 K\u00fcnstlerinnen und K\u00fcnstlern.<\/p>\n","protected":false},"author":1,"featured_media":0,"template":"","meta":{"_acf_changed":false,"galerie_place_id":"ChIJo7p7HbCXc0cR0h05_LEnRB0","galerie_address":"Volksfeststra\u00dfe 36","galerie_city":"Linz","galerie_zip":"4020","galerie_country":"AT","galerie_latitude":"48.3022976","galerie_longitude":"14.2994226","galerie_phone":"+4369988796723","galerie_url":"http:\/\/www.aircube.at\/","galerie_domain":"www.aircube.at","galerie_rating_value":"5","galerie_rating_count":"5","galerie_galerist":"","galerie_gruendung":"","galerie_artists_url":"https:\/\/www.aircube.at\/kuenstlerbuecher","galerie_about_url":"","galerie_quelle_stadt":"Linz","galerie_werk_typ":"unbestimmt","galerie_online_shop":"nein","galerie_werk_signale":"","galerie_ranking_score":"8.3","galerie_ranking_rang":"366","galerie_claimed_by":""},"kuenstler":[7822,9738,7823,7821,9737,2060],"galerie_stadt":[995],"galerie_typ":[],"galerie_land":[868],"class_list":["post-46477","galerie","type-galerie","status-publish","hentry","kuenstler-dienste-verwalten","kuenstler-du-muss-angemeldet","kuenstler-einstellungen-ansehen","kuenstler-optionen-verwalten","kuenstler-proudly-powered-by-wordpress","kuenstler-zum-inhalt-springen","galerie_stadt-linz","galerie_land-at"],"acf":[],"_links":{"self":[{"href":"https:\/\/contemporary-arts.de\/index.php\/wp-json\/wp\/v2\/galerie\/46477","targetHints":{"allow":["GET"]}}],"collection":[{"href":"https:\/\/contemporary-arts.de\/index.php\/wp-json\/wp\/v2\/galerie"}],"about":[{"href":"https:\/\/contemporary-arts.de\/index.php\/wp-json\/wp\/v2\/types\/galerie"}],"author":[{"embeddable":true,"href":"https:\/\/contemporary-arts.de\/index.php\/wp-json\/wp\/v2\/users\/1"}],"wp:attachment":[{"href":"https:\/\/contemporary-arts.de\/index.php\/wp-json\/wp\/v2\/media?parent=46477"}],"wp:term":[{"taxonomy":"kuenstler","embeddable":true,"href":"https:\/\/contemporary-arts.de\/index.php\/wp-json\/wp\/v2\/kuenstler?post=46477"},{"taxonomy":"galerie_stadt","embeddable":true,"href":"https:\/\/contemporary-arts.de\/index.php\/wp-json\/wp\/v2\/galerie_stadt?post=46477"},{"taxonomy":"galerie_typ","embeddable":true,"href":"https:\/\/contemporary-arts.de\/index.php\/wp-json\/wp\/v2\/galerie_typ?post=46477"},{"taxonomy":"galerie_land","embeddable":true,"href":"https:\/\/contemporary-arts.de\/index.php\/wp-json\/wp\/v2\/galerie_land?post=46477"}],"curies":[{"name":"wp","href":"https:\/\/api.w.org\/{rel}","templated":true}]}}

<p>Gezeigt wird bei galerie wuensch aircube in Linz überwiegend Zeichnung. Gezeigt werden Arbeiten von 6 Künstlerinnen und Künstlern.</p>

Volksfeststraße 36
