{"id":46448,"date":"2026-09-06T10:51:29","date_gmt":"2026-09-06T10:51:29","guid":{"rendered":"https:\/\/contemporary-arts.de\/?post_type=galerie&#038;p=46448"},"modified":"2026-09-06T12:34:18","modified_gmt":"2026-09-06T12:34:18","slug":"galerie-dumas-og","status":"publish","type":"galerie","link":"https:\/\/contemporary-arts.de\/index.php\/galerie\/galerie-dumas-og\/","title":{"rendered":"Galerie Dumas OG"},"content":{"rendered":"<p>In Linz findet sich mit Galerie Dumas OG eine Galerie. Gegr\u00fcndet 2021, geh\u00f6ren heute 7 Positionen zum Programm. Der Blick geht dabei eher auf j\u00fcngere Positionen als auf etablierte Namen.<\/p>\n","protected":false},"excerpt":{"rendered":"<p>In Linz findet sich mit Galerie Dumas OG eine Galerie. Gegr\u00fcndet 2021, geh\u00f6ren heute 7 Positionen zum Programm. Der Blick geht dabei eher auf j\u00fcngere Positionen als auf etablierte Namen.<\/p>\n","protected":false},"author":1,"featured_media":0,"template":"","meta":{"_acf_changed":false,"galerie_place_id":"ChIJlS-erOqZc0cR_utXiOukDJ8","galerie_address":"Gerstnerstra\u00dfe 13\/2","galerie_city":"Linz","galerie_zip":"4040","galerie_country":"AT","galerie_latitude":"48.3134632","galerie_longitude":"14.283451","galerie_phone":"+4369919023835","galerie_url":"https:\/\/galeriedumas.com\/","galerie_domain":"galeriedumas.com","galerie_rating_value":"5","galerie_rating_count":"18","galerie_galerist":"","galerie_gruendung":"2021","galerie_artists_url":"https:\/\/galeriedumas.com\/artists-galerie-dumas-linz\/","galerie_about_url":"https:\/\/galeriedumas.com\/about-dumas-gallery-galerie-dumas-linz\/","galerie_quelle_stadt":"Linz","galerie_werk_typ":"","galerie_online_shop":"","galerie_werk_signale":"","galerie_ranking_score":"10.1","galerie_ranking_rang":"198","galerie_claimed_by":""},"kuenstler":[1721,9780,9781,9783,3616,9779,9782],"galerie_stadt":[995],"galerie_typ":[],"galerie_land":[868],"class_list":["post-46448","galerie","type-galerie","status-publish","hentry","kuenstler-about-us","kuenstler-available-artworks","kuenstler-general-terms-of-use","kuenstler-legal-notices","kuenstler-my-account","kuenstler-start-your-collection","kuenstler-terms-of-sale","galerie_stadt-linz","galerie_land-at"],"acf":[],"_links":{"self":[{"href":"https:\/\/contemporary-arts.de\/index.php\/wp-json\/wp\/v2\/galerie\/46448","targetHints":{"allow":["GET"]}}],"collection":[{"href":"https:\/\/contemporary-arts.de\/index.php\/wp-json\/wp\/v2\/galerie"}],"about":[{"href":"https:\/\/contemporary-arts.de\/index.php\/wp-json\/wp\/v2\/types\/galerie"}],"author":[{"embeddable":true,"href":"https:\/\/contemporary-arts.de\/index.php\/wp-json\/wp\/v2\/users\/1"}],"wp:attachment":[{"href":"https:\/\/contemporary-arts.de\/index.php\/wp-json\/wp\/v2\/media?parent=46448"}],"wp:term":[{"taxonomy":"kuenstler","embeddable":true,"href":"https:\/\/contemporary-arts.de\/index.php\/wp-json\/wp\/v2\/kuenstler?post=46448"},{"taxonomy":"galerie_stadt","embeddable":true,"href":"https:\/\/contemporary-arts.de\/index.php\/wp-json\/wp\/v2\/galerie_stadt?post=46448"},{"taxonomy":"galerie_typ","embeddable":true,"href":"https:\/\/contemporary-arts.de\/index.php\/wp-json\/wp\/v2\/galerie_typ?post=46448"},{"taxonomy":"galerie_land","embeddable":true,"href":"https:\/\/contemporary-arts.de\/index.php\/wp-json\/wp\/v2\/galerie_land?post=46448"}],"curies":[{"name":"wp","href":"https:\/\/api.w.org\/{rel}","templated":true}]}}

<p>In Linz findet sich mit Galerie Dumas OG eine Galerie. Gegründet 2021, gehören heute 7 Positionen zum Programm. Der Blick geht dabei eher auf jüngere Positionen als auf etablierte Namen.</p>

Gerstnerstraße 13/2
