{"id":46374,"date":"2026-09-05T17:19:45","date_gmt":"2026-09-05T17:19:45","guid":{"rendered":"https:\/\/contemporary-arts.de\/?post_type=galerie&#038;p=46374"},"modified":"2026-09-05T17:19:45","modified_gmt":"2026-09-05T17:19:45","slug":"galerie-sommer","status":"publish","type":"galerie","link":"https:\/\/contemporary-arts.de\/index.php\/galerie\/galerie-sommer\/","title":{"rendered":"Galerie Sommer"},"content":{"rendered":"<p>Die Galerie Sommer wurde 1989 von Gerhard Sommer in Graz gegr\u00fcndet und konzentriert sich auf \u00f6sterreichische Positionen, die die Kunst nach 1945 gepr\u00e4gt haben. Dazu geh\u00f6ren Vertreter des Wiener Aktionismus wie G\u00fcnter Brus. Der Schwerpunkt liegt damit auf gesicherten Namen der Nachkriegsmoderne, nicht auf jungen Entdeckungen.<\/p>\n","protected":false},"excerpt":{"rendered":"<p>Die Galerie Sommer wurde 1989 von Gerhard Sommer in Graz gegr\u00fcndet und konzentriert sich auf \u00f6sterreichische Positionen, die die Kunst nach 1945 gepr\u00e4gt haben. Dazu geh\u00f6ren Vertreter des Wiener Aktionismus wie G\u00fcnter Brus. Der Schwerpunkt liegt damit auf gesicherten Namen der Nachkriegsmoderne, nicht auf jungen Entdeckungen.<\/p>\n","protected":false},"author":1,"featured_media":0,"template":"","meta":{"_acf_changed":false,"galerie_place_id":"ChIJM26B1YE1bkcRT4w5d6mx6dY","galerie_address":"Liebenauer Hauptstra\u00dfe 322","galerie_city":"Graz","galerie_zip":"8041","galerie_country":"AT","galerie_latitude":"47.0180022","galerie_longitude":"15.4723878","galerie_phone":"+43316810098","galerie_url":"https:\/\/www.galeriesommer.com\/","galerie_domain":"www.galeriesommer.com","galerie_rating_value":"4.6","galerie_rating_count":"11","galerie_galerist":"","galerie_gruendung":"","galerie_artists_url":"https:\/\/www.galeriesommer.com\/Kuenstler\/","galerie_about_url":"https:\/\/www.galeriesommer.com\/Ueber-uns\/","galerie_quelle_stadt":"Graz","galerie_werk_typ":"","galerie_online_shop":"","galerie_werk_signale":"","galerie_ranking_score":"10.6","galerie_ranking_rang":"171","galerie_claimed_by":""},"kuenstler":[8819],"galerie_stadt":[988],"galerie_typ":[],"galerie_land":[868],"class_list":["post-46374","galerie","type-galerie","status-publish","hentry","kuenstler-guenter-brus","galerie_stadt-graz","galerie_land-at"],"acf":[],"_links":{"self":[{"href":"https:\/\/contemporary-arts.de\/index.php\/wp-json\/wp\/v2\/galerie\/46374","targetHints":{"allow":["GET"]}}],"collection":[{"href":"https:\/\/contemporary-arts.de\/index.php\/wp-json\/wp\/v2\/galerie"}],"about":[{"href":"https:\/\/contemporary-arts.de\/index.php\/wp-json\/wp\/v2\/types\/galerie"}],"author":[{"embeddable":true,"href":"https:\/\/contemporary-arts.de\/index.php\/wp-json\/wp\/v2\/users\/1"}],"wp:attachment":[{"href":"https:\/\/contemporary-arts.de\/index.php\/wp-json\/wp\/v2\/media?parent=46374"}],"wp:term":[{"taxonomy":"kuenstler","embeddable":true,"href":"https:\/\/contemporary-arts.de\/index.php\/wp-json\/wp\/v2\/kuenstler?post=46374"},{"taxonomy":"galerie_stadt","embeddable":true,"href":"https:\/\/contemporary-arts.de\/index.php\/wp-json\/wp\/v2\/galerie_stadt?post=46374"},{"taxonomy":"galerie_typ","embeddable":true,"href":"https:\/\/contemporary-arts.de\/index.php\/wp-json\/wp\/v2\/galerie_typ?post=46374"},{"taxonomy":"galerie_land","embeddable":true,"href":"https:\/\/contemporary-arts.de\/index.php\/wp-json\/wp\/v2\/galerie_land?post=46374"}],"curies":[{"name":"wp","href":"https:\/\/api.w.org\/{rel}","templated":true}]}}

<p>Die Galerie Sommer wurde 1989 von Gerhard Sommer in Graz gegründet und konzentriert sich auf österreichische Positionen, die die Kunst nach 1945 geprägt haben. Dazu gehören Vertreter des Wiener Aktionismus wie Günter Brus. Der Schwerpunkt liegt damit auf gesicherten Namen der Nachkriegsmoderne, nicht auf jungen Entdeckungen.</p>

Liebenauer Hauptstraße 322
