{"id":46282,"date":"2026-09-06T10:51:32","date_gmt":"2026-09-06T10:51:32","guid":{"rendered":"https:\/\/contemporary-arts.de\/?post_type=galerie&#038;p=46282"},"modified":"2026-09-06T12:35:17","modified_gmt":"2026-09-06T12:35:17","slug":"atelier-coolpool","status":"publish","type":"galerie","link":"https:\/\/contemporary-arts.de\/index.php\/galerie\/atelier-coolpool\/","title":{"rendered":"Atelier COOLPOOL"},"content":{"rendered":"<p>Atelier COOLPOOL arbeitet in Vienna mit Positionen aus Fotografie und Zeichnung. Zum Programm geh\u00f6ren 6 K\u00fcnstlerinnen und K\u00fcnstler. Gearbeitet und gezeigt wird am selben Ort, der Weg zum Werk ist damit kurz.<\/p>\n","protected":false},"excerpt":{"rendered":"<p>Atelier COOLPOOL arbeitet in Vienna mit Positionen aus Fotografie und Zeichnung. Zum Programm geh\u00f6ren 6 K\u00fcnstlerinnen und K\u00fcnstler. Gearbeitet und gezeigt wird am selben Ort, der Weg zum Werk ist damit kurz.<\/p>\n","protected":false},"author":1,"featured_media":0,"template":"","meta":{"_acf_changed":false,"galerie_place_id":"ChIJQddZPfoHbUcRlts4jNkqzHM","galerie_address":"Markgraf-R\u00fcdiger-Stra\u00dfe 13","galerie_city":"Vienna","galerie_zip":"1150","galerie_country":"AT","galerie_latitude":"48.2018085","galerie_longitude":"16.3296886","galerie_phone":"+4369910173497","galerie_url":"http:\/\/www.ateliercoolpool.at\/","galerie_domain":"www.ateliercoolpool.at","galerie_rating_value":"4.7","galerie_rating_count":"3","galerie_galerist":"","galerie_gruendung":"","galerie_artists_url":"https:\/\/www.ateliercoolpool.at\/call-for-artists-roots-and-shoots\/","galerie_about_url":"","galerie_quelle_stadt":"Wien","galerie_werk_typ":"","galerie_online_shop":"","galerie_werk_signale":"","galerie_ranking_score":"7.8","galerie_ranking_rang":"418","galerie_claimed_by":""},"kuenstler":[10332,7822,7823,7821,10330,10331],"galerie_stadt":[966],"galerie_typ":[],"galerie_land":[868],"class_list":["post-46282","galerie","type-galerie","status-publish","hentry","kuenstler-atelier-coolpool","kuenstler-dienste-verwalten","kuenstler-einstellungen-ansehen","kuenstler-optionen-verwalten","kuenstler-vita-daisy","kuenstler-vita-manfredo","galerie_stadt-vienna","galerie_land-at"],"acf":[],"_links":{"self":[{"href":"https:\/\/contemporary-arts.de\/index.php\/wp-json\/wp\/v2\/galerie\/46282","targetHints":{"allow":["GET"]}}],"collection":[{"href":"https:\/\/contemporary-arts.de\/index.php\/wp-json\/wp\/v2\/galerie"}],"about":[{"href":"https:\/\/contemporary-arts.de\/index.php\/wp-json\/wp\/v2\/types\/galerie"}],"author":[{"embeddable":true,"href":"https:\/\/contemporary-arts.de\/index.php\/wp-json\/wp\/v2\/users\/1"}],"wp:attachment":[{"href":"https:\/\/contemporary-arts.de\/index.php\/wp-json\/wp\/v2\/media?parent=46282"}],"wp:term":[{"taxonomy":"kuenstler","embeddable":true,"href":"https:\/\/contemporary-arts.de\/index.php\/wp-json\/wp\/v2\/kuenstler?post=46282"},{"taxonomy":"galerie_stadt","embeddable":true,"href":"https:\/\/contemporary-arts.de\/index.php\/wp-json\/wp\/v2\/galerie_stadt?post=46282"},{"taxonomy":"galerie_typ","embeddable":true,"href":"https:\/\/contemporary-arts.de\/index.php\/wp-json\/wp\/v2\/galerie_typ?post=46282"},{"taxonomy":"galerie_land","embeddable":true,"href":"https:\/\/contemporary-arts.de\/index.php\/wp-json\/wp\/v2\/galerie_land?post=46282"}],"curies":[{"name":"wp","href":"https:\/\/api.w.org\/{rel}","templated":true}]}}

<p>Atelier COOLPOOL arbeitet in Vienna mit Positionen aus Fotografie und Zeichnung. Zum Programm gehören 6 Künstlerinnen und Künstler. Gearbeitet und gezeigt wird am selben Ort, der Weg zum Werk ist damit kurz.</p>

Markgraf-Rüdiger-Straße 13
