{"id":46250,"date":"2026-09-06T10:51:33","date_gmt":"2026-09-06T10:51:33","guid":{"rendered":"https:\/\/contemporary-arts.de\/?post_type=galerie&#038;p=46250"},"modified":"2026-09-06T12:34:18","modified_gmt":"2026-09-06T12:34:18","slug":"galerie-frey-2","status":"publish","type":"galerie","link":"https:\/\/contemporary-arts.de\/index.php\/galerie\/galerie-frey-2\/","title":{"rendered":"Galerie Frey"},"content":{"rendered":"<p>Galerie Frey arbeitet in Vienna mit Positionen aus Druckgrafik und Zeichnung. Zum Programm geh\u00f6ren 107 K\u00fcnstlerinnen und K\u00fcnstler.<\/p>\n","protected":false},"excerpt":{"rendered":"<p>Galerie Frey arbeitet in Vienna mit Positionen aus Druckgrafik und Zeichnung. Zum Programm geh\u00f6ren 107 K\u00fcnstlerinnen und K\u00fcnstler.<\/p>\n","protected":false},"author":1,"featured_media":0,"template":"","meta":{"_acf_changed":false,"galerie_place_id":"ChIJYy70_psHbUcRXy4YX5_YQG0","galerie_address":"Gluckgasse 3","galerie_city":"Vienna","galerie_zip":"1010","galerie_country":"AT","galerie_latitude":"48.2053571","galerie_longitude":"16.3693695","galerie_phone":"+4315138283","galerie_url":"http:\/\/www.galerie-frey.com\/galerie-frey\/galerie-frey-wien\/","galerie_domain":"www.galerie-frey.com","galerie_rating_value":"4.6","galerie_rating_count":"17","galerie_galerist":"","galerie_gruendung":"","galerie_artists_url":"http:\/\/www.galerie-frey.com\/kuenstler","galerie_about_url":"http:\/\/www.galerie-frey.com\/exhibitions\/about-color","galerie_quelle_stadt":"Wien","galerie_werk_typ":"","galerie_online_shop":"","galerie_werk_signale":"","galerie_ranking_score":"11.9","galerie_ranking_rang":"106","galerie_claimed_by":""},"kuenstler":[9483,9484,9540,9517,9485,9547,9486,9487,9488,9489,9490,9533,9529,9535,9541,9491,9531,9527,9492,9548,9550,9549,9493,6250,9053,9494,9495,9496,3817,9526,9523,9522,9497,9498,9499,9038,9500,9501,9582,9518,9537,9521,9544,9542,8649,1735,9502,9503,9561,9581,9552,9553,9559,9574,9555,9580,9572,9560,9567,9566,9562,9568,9556,9558,9570,9578,9571,9579,9554,9577,9564,9565,9569,9563,9551,9575,9576,9557,9573,9504,9539,9520,9525,9515,9513,9536,9516,4007,9505,9506,9507,9532,9508,9528,9514,9546,9509,9538,9510,9524,9512,9519,9530,9511,9543,9545,9534],"galerie_stadt":[966],"galerie_typ":[],"galerie_land":[868],"class_list":["post-46250","galerie","type-galerie","status-publish","hentry","kuenstler-anselm-glueck","kuenstler-antonella-zazzera","kuenstler-auf-augenhoehe","kuenstler-awake-asleep","kuenstler-bernard-ammerer","kuenstler-camouflaged-city","kuenstler-christian-l-attersee","kuenstler-christoph-schwarz","kuenstler-claire-colin-collin","kuenstler-claudia-rogge","kuenstler-csaba-fuerjesi","kuenstler-das-sterben-der-blaetter","kuenstler-dead-or-alive","kuenstler-der-goldene-schnitt","kuenstler-der-zweite-horizont","kuenstler-esther-stocker","kuenstler-evolving-sign","kuenstler-french-connection","kuenstler-gabriele-chiari","kuenstler-galerie-frey","kuenstler-galerie-frey-salzburg","kuenstler-galerie-frey-wien","kuenstler-gerlinde-zantis","kuenstler-hans-staudacher","kuenstler-harald-gangl","kuenstler-harding-meyer","kuenstler-helge-leiberg","kuenstler-herbert-golser","kuenstler-hermann-nitsch","kuenstler-human-meets-nature","kuenstler-im-angesicht","kuenstler-infinite-in-all-directions","kuenstler-johannes-domenig","kuenstler-jorge-fuembuena","kuenstler-karl-prantl","kuenstler-kate-waters","kuenstler-katharina-prantl","kuenstler-konrad-winter","kuenstler-kunst-zuhause","kuenstler-land-of-plenty","kuenstler-liaison-pittoresque","kuenstler-like-me","kuenstler-lost-but-wealthy","kuenstler-love-tree","kuenstler-manfred-bockelmann","kuenstler-maria-wallenstal-schoenberg","kuenstler-mary-a-kelly","kuenstler-mathias-kloser","kuenstler-mehr-erfahrenanselm-glueck","kuenstler-mehr-erfahrenantonella-zazzera","kuenstler-mehr-erfahrenbernard-ammerer","kuenstler-mehr-erfahrenchristian-l-attersee","kuenstler-mehr-erfahrencsaba-fuerjesi","kuenstler-mehr-erfahrenesther-stocker","kuenstler-mehr-erfahrengabriele-chiari","kuenstler-mehr-erfahrengerlinde-zantis","kuenstler-mehr-erfahrenhans-staudacher","kuenstler-mehr-erfahrenharald-gangl","kuenstler-mehr-erfahrenharding-meyer","kuenstler-mehr-erfahrenhelge-leiberg","kuenstler-mehr-erfahrenherbert-golser","kuenstler-mehr-erfahrenhermann-nitsch","kuenstler-mehr-erfahrenjohannes-domenig","kuenstler-mehr-erfahrenjorge-fuembuena","kuenstler-mehr-erfahrenkarl-prantl","kuenstler-mehr-erfahrenkate-waters","kuenstler-mehr-erfahrenkatharina-prantl","kuenstler-mehr-erfahrenkonrad-winter","kuenstler-mehr-erfahrenmanfred-bockelmann","kuenstler-mehr-erfahrenmaria-wallenstal-schoenberg","kuenstler-mehr-erfahrenmary-a-kelly","kuenstler-mehr-erfahrenmichael-lauterjung","kuenstler-mehr-erfahrenpieter-obels","kuenstler-mehr-erfahrenrichard-jordan","kuenstler-mehr-erfahrenroberto-almagno","kuenstler-mehr-erfahrensaeko-takagi","kuenstler-mehr-erfahrensigrid-von-lintig","kuenstler-mehr-erfahrentom-fleischhauer","kuenstler-mehr-erfahrenwolfgang-stifter","kuenstler-michael-lauterjung","kuenstler-mixed-reality","kuenstler-moving-curtains","kuenstler-my-place-or-yours","kuenstler-natural-force","kuenstler-neue-bilder","kuenstler-out-of-order","kuenstler-parts-of-parts","kuenstler-pieter-obels","kuenstler-richard-jordan","kuenstler-roberto-almagno","kuenstler-saeko-takagi","kuenstler-shape-of-me","kuenstler-sigrid-von-lintig","kuenstler-spaces-of-behind","kuenstler-terre-eau-lumiere","kuenstler-the-end-of-cathedrals","kuenstler-till-freiwald","kuenstler-time-out","kuenstler-tom-fleischhauer","kuenstler-unlimited-impossibilities","kuenstler-vom-leben-zur-form","kuenstler-wasser-wesen","kuenstler-wir-machen-blau","kuenstler-wolfgang-stifter","kuenstler-zerbrochene-sonne","kuenstler-zwischen-den-duenen","kuenstler-zwischen-erde-und-himmel","galerie_stadt-vienna","galerie_land-at"],"acf":[],"_links":{"self":[{"href":"https:\/\/contemporary-arts.de\/index.php\/wp-json\/wp\/v2\/galerie\/46250","targetHints":{"allow":["GET"]}}],"collection":[{"href":"https:\/\/contemporary-arts.de\/index.php\/wp-json\/wp\/v2\/galerie"}],"about":[{"href":"https:\/\/contemporary-arts.de\/index.php\/wp-json\/wp\/v2\/types\/galerie"}],"author":[{"embeddable":true,"href":"https:\/\/contemporary-arts.de\/index.php\/wp-json\/wp\/v2\/users\/1"}],"wp:attachment":[{"href":"https:\/\/contemporary-arts.de\/index.php\/wp-json\/wp\/v2\/media?parent=46250"}],"wp:term":[{"taxonomy":"kuenstler","embeddable":true,"href":"https:\/\/contemporary-arts.de\/index.php\/wp-json\/wp\/v2\/kuenstler?post=46250"},{"taxonomy":"galerie_stadt","embeddable":true,"href":"https:\/\/contemporary-arts.de\/index.php\/wp-json\/wp\/v2\/galerie_stadt?post=46250"},{"taxonomy":"galerie_typ","embeddable":true,"href":"https:\/\/contemporary-arts.de\/index.php\/wp-json\/wp\/v2\/galerie_typ?post=46250"},{"taxonomy":"galerie_land","embeddable":true,"href":"https:\/\/contemporary-arts.de\/index.php\/wp-json\/wp\/v2\/galerie_land?post=46250"}],"curies":[{"name":"wp","href":"https:\/\/api.w.org\/{rel}","templated":true}]}}

<p>Galerie Frey arbeitet in Vienna mit Positionen aus Druckgrafik und Zeichnung. Zum Programm gehören 107 Künstlerinnen und Künstler.</p>
